--
-- Host: localhost    Database: alliance
-- ------------------------------------------------------


--
-- Table structure for table `addresses`
--

CREATE TABLE `addresses` (
  `id` int(11) NOT NULL,
  `primaryOwnerId` int(11) DEFAULT NULL,
  `fieldId` int(11) DEFAULT NULL,
  `countryCode` varchar(255) NOT NULL,
  `administrativeArea` varchar(255) DEFAULT NULL,
  `locality` varchar(255) DEFAULT NULL,
  `dependentLocality` varchar(255) DEFAULT NULL,
  `postalCode` varchar(255) DEFAULT NULL,
  `sortingCode` varchar(255) DEFAULT NULL,
  `addressLine1` varchar(255) DEFAULT NULL,
  `addressLine2` varchar(255) DEFAULT NULL,
  `addressLine3` varchar(255) DEFAULT NULL,
  `organization` varchar(255) DEFAULT NULL,
  `organizationTaxId` varchar(255) DEFAULT NULL,
  `fullName` varchar(255) DEFAULT NULL,
  `firstName` varchar(255) DEFAULT NULL,
  `lastName` varchar(255) DEFAULT NULL,
  `latitude` varchar(255) DEFAULT NULL,
  `longitude` varchar(255) DEFAULT NULL,
  `dateCreated` datetime NOT NULL,
  `dateUpdated` datetime NOT NULL,
  PRIMARY KEY (`id`),
  KEY `fk_yvlskrlwhqzotrxsuxysgufsaayudhitjrhe` (`primaryOwnerId`),
  CONSTRAINT `fk_rsncniqjxprvrrthovwdjmyeepqnwwwgpywt` FOREIGN KEY (`id`) REFERENCES `elements` (`id`) ON DELETE CASCADE,
  CONSTRAINT `fk_yvlskrlwhqzotrxsuxysgufsaayudhitjrhe` FOREIGN KEY (`primaryOwnerId`) REFERENCES `elements` (`id`) ON DELETE CASCADE
) ENGINE=InnoDB DEFAULT CHARSET=utf8mb4 COLLATE=utf8mb4_unicode_520_ci;

--
-- Table structure for table `announcements`
--

CREATE TABLE `announcements` (
  `id` int(11) NOT NULL AUTO_INCREMENT,
  `userId` int(11) NOT NULL,
  `pluginId` int(11) DEFAULT NULL,
  `heading` varchar(255) NOT NULL,
  `body` text NOT NULL,
  `unread` tinyint(1) NOT NULL DEFAULT 1,
  `dateRead` datetime DEFAULT NULL,
  `dateCreated` datetime NOT NULL,
  PRIMARY KEY (`id`),
  KEY `idx_oveibaozfizymgvxwgvsbwsjfvvsssuhdrwi` (`userId`,`unread`,`dateRead`,`dateCreated`),
  KEY `idx_ssicceqdsvlwgqbczkurpejmlefodpayacth` (`dateRead`),
  KEY `fk_kohvfgraaqjkrkazaqxnjditdcglxicfhekd` (`pluginId`),
  CONSTRAINT `fk_kohvfgraaqjkrkazaqxnjditdcglxicfhekd` FOREIGN KEY (`pluginId`) REFERENCES `plugins` (`id`) ON DELETE CASCADE,
  CONSTRAINT `fk_zojwfxgugekzkcbxgwdruzljhfdlzhwgdham` FOREIGN KEY (`userId`) REFERENCES `users` (`id`) ON DELETE CASCADE
) ENGINE=InnoDB DEFAULT CHARSET=utf8mb4 COLLATE=utf8mb4_unicode_520_ci;

--
-- Table structure for table `assetindexdata`
--

CREATE TABLE `assetindexdata` (
  `id` int(11) NOT NULL AUTO_INCREMENT,
  `sessionId` int(11) NOT NULL,
  `volumeId` int(11) NOT NULL,
  `uri` text DEFAULT NULL,
  `size` bigint(20) unsigned DEFAULT NULL,
  `timestamp` datetime DEFAULT NULL,
  `isDir` tinyint(1) DEFAULT 0,
  `recordId` int(11) DEFAULT NULL,
  `isSkipped` tinyint(1) DEFAULT 0,
  `inProgress` tinyint(1) DEFAULT 0,
  `completed` tinyint(1) DEFAULT 0,
  `dateCreated` datetime NOT NULL,
  `dateUpdated` datetime NOT NULL,
  `uid` char(36) NOT NULL DEFAULT '0',
  PRIMARY KEY (`id`),
  KEY `idx_udpngkboznsvzchnckwnzcajhmchzwrongxo` (`sessionId`,`volumeId`),
  KEY `idx_raryohzxsultusqgpkpfbqbmhxbcglppqvfx` (`volumeId`),
  CONSTRAINT `fk_ieprmrqswnhljqydjxwsgewndhjqagntxbpe` FOREIGN KEY (`volumeId`) REFERENCES `volumes` (`id`) ON DELETE CASCADE,
  CONSTRAINT `fk_wmjynyjddmvqohxuxajwkuvjdncsybtsxnvd` FOREIGN KEY (`sessionId`) REFERENCES `assetindexingsessions` (`id`) ON DELETE CASCADE
) ENGINE=InnoDB DEFAULT CHARSET=utf8mb4 COLLATE=utf8mb4_unicode_520_ci;

--
-- Table structure for table `assetindexingsessions`
--

CREATE TABLE `assetindexingsessions` (
  `id` int(11) NOT NULL AUTO_INCREMENT,
  `indexedVolumes` text DEFAULT NULL,
  `totalEntries` int(11) DEFAULT NULL,
  `processedEntries` int(11) NOT NULL DEFAULT 0,
  `cacheRemoteImages` tinyint(1) DEFAULT NULL,
  `listEmptyFolders` tinyint(1) DEFAULT 0,
  `isCli` tinyint(1) DEFAULT 0,
  `actionRequired` tinyint(1) DEFAULT 0,
  `processIfRootEmpty` tinyint(1) DEFAULT 0,
  `dateCreated` datetime NOT NULL,
  `dateUpdated` datetime NOT NULL,
  `uid` char(36) NOT NULL DEFAULT '0',
  PRIMARY KEY (`id`)
) ENGINE=InnoDB DEFAULT CHARSET=utf8mb4 COLLATE=utf8mb4_unicode_520_ci;

--
-- Table structure for table `assets`
--

CREATE TABLE `assets` (
  `id` int(11) NOT NULL,
  `volumeId` int(11) DEFAULT NULL,
  `folderId` int(11) NOT NULL,
  `uploaderId` int(11) DEFAULT NULL,
  `filename` varchar(255) NOT NULL,
  `kind` varchar(50) NOT NULL DEFAULT 'unknown',
  `alt` text DEFAULT NULL,
  `width` int(10) unsigned DEFAULT NULL,
  `height` int(10) unsigned DEFAULT NULL,
  `size` bigint(20) unsigned DEFAULT NULL,
  `focalPoint` varchar(13) DEFAULT NULL,
  `deletedWithVolume` tinyint(1) DEFAULT NULL,
  `keptFile` tinyint(1) DEFAULT NULL,
  `dateModified` datetime DEFAULT NULL,
  `dateCreated` datetime NOT NULL,
  `dateUpdated` datetime NOT NULL,
  PRIMARY KEY (`id`),
  KEY `idx_ndpopdfcmjadhfcckyyfnnupeoelooqhrrwb` (`filename`,`folderId`),
  KEY `idx_hoytswmfjvsvosozpyahgacbvleelwpclhqx` (`folderId`),
  KEY `idx_dmudhrxkoceffbphauqpuykpywauhzzknirc` (`volumeId`),
  KEY `fk_cykdjrynlbtypgyifllqfwdlkfiuntrohbnt` (`uploaderId`),
  CONSTRAINT `fk_cykdjrynlbtypgyifllqfwdlkfiuntrohbnt` FOREIGN KEY (`uploaderId`) REFERENCES `users` (`id`) ON DELETE SET NULL,
  CONSTRAINT `fk_dcksybgzqgbrybfmrlxyndgohhrrdchfvvus` FOREIGN KEY (`volumeId`) REFERENCES `volumes` (`id`) ON DELETE CASCADE,
  CONSTRAINT `fk_wfoabeahbnnndjqnldgesxwjnfmcgzvrslcm` FOREIGN KEY (`folderId`) REFERENCES `volumefolders` (`id`) ON DELETE CASCADE,
  CONSTRAINT `fk_wytrfrhuppmsibzyftmdxregmedpknjhmrew` FOREIGN KEY (`id`) REFERENCES `elements` (`id`) ON DELETE CASCADE
) ENGINE=InnoDB DEFAULT CHARSET=utf8mb4 COLLATE=utf8mb4_unicode_520_ci;

--
-- Table structure for table `assets_sites`
--

CREATE TABLE `assets_sites` (
  `assetId` int(11) NOT NULL,
  `siteId` int(11) NOT NULL,
  `alt` text DEFAULT NULL,
  PRIMARY KEY (`assetId`,`siteId`),
  KEY `fk_icnxvasyxkgjgubmxwnlgkfnbosbnuyomewv` (`siteId`),
  CONSTRAINT `fk_bcftvdedgdfscrwltkutnzyhsznykzqluvkk` FOREIGN KEY (`assetId`) REFERENCES `assets` (`id`) ON DELETE CASCADE,
  CONSTRAINT `fk_icnxvasyxkgjgubmxwnlgkfnbosbnuyomewv` FOREIGN KEY (`siteId`) REFERENCES `sites` (`id`) ON DELETE CASCADE ON UPDATE CASCADE
) ENGINE=InnoDB DEFAULT CHARSET=utf8mb4 COLLATE=utf8mb4_unicode_520_ci;

--
-- Table structure for table `authenticator`
--

CREATE TABLE `authenticator` (
  `id` int(11) NOT NULL AUTO_INCREMENT,
  `userId` int(11) NOT NULL,
  `auth2faSecret` varchar(255) DEFAULT NULL,
  `oldTimestamp` int(11) unsigned DEFAULT NULL,
  `dateCreated` datetime NOT NULL,
  `dateUpdated` datetime NOT NULL,
  PRIMARY KEY (`id`),
  KEY `fk_jdpnwxgucwetgmfrzddzqvxnceqtsidqtplc` (`userId`),
  CONSTRAINT `fk_jdpnwxgucwetgmfrzddzqvxnceqtsidqtplc` FOREIGN KEY (`userId`) REFERENCES `users` (`id`) ON DELETE CASCADE
) ENGINE=InnoDB DEFAULT CHARSET=utf8mb4 COLLATE=utf8mb4_unicode_520_ci;

--
-- Table structure for table `categories`
--

CREATE TABLE `categories` (
  `id` int(11) NOT NULL,
  `groupId` int(11) NOT NULL,
  `parentId` int(11) DEFAULT NULL,
  `deletedWithGroup` tinyint(1) DEFAULT NULL,
  `dateCreated` datetime NOT NULL,
  `dateUpdated` datetime NOT NULL,
  PRIMARY KEY (`id`),
  KEY `idx_bnswlhayzikhdnamiajialhqpzvbqkhuyhdk` (`groupId`),
  KEY `fk_xbzhsewvfwhektkmkmbhcduymjmxyjwukysb` (`parentId`),
  CONSTRAINT `fk_fbdjhwbaspjukmqanhdezqwkdnyipwabbffu` FOREIGN KEY (`groupId`) REFERENCES `categorygroups` (`id`) ON DELETE CASCADE,
  CONSTRAINT `fk_gbwisunfvcnspkntsrminjowqyqparnbhasb` FOREIGN KEY (`id`) REFERENCES `elements` (`id`) ON DELETE CASCADE,
  CONSTRAINT `fk_xbzhsewvfwhektkmkmbhcduymjmxyjwukysb` FOREIGN KEY (`parentId`) REFERENCES `categories` (`id`) ON DELETE SET NULL
) ENGINE=InnoDB DEFAULT CHARSET=utf8mb4 COLLATE=utf8mb4_unicode_520_ci;

--
-- Table structure for table `categorygroups`
--

CREATE TABLE `categorygroups` (
  `id` int(11) NOT NULL AUTO_INCREMENT,
  `structureId` int(11) NOT NULL,
  `fieldLayoutId` int(11) DEFAULT NULL,
  `name` varchar(255) NOT NULL,
  `handle` varchar(255) NOT NULL,
  `defaultPlacement` enum('beginning','end') NOT NULL DEFAULT 'end',
  `dateCreated` datetime NOT NULL,
  `dateUpdated` datetime NOT NULL,
  `dateDeleted` datetime DEFAULT NULL,
  `uid` char(36) NOT NULL DEFAULT '0',
  PRIMARY KEY (`id`),
  KEY `idx_yozmwplgiadivlbmodepndnrfmxlurqtgwiy` (`name`),
  KEY `idx_drliaubgatgmpxobavtkruqexkwrnfrefavz` (`handle`),
  KEY `idx_paweqounrognsvyzdglemlyebqiowdklzdgq` (`structureId`),
  KEY `idx_arifwvkynmrtzykktplnttcdklkeeaukeosg` (`fieldLayoutId`),
  KEY `idx_ityyiqxsodtpfxkkcytiiyzsfaxidkvaunmo` (`dateDeleted`),
  CONSTRAINT `fk_rpskkbyzzupuhujonswiovbedizxkyubtyuk` FOREIGN KEY (`structureId`) REFERENCES `structures` (`id`) ON DELETE CASCADE,
  CONSTRAINT `fk_vgsvfljsqxdygweejwhumgfmqqzpuypvdysi` FOREIGN KEY (`fieldLayoutId`) REFERENCES `fieldlayouts` (`id`) ON DELETE SET NULL
) ENGINE=InnoDB AUTO_INCREMENT=2 DEFAULT CHARSET=utf8mb4 COLLATE=utf8mb4_unicode_520_ci;

--
-- Table structure for table `categorygroups_sites`
--

CREATE TABLE `categorygroups_sites` (
  `id` int(11) NOT NULL AUTO_INCREMENT,
  `groupId` int(11) NOT NULL,
  `siteId` int(11) NOT NULL,
  `hasUrls` tinyint(1) NOT NULL DEFAULT 1,
  `uriFormat` text DEFAULT NULL,
  `template` varchar(500) DEFAULT NULL,
  `dateCreated` datetime NOT NULL,
  `dateUpdated` datetime NOT NULL,
  `uid` char(36) NOT NULL DEFAULT '0',
  PRIMARY KEY (`id`),
  UNIQUE KEY `idx_efdrrbfvmwzcnxyafdcoewqfrbhwzvxywrmh` (`groupId`,`siteId`),
  KEY `idx_ztnwhkekgmbiviwmxmdgofqssemuvukjaqcu` (`siteId`),
  CONSTRAINT `fk_cwpfvixbnmwwiasmrpbjyupfqypydyppceht` FOREIGN KEY (`siteId`) REFERENCES `sites` (`id`) ON DELETE CASCADE ON UPDATE CASCADE,
  CONSTRAINT `fk_ugaqypxznytqsldrozhjfcvbpeagsuzdvqvf` FOREIGN KEY (`groupId`) REFERENCES `categorygroups` (`id`) ON DELETE CASCADE
) ENGINE=InnoDB AUTO_INCREMENT=3 DEFAULT CHARSET=utf8mb4 COLLATE=utf8mb4_unicode_520_ci;

--
-- Table structure for table `changedattributes`
--

CREATE TABLE `changedattributes` (
  `elementId` int(11) NOT NULL,
  `siteId` int(11) NOT NULL,
  `attribute` varchar(255) NOT NULL,
  `dateUpdated` datetime NOT NULL,
  `propagated` tinyint(1) NOT NULL,
  `userId` int(11) DEFAULT NULL,
  PRIMARY KEY (`elementId`,`siteId`,`attribute`),
  KEY `idx_oceqawfbjonjikwnsmmyfkpnkaixyvwrqsgq` (`elementId`,`siteId`,`dateUpdated`),
  KEY `fk_govploslelpbtiucugumhuwgwwvztniertkp` (`siteId`),
  KEY `fk_mmbqbvuvtkomtnxgpmizesqovduksxipqplq` (`userId`),
  CONSTRAINT `fk_govploslelpbtiucugumhuwgwwvztniertkp` FOREIGN KEY (`siteId`) REFERENCES `sites` (`id`) ON DELETE CASCADE ON UPDATE CASCADE,
  CONSTRAINT `fk_mmbqbvuvtkomtnxgpmizesqovduksxipqplq` FOREIGN KEY (`userId`) REFERENCES `users` (`id`) ON DELETE SET NULL ON UPDATE CASCADE,
  CONSTRAINT `fk_pgohwoeutzinjuvdiyilaecrvyitzcfqfojr` FOREIGN KEY (`elementId`) REFERENCES `elements` (`id`) ON DELETE CASCADE ON UPDATE CASCADE
) ENGINE=InnoDB DEFAULT CHARSET=utf8mb4 COLLATE=utf8mb4_unicode_520_ci;

--
-- Table structure for table `changedfields`
--

CREATE TABLE `changedfields` (
  `elementId` int(11) NOT NULL,
  `siteId` int(11) NOT NULL,
  `fieldId` int(11) NOT NULL,
  `layoutElementUid` char(36) NOT NULL DEFAULT '0',
  `dateUpdated` datetime NOT NULL,
  `propagated` tinyint(1) NOT NULL,
  `userId` int(11) DEFAULT NULL,
  PRIMARY KEY (`elementId`,`siteId`,`fieldId`,`layoutElementUid`),
  KEY `idx_ncudvhbxldipcsvpvvekqmnavgfocegwnnin` (`elementId`,`siteId`,`dateUpdated`),
  KEY `fk_yjyddbikenwerzvvelxfjhjdzufywjlmllok` (`siteId`),
  KEY `fk_mkbusuzwbarrbqubmctaxnanegulcuizymva` (`fieldId`),
  KEY `fk_ltznwhyrsgxijbuujfinkziwpfeksuxbsqml` (`userId`),
  CONSTRAINT `fk_ltznwhyrsgxijbuujfinkziwpfeksuxbsqml` FOREIGN KEY (`userId`) REFERENCES `users` (`id`) ON DELETE SET NULL ON UPDATE CASCADE,
  CONSTRAINT `fk_mkbusuzwbarrbqubmctaxnanegulcuizymva` FOREIGN KEY (`fieldId`) REFERENCES `fields` (`id`) ON DELETE CASCADE ON UPDATE CASCADE,
  CONSTRAINT `fk_tcehflbogjcgsfowpayhrpsnnvxphoznjvov` FOREIGN KEY (`elementId`) REFERENCES `elements` (`id`) ON DELETE CASCADE ON UPDATE CASCADE,
  CONSTRAINT `fk_yjyddbikenwerzvvelxfjhjdzufywjlmllok` FOREIGN KEY (`siteId`) REFERENCES `sites` (`id`) ON DELETE CASCADE ON UPDATE CASCADE
) ENGINE=InnoDB DEFAULT CHARSET=utf8mb4 COLLATE=utf8mb4_unicode_520_ci;

--
-- Table structure for table `craftidtokens`
--

CREATE TABLE `craftidtokens` (
  `id` int(11) NOT NULL AUTO_INCREMENT,
  `userId` int(11) NOT NULL,
  `accessToken` text NOT NULL,
  `expiryDate` datetime DEFAULT NULL,
  `dateCreated` datetime NOT NULL,
  `dateUpdated` datetime NOT NULL,
  `uid` char(36) NOT NULL DEFAULT '0',
  PRIMARY KEY (`id`),
  KEY `fk_jftiifhgmarjyazlwwxbmonelprsrfzriryu` (`userId`),
  CONSTRAINT `fk_jftiifhgmarjyazlwwxbmonelprsrfzriryu` FOREIGN KEY (`userId`) REFERENCES `users` (`id`) ON DELETE CASCADE
) ENGINE=InnoDB DEFAULT CHARSET=utf8mb4 COLLATE=utf8mb4_unicode_520_ci;

--
-- Table structure for table `deprecationerrors`
--

CREATE TABLE `deprecationerrors` (
  `id` int(11) NOT NULL AUTO_INCREMENT,
  `key` varchar(255) NOT NULL,
  `fingerprint` varchar(255) NOT NULL,
  `lastOccurrence` datetime NOT NULL,
  `file` varchar(255) NOT NULL,
  `line` smallint(5) unsigned DEFAULT NULL,
  `message` text DEFAULT NULL,
  `traces` longtext CHARACTER SET utf8mb4 COLLATE utf8mb4_bin DEFAULT NULL CHECK (json_valid(`traces`)),
  `dateCreated` datetime NOT NULL,
  `dateUpdated` datetime NOT NULL,
  `uid` char(36) NOT NULL DEFAULT '0',
  PRIMARY KEY (`id`),
  UNIQUE KEY `idx_kqueowlzdoiqgshlwqemmfszmrrisretbyxw` (`key`,`fingerprint`)
) ENGINE=InnoDB DEFAULT CHARSET=utf8mb4 COLLATE=utf8mb4_unicode_520_ci;

--
-- Table structure for table `drafts`
--

CREATE TABLE `drafts` (
  `id` int(11) NOT NULL AUTO_INCREMENT,
  `canonicalId` int(11) DEFAULT NULL,
  `creatorId` int(11) DEFAULT NULL,
  `provisional` tinyint(1) NOT NULL DEFAULT 0,
  `name` varchar(255) NOT NULL,
  `notes` text DEFAULT NULL,
  `trackChanges` tinyint(1) NOT NULL DEFAULT 0,
  `dateLastMerged` datetime DEFAULT NULL,
  `saved` tinyint(1) NOT NULL DEFAULT 1,
  PRIMARY KEY (`id`),
  KEY `idx_prazygbkzcopvchwqxcpqqhcyfzmggffqzyr` (`creatorId`,`provisional`),
  KEY `idx_jrjpxxxvsudiikrumxmgyklwlntqmkjjhwgr` (`saved`),
  KEY `fk_cpclsdegewupymhujfeqlropsdokrcabumer` (`canonicalId`),
  CONSTRAINT `fk_cpclsdegewupymhujfeqlropsdokrcabumer` FOREIGN KEY (`canonicalId`) REFERENCES `elements` (`id`) ON DELETE CASCADE,
  CONSTRAINT `fk_yrepsbvrpdlldkpwpitfcaxfqkawvucyonsc` FOREIGN KEY (`creatorId`) REFERENCES `users` (`id`) ON DELETE SET NULL
) ENGINE=InnoDB AUTO_INCREMENT=26 DEFAULT CHARSET=utf8mb4 COLLATE=utf8mb4_unicode_520_ci;

--
-- Table structure for table `elementactivity`
--

CREATE TABLE `elementactivity` (
  `elementId` int(11) NOT NULL,
  `userId` int(11) NOT NULL,
  `siteId` int(11) NOT NULL,
  `draftId` int(11) DEFAULT NULL,
  `type` varchar(255) NOT NULL,
  `timestamp` datetime DEFAULT NULL,
  PRIMARY KEY (`elementId`,`userId`,`type`),
  KEY `idx_wfbvyccjnllhpsubjgobnoblcujjhjsnwxfq` (`elementId`,`timestamp`,`userId`),
  KEY `fk_rgvxcxjdavqscqosxjbjhtkxtvgpcvdgdjio` (`userId`),
  KEY `fk_cnfooeypnnrophjuwljxsmawtuhcwqsmirjv` (`siteId`),
  KEY `fk_epsrvlyxnqcxmltqefgkiszaroztyfburgqq` (`draftId`),
  CONSTRAINT `fk_cnfooeypnnrophjuwljxsmawtuhcwqsmirjv` FOREIGN KEY (`siteId`) REFERENCES `sites` (`id`) ON DELETE CASCADE,
  CONSTRAINT `fk_epsrvlyxnqcxmltqefgkiszaroztyfburgqq` FOREIGN KEY (`draftId`) REFERENCES `drafts` (`id`) ON DELETE CASCADE,
  CONSTRAINT `fk_nqaphngjpxkjjevxfftbdulblmtcnxjagkgs` FOREIGN KEY (`elementId`) REFERENCES `elements` (`id`) ON DELETE CASCADE,
  CONSTRAINT `fk_rgvxcxjdavqscqosxjbjhtkxtvgpcvdgdjio` FOREIGN KEY (`userId`) REFERENCES `users` (`id`) ON DELETE CASCADE
) ENGINE=InnoDB DEFAULT CHARSET=utf8mb4 COLLATE=utf8mb4_unicode_520_ci;

--
-- Table structure for table `elements`
--

CREATE TABLE `elements` (
  `id` int(11) NOT NULL AUTO_INCREMENT,
  `canonicalId` int(11) DEFAULT NULL,
  `draftId` int(11) DEFAULT NULL,
  `revisionId` int(11) DEFAULT NULL,
  `fieldLayoutId` int(11) DEFAULT NULL,
  `type` varchar(255) NOT NULL,
  `enabled` tinyint(1) NOT NULL DEFAULT 1,
  `archived` tinyint(1) NOT NULL DEFAULT 0,
  `dateCreated` datetime NOT NULL,
  `dateUpdated` datetime NOT NULL,
  `dateLastMerged` datetime DEFAULT NULL,
  `dateDeleted` datetime DEFAULT NULL,
  `deletedWithOwner` tinyint(1) DEFAULT NULL,
  `uid` char(36) NOT NULL DEFAULT '0',
  PRIMARY KEY (`id`),
  KEY `idx_dzuzpukaxovmtfzzrgjkgbulplbzdhrkrcvj` (`dateDeleted`),
  KEY `idx_jasrflbuhwmtvcucswaecnhtopslotswiwfs` (`fieldLayoutId`),
  KEY `idx_tvtjpncesahmrsxbojkezjmxfndjeuqynonu` (`type`),
  KEY `idx_pecxpoghsosimqdrfwcaoasjebigfkcmnpnm` (`enabled`),
  KEY `idx_dtlpvwwzsutefiweiiqlvochrfgkxnhtfqzz` (`canonicalId`),
  KEY `idx_untqlrpzueuzauokhkdvgwlueqtssoqeaolm` (`archived`,`dateCreated`),
  KEY `idx_ahwktjftrdewzhfkpmnfvdyqijrdncadwjiu` (`archived`,`dateDeleted`,`draftId`,`revisionId`,`canonicalId`),
  KEY `idx_dmzaqohglaadeifbgrgiorkzlloxclmoyfna` (`archived`,`dateDeleted`,`draftId`,`revisionId`,`canonicalId`,`enabled`),
  KEY `fk_qokdzruodgkdljqovjtbyfizwzvsfjuiabtx` (`draftId`),
  KEY `fk_wccndfvvrwygavagbsazhzlimsafevsraurn` (`revisionId`),
  CONSTRAINT `fk_kkogbywjeiirdaswungiyzdtmgdybpkkdrcd` FOREIGN KEY (`fieldLayoutId`) REFERENCES `fieldlayouts` (`id`) ON DELETE SET NULL,
  CONSTRAINT `fk_qokdzruodgkdljqovjtbyfizwzvsfjuiabtx` FOREIGN KEY (`draftId`) REFERENCES `drafts` (`id`) ON DELETE CASCADE,
  CONSTRAINT `fk_uloqqdgkcbhrofbfhcflpqsllyyvnjuzpktu` FOREIGN KEY (`canonicalId`) REFERENCES `elements` (`id`) ON DELETE SET NULL,
  CONSTRAINT `fk_wccndfvvrwygavagbsazhzlimsafevsraurn` FOREIGN KEY (`revisionId`) REFERENCES `revisions` (`id`) ON DELETE CASCADE
) ENGINE=InnoDB AUTO_INCREMENT=103 DEFAULT CHARSET=utf8mb4 COLLATE=utf8mb4_unicode_520_ci;

--
-- Table structure for table `elements_bulkops`
--

CREATE TABLE `elements_bulkops` (
  `elementId` int(11) NOT NULL,
  `key` char(10) NOT NULL,
  `timestamp` datetime NOT NULL,
  PRIMARY KEY (`elementId`,`key`),
  KEY `idx_jxgykiuxqojdtlzypfwobvoxmvogfhvppzjx` (`timestamp`)
) ENGINE=InnoDB DEFAULT CHARSET=utf8mb4 COLLATE=utf8mb4_unicode_520_ci;

--
-- Table structure for table `elements_owners`
--

CREATE TABLE `elements_owners` (
  `elementId` int(11) NOT NULL,
  `ownerId` int(11) NOT NULL,
  `sortOrder` smallint(5) unsigned NOT NULL,
  PRIMARY KEY (`elementId`,`ownerId`),
  KEY `fk_qwzrmyuigcomwmtgjefxlgisoetsfpadihhp` (`ownerId`),
  CONSTRAINT `fk_kvdxcgmlpmqsuvaflhbbyhidlyomvltteynn` FOREIGN KEY (`elementId`) REFERENCES `elements` (`id`) ON DELETE CASCADE,
  CONSTRAINT `fk_qwzrmyuigcomwmtgjefxlgisoetsfpadihhp` FOREIGN KEY (`ownerId`) REFERENCES `elements` (`id`) ON DELETE CASCADE
) ENGINE=InnoDB DEFAULT CHARSET=utf8mb4 COLLATE=utf8mb4_unicode_520_ci;

--
-- Table structure for table `elements_sites`
--

CREATE TABLE `elements_sites` (
  `id` int(11) NOT NULL AUTO_INCREMENT,
  `elementId` int(11) NOT NULL,
  `siteId` int(11) NOT NULL,
  `title` varchar(255) DEFAULT NULL,
  `slug` varchar(255) DEFAULT NULL,
  `uri` varchar(255) DEFAULT NULL,
  `content` longtext CHARACTER SET utf8mb4 COLLATE utf8mb4_bin DEFAULT NULL CHECK (json_valid(`content`)),
  `enabled` tinyint(1) NOT NULL DEFAULT 1,
  `dateCreated` datetime NOT NULL,
  `dateUpdated` datetime NOT NULL,
  `uid` char(36) NOT NULL DEFAULT '0',
  PRIMARY KEY (`id`),
  UNIQUE KEY `idx_pftifvwmdahjmwomvmxjpolxzsmalkypcehg` (`elementId`,`siteId`),
  KEY `idx_gqvrnvwjijmpaalgvqvverwylccolkfbxuup` (`siteId`),
  KEY `idx_jvvazstwpcrciajujdeonejdrhvaxvcnxnun` (`title`,`siteId`),
  KEY `idx_kafrdgzlzzngytmdxbhrikvijllxwppifwvs` (`slug`,`siteId`),
  KEY `idx_lrbrdecmtmpavwvclkwcqctzyuivpgkaaeam` (`enabled`),
  KEY `idx_bvgocdxwqycqhbwwbpzvfyybkwzxamjqwimm` (`uri`,`siteId`),
  CONSTRAINT `fk_nevnsfokjyznlchluvmdkeolebanstpsiyoa` FOREIGN KEY (`elementId`) REFERENCES `elements` (`id`) ON DELETE CASCADE,
  CONSTRAINT `fk_oxydembjaqefsnimqfxnkufxeyprssnqpfxe` FOREIGN KEY (`siteId`) REFERENCES `sites` (`id`) ON DELETE CASCADE ON UPDATE CASCADE
) ENGINE=InnoDB AUTO_INCREMENT=152 DEFAULT CHARSET=utf8mb4 COLLATE=utf8mb4_unicode_520_ci;

--
-- Table structure for table `entries`
--

CREATE TABLE `entries` (
  `id` int(11) NOT NULL,
  `sectionId` int(11) DEFAULT NULL,
  `parentId` int(11) DEFAULT NULL,
  `primaryOwnerId` int(11) DEFAULT NULL,
  `fieldId` int(11) DEFAULT NULL,
  `typeId` int(11) NOT NULL,
  `postDate` datetime DEFAULT NULL,
  `expiryDate` datetime DEFAULT NULL,
  `deletedWithEntryType` tinyint(1) DEFAULT NULL,
  `deletedWithSection` tinyint(1) DEFAULT NULL,
  `dateCreated` datetime NOT NULL,
  `dateUpdated` datetime NOT NULL,
  PRIMARY KEY (`id`),
  KEY `idx_ygfxpeogcooetibfqjssfoaaqjykwtjnzbpe` (`postDate`),
  KEY `idx_uzuqpwwaefdkzoaurkqwyltgeohfoqsddmlb` (`expiryDate`),
  KEY `idx_gfohgdzjpofonosazgmugzksffnagedhfzuj` (`sectionId`),
  KEY `idx_vuyvmexbvmulcblwkeytewqebiuymrbmymis` (`typeId`),
  KEY `idx_nfdxgofotabhwzlzwcwlpwlsfkbpbjuljdwm` (`primaryOwnerId`),
  KEY `idx_isviojdvpbytcjmxtmeqrtdeojegltgrcyww` (`fieldId`),
  KEY `fk_kehzbycifveiegcyfatkuympncmksgkmahqr` (`parentId`),
  CONSTRAINT `fk_bkwkkaftecuguhpvuayaoijrjpzgroeoxzsc` FOREIGN KEY (`fieldId`) REFERENCES `fields` (`id`) ON DELETE CASCADE,
  CONSTRAINT `fk_gspdhideqswocvvitrnxmjcbaqhwfpfrbper` FOREIGN KEY (`sectionId`) REFERENCES `sections` (`id`) ON DELETE CASCADE,
  CONSTRAINT `fk_gvfokfxxxgidhdpsifewrckiwovwbphzznws` FOREIGN KEY (`typeId`) REFERENCES `entrytypes` (`id`) ON DELETE CASCADE,
  CONSTRAINT `fk_kehzbycifveiegcyfatkuympncmksgkmahqr` FOREIGN KEY (`parentId`) REFERENCES `entries` (`id`) ON DELETE SET NULL,
  CONSTRAINT `fk_kxavupdozwmnlyldgqekszcrqoxnmbvhukav` FOREIGN KEY (`primaryOwnerId`) REFERENCES `elements` (`id`) ON DELETE CASCADE,
  CONSTRAINT `fk_usmoxrhcmbfekqkqdpwvcnpkhqdyhvxbmvll` FOREIGN KEY (`id`) REFERENCES `elements` (`id`) ON DELETE CASCADE
) ENGINE=InnoDB DEFAULT CHARSET=utf8mb4 COLLATE=utf8mb4_unicode_520_ci;

--
-- Table structure for table `entries_authors`
--

CREATE TABLE `entries_authors` (
  `entryId` int(11) NOT NULL,
  `authorId` int(11) NOT NULL,
  `sortOrder` smallint(5) unsigned NOT NULL,
  PRIMARY KEY (`entryId`,`authorId`),
  KEY `idx_xemyshgafwtydkhvrontsgwvfucqsjccquxl` (`authorId`),
  KEY `idx_ljivipglsxsxoibjlochessphejcwojdjmys` (`entryId`,`sortOrder`),
  CONSTRAINT `fk_grxcgboukxcnqysxucpavqgoanbjrralexfv` FOREIGN KEY (`entryId`) REFERENCES `entries` (`id`) ON DELETE CASCADE,
  CONSTRAINT `fk_njgvxnextyeahyewemkukykoqnlikovxwrlg` FOREIGN KEY (`authorId`) REFERENCES `users` (`id`) ON DELETE CASCADE
) ENGINE=InnoDB DEFAULT CHARSET=utf8mb4 COLLATE=utf8mb4_unicode_520_ci;

--
-- Table structure for table `entrytypes`
--

CREATE TABLE `entrytypes` (
  `id` int(11) NOT NULL AUTO_INCREMENT,
  `fieldLayoutId` int(11) DEFAULT NULL,
  `name` varchar(255) NOT NULL,
  `handle` varchar(255) NOT NULL,
  `icon` varchar(255) DEFAULT NULL,
  `color` varchar(255) DEFAULT NULL,
  `hasTitleField` tinyint(1) NOT NULL DEFAULT 1,
  `titleTranslationMethod` varchar(255) NOT NULL DEFAULT 'site',
  `titleTranslationKeyFormat` text DEFAULT NULL,
  `titleFormat` varchar(255) DEFAULT NULL,
  `showSlugField` tinyint(1) DEFAULT 1,
  `slugTranslationMethod` varchar(255) NOT NULL DEFAULT 'site',
  `slugTranslationKeyFormat` text DEFAULT NULL,
  `showStatusField` tinyint(1) DEFAULT 1,
  `dateCreated` datetime NOT NULL,
  `dateUpdated` datetime NOT NULL,
  `dateDeleted` datetime DEFAULT NULL,
  `uid` char(36) NOT NULL DEFAULT '0',
  PRIMARY KEY (`id`),
  KEY `idx_gjeqzorpuajxkjnfuhtqujxnmlqocndctspq` (`fieldLayoutId`),
  KEY `idx_uamtubsyadxgxqqixmdkdfpzqrqiwnioxbxm` (`dateDeleted`),
  CONSTRAINT `fk_cudbbelfgxdqgjysmnoqyponyqxyzfrqoflf` FOREIGN KEY (`fieldLayoutId`) REFERENCES `fieldlayouts` (`id`) ON DELETE SET NULL
) ENGINE=InnoDB AUTO_INCREMENT=6 DEFAULT CHARSET=utf8mb4 COLLATE=utf8mb4_unicode_520_ci;

--
-- Table structure for table `fieldlayouts`
--

CREATE TABLE `fieldlayouts` (
  `id` int(11) NOT NULL AUTO_INCREMENT,
  `type` varchar(255) NOT NULL,
  `config` longtext CHARACTER SET utf8mb4 COLLATE utf8mb4_bin DEFAULT NULL CHECK (json_valid(`config`)),
  `dateCreated` datetime NOT NULL,
  `dateUpdated` datetime NOT NULL,
  `dateDeleted` datetime DEFAULT NULL,
  `uid` char(36) NOT NULL DEFAULT '0',
  PRIMARY KEY (`id`),
  KEY `idx_exttkmngtztpnbzzsggqvgqddojnahcvocvt` (`dateDeleted`),
  KEY `idx_ancqkvhemvvctptmyrkkcykyzdnrcfjolnxn` (`type`)
) ENGINE=InnoDB AUTO_INCREMENT=11 DEFAULT CHARSET=utf8mb4 COLLATE=utf8mb4_unicode_520_ci;

--
-- Table structure for table `fields`
--

CREATE TABLE `fields` (
  `id` int(11) NOT NULL AUTO_INCREMENT,
  `name` text NOT NULL,
  `handle` varchar(64) NOT NULL,
  `context` varchar(255) NOT NULL DEFAULT 'global',
  `columnSuffix` char(8) DEFAULT NULL,
  `instructions` text DEFAULT NULL,
  `searchable` tinyint(1) NOT NULL DEFAULT 1,
  `translationMethod` varchar(255) NOT NULL DEFAULT 'none',
  `translationKeyFormat` text DEFAULT NULL,
  `type` varchar(255) NOT NULL,
  `settings` text DEFAULT NULL,
  `dateCreated` datetime NOT NULL,
  `dateUpdated` datetime NOT NULL,
  `dateDeleted` datetime DEFAULT NULL,
  `uid` char(36) NOT NULL DEFAULT '0',
  PRIMARY KEY (`id`),
  KEY `idx_bdznntbtcvyxfzpabbmxshwyexgxsttxkmgn` (`handle`,`context`),
  KEY `idx_zuccyhwygpinqgxunyjgfnxncvfipanxvsqf` (`context`),
  KEY `idx_wxyofhdtuzbbzmblvvwxderxwkzmvqziozvf` (`dateDeleted`)
) ENGINE=InnoDB AUTO_INCREMENT=10 DEFAULT CHARSET=utf8mb4 COLLATE=utf8mb4_unicode_520_ci;

--
-- Table structure for table `globalsets`
--

CREATE TABLE `globalsets` (
  `id` int(11) NOT NULL AUTO_INCREMENT,
  `name` varchar(255) NOT NULL,
  `handle` varchar(255) NOT NULL,
  `fieldLayoutId` int(11) DEFAULT NULL,
  `sortOrder` smallint(5) unsigned DEFAULT NULL,
  `dateCreated` datetime NOT NULL,
  `dateUpdated` datetime NOT NULL,
  `uid` char(36) NOT NULL DEFAULT '0',
  PRIMARY KEY (`id`),
  KEY `idx_kpkbrxhuqxybldxqlwnwhwipxjrjkjmeckjo` (`name`),
  KEY `idx_dqbvanjltqpfhxwelgjhmxxvqhzkbvdfbyyf` (`handle`),
  KEY `idx_fusmoudnewttodxuasadxpqxmarfpipdnhxy` (`fieldLayoutId`),
  KEY `idx_erpxswzoatdwzkjyswpblydndcakhhedkppa` (`sortOrder`),
  CONSTRAINT `fk_rjmyhmaymsiribpqlaqlofadvfdsbtujsfyp` FOREIGN KEY (`fieldLayoutId`) REFERENCES `fieldlayouts` (`id`) ON DELETE SET NULL,
  CONSTRAINT `fk_sxhetmtqzrdbqjpjeejjhcikfcmdybsqwixd` FOREIGN KEY (`id`) REFERENCES `elements` (`id`) ON DELETE CASCADE
) ENGINE=InnoDB AUTO_INCREMENT=2 DEFAULT CHARSET=utf8mb4 COLLATE=utf8mb4_unicode_520_ci;

--
-- Table structure for table `gqlschemas`
--

CREATE TABLE `gqlschemas` (
  `id` int(11) NOT NULL AUTO_INCREMENT,
  `name` varchar(255) NOT NULL,
  `scope` longtext CHARACTER SET utf8mb4 COLLATE utf8mb4_bin DEFAULT NULL CHECK (json_valid(`scope`)),
  `isPublic` tinyint(1) NOT NULL DEFAULT 0,
  `dateCreated` datetime NOT NULL,
  `dateUpdated` datetime NOT NULL,
  `uid` char(36) NOT NULL DEFAULT '0',
  PRIMARY KEY (`id`)
) ENGINE=InnoDB AUTO_INCREMENT=2 DEFAULT CHARSET=utf8mb4 COLLATE=utf8mb4_unicode_520_ci;

--
-- Table structure for table `gqltokens`
--

CREATE TABLE `gqltokens` (
  `id` int(11) NOT NULL AUTO_INCREMENT,
  `name` varchar(255) NOT NULL,
  `accessToken` varchar(255) NOT NULL,
  `enabled` tinyint(1) NOT NULL DEFAULT 1,
  `expiryDate` datetime DEFAULT NULL,
  `lastUsed` datetime DEFAULT NULL,
  `schemaId` int(11) DEFAULT NULL,
  `dateCreated` datetime NOT NULL,
  `dateUpdated` datetime NOT NULL,
  `uid` char(36) NOT NULL DEFAULT '0',
  PRIMARY KEY (`id`),
  UNIQUE KEY `idx_qvverkdzppcsvwutymmnankbzgkgwmecbmsi` (`accessToken`),
  UNIQUE KEY `idx_umgijacurdlasohtvmwkqzvzjdxeujlygmjm` (`name`),
  KEY `fk_amlhgwwiegjtultoruizxyifvtawnumgpwjz` (`schemaId`),
  CONSTRAINT `fk_amlhgwwiegjtultoruizxyifvtawnumgpwjz` FOREIGN KEY (`schemaId`) REFERENCES `gqlschemas` (`id`) ON DELETE SET NULL
) ENGINE=InnoDB DEFAULT CHARSET=utf8mb4 COLLATE=utf8mb4_unicode_520_ci;

--
-- Table structure for table `imagetransformindex`
--

CREATE TABLE `imagetransformindex` (
  `id` int(11) NOT NULL AUTO_INCREMENT,
  `assetId` int(11) NOT NULL,
  `transformer` varchar(255) DEFAULT NULL,
  `filename` varchar(255) DEFAULT NULL,
  `format` varchar(255) DEFAULT NULL,
  `transformString` varchar(255) NOT NULL,
  `fileExists` tinyint(1) NOT NULL DEFAULT 0,
  `inProgress` tinyint(1) NOT NULL DEFAULT 0,
  `error` tinyint(1) NOT NULL DEFAULT 0,
  `dateIndexed` datetime DEFAULT NULL,
  `dateCreated` datetime NOT NULL,
  `dateUpdated` datetime NOT NULL,
  `uid` char(36) NOT NULL DEFAULT '0',
  PRIMARY KEY (`id`),
  KEY `idx_mwuhzwgdwyqlkaqzvnqoowwxunfxiebmkcia` (`assetId`,`transformString`)
) ENGINE=InnoDB AUTO_INCREMENT=34 DEFAULT CHARSET=utf8mb4 COLLATE=utf8mb4_unicode_520_ci;

--
-- Table structure for table `imagetransforms`
--

CREATE TABLE `imagetransforms` (
  `id` int(11) NOT NULL AUTO_INCREMENT,
  `name` varchar(255) NOT NULL,
  `handle` varchar(255) NOT NULL,
  `mode` enum('stretch','fit','crop','letterbox') NOT NULL DEFAULT 'crop',
  `position` enum('top-left','top-center','top-right','center-left','center-center','center-right','bottom-left','bottom-center','bottom-right') NOT NULL DEFAULT 'center-center',
  `width` int(10) unsigned DEFAULT NULL,
  `height` int(10) unsigned DEFAULT NULL,
  `format` varchar(255) DEFAULT NULL,
  `quality` int(11) DEFAULT NULL,
  `interlace` enum('none','line','plane','partition') NOT NULL DEFAULT 'none',
  `fill` varchar(11) DEFAULT NULL,
  `upscale` tinyint(1) NOT NULL DEFAULT 1,
  `parameterChangeTime` datetime DEFAULT NULL,
  `dateCreated` datetime NOT NULL,
  `dateUpdated` datetime NOT NULL,
  `uid` char(36) NOT NULL DEFAULT '0',
  PRIMARY KEY (`id`),
  KEY `idx_eqbkirczhnietzfgsrzxhpjslvuhdopilxwz` (`name`),
  KEY `idx_unhwiqbrvmrwwbanwhdlbtjnkdtfxthewhjj` (`handle`)
) ENGINE=InnoDB AUTO_INCREMENT=2 DEFAULT CHARSET=utf8mb4 COLLATE=utf8mb4_unicode_520_ci;

--
-- Table structure for table `info`
--

CREATE TABLE `info` (
  `id` int(11) NOT NULL AUTO_INCREMENT,
  `version` varchar(50) NOT NULL,
  `schemaVersion` varchar(15) NOT NULL,
  `maintenance` tinyint(1) NOT NULL DEFAULT 0,
  `configVersion` char(12) NOT NULL DEFAULT '000000000000',
  `fieldVersion` char(12) NOT NULL DEFAULT '000000000000',
  `dateCreated` datetime NOT NULL,
  `dateUpdated` datetime NOT NULL,
  `uid` char(36) NOT NULL DEFAULT '0',
  PRIMARY KEY (`id`)
) ENGINE=InnoDB AUTO_INCREMENT=2 DEFAULT CHARSET=utf8mb4 COLLATE=utf8mb4_unicode_520_ci;

--
-- Table structure for table `migrations`
--

CREATE TABLE `migrations` (
  `id` int(11) NOT NULL AUTO_INCREMENT,
  `track` varchar(255) NOT NULL,
  `name` varchar(255) NOT NULL,
  `applyTime` datetime NOT NULL,
  `dateCreated` datetime NOT NULL,
  `dateUpdated` datetime NOT NULL,
  `uid` char(36) NOT NULL DEFAULT '0',
  PRIMARY KEY (`id`),
  UNIQUE KEY `idx_uzqzgyuqeixxynjcemonlnxzywdfiukscjff` (`track`,`name`)
) ENGINE=InnoDB AUTO_INCREMENT=63 DEFAULT CHARSET=utf8mb4 COLLATE=utf8mb4_unicode_520_ci;

--
-- Table structure for table `plugins`
--

CREATE TABLE `plugins` (
  `id` int(11) NOT NULL AUTO_INCREMENT,
  `handle` varchar(255) NOT NULL,
  `version` varchar(255) NOT NULL,
  `schemaVersion` varchar(255) NOT NULL,
  `installDate` datetime NOT NULL,
  `dateCreated` datetime NOT NULL,
  `dateUpdated` datetime NOT NULL,
  `uid` char(36) NOT NULL DEFAULT '0',
  PRIMARY KEY (`id`),
  UNIQUE KEY `idx_poadnpbubhvaklikleiczexnhohusstftzfl` (`handle`)
) ENGINE=InnoDB AUTO_INCREMENT=5 DEFAULT CHARSET=utf8mb4 COLLATE=utf8mb4_unicode_520_ci;

--
-- Table structure for table `projectconfig`
--

CREATE TABLE `projectconfig` (
  `path` varchar(255) NOT NULL,
  `value` text NOT NULL,
  PRIMARY KEY (`path`)
) ENGINE=InnoDB DEFAULT CHARSET=utf8mb4 COLLATE=utf8mb4_unicode_520_ci;

--
-- Table structure for table `queue`
--

CREATE TABLE `queue` (
  `id` int(11) NOT NULL AUTO_INCREMENT,
  `channel` varchar(255) NOT NULL DEFAULT 'queue',
  `job` longblob NOT NULL,
  `description` text DEFAULT NULL,
  `timePushed` int(11) NOT NULL,
  `ttr` int(11) NOT NULL,
  `delay` int(11) NOT NULL DEFAULT 0,
  `priority` int(10) unsigned NOT NULL DEFAULT 1024,
  `dateReserved` datetime DEFAULT NULL,
  `timeUpdated` int(11) DEFAULT NULL,
  `progress` smallint(6) NOT NULL DEFAULT 0,
  `progressLabel` varchar(255) DEFAULT NULL,
  `attempt` int(11) DEFAULT NULL,
  `fail` tinyint(1) DEFAULT 0,
  `dateFailed` datetime DEFAULT NULL,
  `error` text DEFAULT NULL,
  PRIMARY KEY (`id`),
  KEY `idx_lllrbketpityirtnacfgosuzauxtujpzbber` (`channel`,`fail`,`timeUpdated`,`timePushed`),
  KEY `idx_uulsnafmalygwlsdoomfymvjrtuzkturndjo` (`channel`,`fail`,`timeUpdated`,`delay`)
) ENGINE=InnoDB AUTO_INCREMENT=474 DEFAULT CHARSET=utf8mb4 COLLATE=utf8mb4_unicode_520_ci;

--
-- Table structure for table `recoverycodes`
--

CREATE TABLE `recoverycodes` (
  `id` int(11) NOT NULL AUTO_INCREMENT,
  `userId` int(11) NOT NULL,
  `recoveryCodes` text DEFAULT NULL,
  `dateCreated` datetime NOT NULL,
  `dateUpdated` datetime NOT NULL,
  PRIMARY KEY (`id`)
) ENGINE=InnoDB DEFAULT CHARSET=utf8mb4 COLLATE=utf8mb4_unicode_520_ci;

--
-- Table structure for table `relations`
--

CREATE TABLE `relations` (
  `id` int(11) NOT NULL AUTO_INCREMENT,
  `fieldId` int(11) NOT NULL,
  `sourceId` int(11) NOT NULL,
  `sourceSiteId` int(11) DEFAULT NULL,
  `targetId` int(11) NOT NULL,
  `sortOrder` smallint(5) unsigned DEFAULT NULL,
  `dateCreated` datetime NOT NULL,
  `dateUpdated` datetime NOT NULL,
  `uid` char(36) NOT NULL DEFAULT '0',
  PRIMARY KEY (`id`),
  UNIQUE KEY `idx_xldhtgzisnsnurobdtyvredtrugeabzbcuob` (`fieldId`,`sourceId`,`sourceSiteId`,`targetId`),
  KEY `idx_lkmyyyspkhqbeidlaaggjlkwkjjfwezcteax` (`sourceId`),
  KEY `idx_ujgldujfntgsfiewqlusdtwqdumabpslpzth` (`targetId`),
  KEY `idx_vxeqkcpnlscgziehjpdhnxhirumcyxhhlhub` (`sourceSiteId`),
  CONSTRAINT `fk_dtgkyrhcuubvozfnkichvrdjdcfqmbvltefv` FOREIGN KEY (`sourceId`) REFERENCES `elements` (`id`) ON DELETE CASCADE,
  CONSTRAINT `fk_fyxmtsfimchrrknilubwtjpubdjjkqmakgrr` FOREIGN KEY (`fieldId`) REFERENCES `fields` (`id`) ON DELETE CASCADE,
  CONSTRAINT `fk_leohoabgdpmonaaxcbcbkrsjkkpdnesjjbbb` FOREIGN KEY (`sourceSiteId`) REFERENCES `sites` (`id`) ON DELETE CASCADE ON UPDATE CASCADE
) ENGINE=InnoDB AUTO_INCREMENT=309 DEFAULT CHARSET=utf8mb4 COLLATE=utf8mb4_unicode_520_ci;

--
-- Table structure for table `resourcepaths`
--

CREATE TABLE `resourcepaths` (
  `hash` varchar(255) NOT NULL,
  `path` varchar(255) NOT NULL,
  PRIMARY KEY (`hash`)
) ENGINE=InnoDB DEFAULT CHARSET=utf8mb4 COLLATE=utf8mb4_unicode_520_ci;

--
-- Table structure for table `revisions`
--

CREATE TABLE `revisions` (
  `id` int(11) NOT NULL AUTO_INCREMENT,
  `canonicalId` int(11) NOT NULL,
  `creatorId` int(11) DEFAULT NULL,
  `num` int(11) NOT NULL,
  `notes` text DEFAULT NULL,
  PRIMARY KEY (`id`),
  UNIQUE KEY `idx_edeufhseptmqzhtnthdhcedaqxjcehqcnfkl` (`canonicalId`,`num`),
  KEY `fk_uqkwytctibcmqqgwroukgqehcxokrfdoiyam` (`creatorId`),
  CONSTRAINT `fk_impbffanctpcjmbxcgxlrrylwhizkzfxyjgx` FOREIGN KEY (`canonicalId`) REFERENCES `elements` (`id`) ON DELETE CASCADE,
  CONSTRAINT `fk_uqkwytctibcmqqgwroukgqehcxokrfdoiyam` FOREIGN KEY (`creatorId`) REFERENCES `users` (`id`) ON DELETE SET NULL
) ENGINE=InnoDB AUTO_INCREMENT=32 DEFAULT CHARSET=utf8mb4 COLLATE=utf8mb4_unicode_520_ci;

--
-- Table structure for table `searchindex`
--

CREATE TABLE `searchindex` (
  `elementId` int(11) NOT NULL,
  `attribute` varchar(25) NOT NULL,
  `fieldId` int(11) NOT NULL,
  `siteId` int(11) NOT NULL,
  `keywords` text NOT NULL,
  PRIMARY KEY (`elementId`,`attribute`,`fieldId`,`siteId`),
  FULLTEXT KEY `idx_ayxhqhtdzrbasdtpfxzikdexlcodcqywjpzb` (`keywords`)
) ENGINE=InnoDB DEFAULT CHARSET=utf8mb4 COLLATE=utf8mb4_unicode_520_ci;

--
-- Table structure for table `sections`
--

CREATE TABLE `sections` (
  `id` int(11) NOT NULL AUTO_INCREMENT,
  `structureId` int(11) DEFAULT NULL,
  `name` varchar(255) NOT NULL,
  `handle` varchar(255) NOT NULL,
  `type` enum('single','channel','structure') NOT NULL DEFAULT 'channel',
  `enableVersioning` tinyint(1) NOT NULL DEFAULT 0,
  `maxAuthors` smallint(5) unsigned NOT NULL DEFAULT 1,
  `propagationMethod` varchar(255) NOT NULL DEFAULT 'all',
  `defaultPlacement` enum('beginning','end') NOT NULL DEFAULT 'end',
  `previewTargets` longtext CHARACTER SET utf8mb4 COLLATE utf8mb4_bin DEFAULT NULL CHECK (json_valid(`previewTargets`)),
  `dateCreated` datetime NOT NULL,
  `dateUpdated` datetime NOT NULL,
  `dateDeleted` datetime DEFAULT NULL,
  `uid` char(36) NOT NULL DEFAULT '0',
  PRIMARY KEY (`id`),
  KEY `idx_ribaoqlfhiricektbzrxlhxgfovhtxcnjaso` (`handle`),
  KEY `idx_qljjcjdiwmgctesxnecnlcnqgvewkkcenffk` (`name`),
  KEY `idx_rdwsjchsnzjymsbcabxasmululjesbcattqt` (`structureId`),
  KEY `idx_kxpejquvljwqfjdgjcitbgavtvtzcniqbvmu` (`dateDeleted`),
  CONSTRAINT `fk_ogwtqysjkhtafgjcxxqwriseuhpvaprwujrf` FOREIGN KEY (`structureId`) REFERENCES `structures` (`id`) ON DELETE SET NULL
) ENGINE=InnoDB AUTO_INCREMENT=5 DEFAULT CHARSET=utf8mb4 COLLATE=utf8mb4_unicode_520_ci;

--
-- Table structure for table `sections_entrytypes`
--

CREATE TABLE `sections_entrytypes` (
  `sectionId` int(11) NOT NULL,
  `typeId` int(11) NOT NULL,
  `sortOrder` smallint(5) unsigned NOT NULL,
  PRIMARY KEY (`sectionId`,`typeId`),
  KEY `fk_ojexxjsvdzfcvgflgzbvbgwsgeceirgvguhr` (`typeId`),
  CONSTRAINT `fk_ogkfeajkvoddzjaedrhwzpuymddywbxvvelm` FOREIGN KEY (`sectionId`) REFERENCES `sections` (`id`) ON DELETE CASCADE,
  CONSTRAINT `fk_ojexxjsvdzfcvgflgzbvbgwsgeceirgvguhr` FOREIGN KEY (`typeId`) REFERENCES `entrytypes` (`id`) ON DELETE CASCADE
) ENGINE=InnoDB DEFAULT CHARSET=utf8mb4 COLLATE=utf8mb4_unicode_520_ci;

--
-- Table structure for table `sections_sites`
--

CREATE TABLE `sections_sites` (
  `id` int(11) NOT NULL AUTO_INCREMENT,
  `sectionId` int(11) NOT NULL,
  `siteId` int(11) NOT NULL,
  `hasUrls` tinyint(1) NOT NULL DEFAULT 1,
  `uriFormat` text DEFAULT NULL,
  `template` varchar(500) DEFAULT NULL,
  `enabledByDefault` tinyint(1) NOT NULL DEFAULT 1,
  `dateCreated` datetime NOT NULL,
  `dateUpdated` datetime NOT NULL,
  `uid` char(36) NOT NULL DEFAULT '0',
  PRIMARY KEY (`id`),
  UNIQUE KEY `idx_jaumgtmblvkdoqkdjtuyftsxrzcwnwcplkzb` (`sectionId`,`siteId`),
  KEY `idx_gnxfngzrhgoyzkchonhflipgahyxfadybwvd` (`siteId`),
  CONSTRAINT `fk_qfczmpwuducovpzqtlfamsuyymcwiixracqi` FOREIGN KEY (`sectionId`) REFERENCES `sections` (`id`) ON DELETE CASCADE,
  CONSTRAINT `fk_vevzkmfwyccgjzadgqxpvilslqfohjxxaljv` FOREIGN KEY (`siteId`) REFERENCES `sites` (`id`) ON DELETE CASCADE ON UPDATE CASCADE
) ENGINE=InnoDB AUTO_INCREMENT=5 DEFAULT CHARSET=utf8mb4 COLLATE=utf8mb4_unicode_520_ci;

--
-- Table structure for table `sequences`
--

CREATE TABLE `sequences` (
  `name` varchar(255) NOT NULL,
  `next` int(10) unsigned NOT NULL DEFAULT 1,
  PRIMARY KEY (`name`)
) ENGINE=InnoDB DEFAULT CHARSET=utf8mb4 COLLATE=utf8mb4_unicode_520_ci;

--
-- Table structure for table `sessions`
--

CREATE TABLE `sessions` (
  `id` int(11) NOT NULL AUTO_INCREMENT,
  `userId` int(11) NOT NULL,
  `token` char(100) NOT NULL,
  `dateCreated` datetime NOT NULL,
  `dateUpdated` datetime NOT NULL,
  `uid` char(36) NOT NULL DEFAULT '0',
  PRIMARY KEY (`id`),
  KEY `idx_czxahpkgwyszzqehmdcgsoprnqyzgcotecot` (`uid`),
  KEY `idx_qibboltbwvmehhcebkrkeldxgfgjlcelzpkj` (`token`),
  KEY `idx_bmxkwnwtilyeqxwbpmqdqjjmedaiaafdbvfr` (`dateUpdated`),
  KEY `idx_qwadoxtzeerdbfmquraaivursgkhjdrwuhii` (`userId`),
  CONSTRAINT `fk_xdvxsecefrorhowsbgxrtinrlrfashcvflfc` FOREIGN KEY (`userId`) REFERENCES `users` (`id`) ON DELETE CASCADE
) ENGINE=InnoDB AUTO_INCREMENT=16 DEFAULT CHARSET=utf8mb4 COLLATE=utf8mb4_unicode_520_ci;

--
-- Table structure for table `shunnedmessages`
--

CREATE TABLE `shunnedmessages` (
  `id` int(11) NOT NULL AUTO_INCREMENT,
  `userId` int(11) NOT NULL,
  `message` varchar(255) NOT NULL,
  `expiryDate` datetime DEFAULT NULL,
  `dateCreated` datetime NOT NULL,
  `dateUpdated` datetime NOT NULL,
  `uid` char(36) NOT NULL DEFAULT '0',
  PRIMARY KEY (`id`),
  UNIQUE KEY `idx_nabxjjpnxoiqnzpkrscliobjhdbbgrfnuseq` (`userId`,`message`),
  CONSTRAINT `fk_zzgpmvlyhivfdetqinqmnaehcoswpnefaoph` FOREIGN KEY (`userId`) REFERENCES `users` (`id`) ON DELETE CASCADE
) ENGINE=InnoDB DEFAULT CHARSET=utf8mb4 COLLATE=utf8mb4_unicode_520_ci;

--
-- Table structure for table `sitegroups`
--

CREATE TABLE `sitegroups` (
  `id` int(11) NOT NULL AUTO_INCREMENT,
  `name` varchar(255) NOT NULL,
  `dateCreated` datetime NOT NULL,
  `dateUpdated` datetime NOT NULL,
  `dateDeleted` datetime DEFAULT NULL,
  `uid` char(36) NOT NULL DEFAULT '0',
  PRIMARY KEY (`id`),
  KEY `idx_mjkoupnajwmxbdakdfbyfnjxbznvxcnprggf` (`name`)
) ENGINE=InnoDB AUTO_INCREMENT=2 DEFAULT CHARSET=utf8mb4 COLLATE=utf8mb4_unicode_520_ci;

--
-- Table structure for table `sites`
--

CREATE TABLE `sites` (
  `id` int(11) NOT NULL AUTO_INCREMENT,
  `groupId` int(11) NOT NULL,
  `primary` tinyint(1) NOT NULL,
  `enabled` varchar(255) NOT NULL DEFAULT 'true',
  `name` varchar(255) NOT NULL,
  `handle` varchar(255) NOT NULL,
  `language` varchar(255) NOT NULL,
  `hasUrls` tinyint(1) NOT NULL DEFAULT 0,
  `baseUrl` varchar(255) DEFAULT NULL,
  `sortOrder` smallint(5) unsigned DEFAULT NULL,
  `dateCreated` datetime NOT NULL,
  `dateUpdated` datetime NOT NULL,
  `dateDeleted` datetime DEFAULT NULL,
  `uid` char(36) NOT NULL DEFAULT '0',
  PRIMARY KEY (`id`),
  KEY `idx_blpnhvskptwugfiwoqbxlapqbxmhpdfjcaus` (`dateDeleted`),
  KEY `idx_ejmeqmumpevrtyxrdwyqzlpcyoqlntukpiit` (`handle`),
  KEY `idx_vmhvujwanogafkizgyammmyovmbewtswcjwv` (`sortOrder`),
  KEY `fk_dextfmznzysajimalszblwrxomoghduacmgi` (`groupId`),
  CONSTRAINT `fk_dextfmznzysajimalszblwrxomoghduacmgi` FOREIGN KEY (`groupId`) REFERENCES `sitegroups` (`id`) ON DELETE CASCADE
) ENGINE=InnoDB AUTO_INCREMENT=3 DEFAULT CHARSET=utf8mb4 COLLATE=utf8mb4_unicode_520_ci;

--
-- Table structure for table `sso_identities`
--

CREATE TABLE `sso_identities` (
  `provider` varchar(255) NOT NULL,
  `identityId` varchar(255) NOT NULL,
  `userId` int(11) NOT NULL,
  `dateCreated` datetime NOT NULL,
  `dateUpdated` datetime NOT NULL,
  PRIMARY KEY (`provider`,`identityId`,`userId`),
  KEY `fk_qpempmeyhtvunzuelsgrsyvthzbtikiwaliz` (`userId`),
  CONSTRAINT `fk_qpempmeyhtvunzuelsgrsyvthzbtikiwaliz` FOREIGN KEY (`userId`) REFERENCES `users` (`id`) ON DELETE CASCADE
) ENGINE=InnoDB DEFAULT CHARSET=utf8mb4 COLLATE=utf8mb4_unicode_ci;

--
-- Table structure for table `structureelements`
--

CREATE TABLE `structureelements` (
  `id` int(11) NOT NULL AUTO_INCREMENT,
  `structureId` int(11) NOT NULL,
  `elementId` int(11) DEFAULT NULL,
  `root` int(10) unsigned DEFAULT NULL,
  `lft` int(10) unsigned NOT NULL,
  `rgt` int(10) unsigned NOT NULL,
  `level` smallint(5) unsigned NOT NULL,
  `dateCreated` datetime NOT NULL,
  `dateUpdated` datetime NOT NULL,
  `uid` char(36) NOT NULL DEFAULT '0',
  PRIMARY KEY (`id`),
  UNIQUE KEY `idx_mqdxcbiyrcdasaxharzeojdlxlckctmfnwig` (`structureId`,`elementId`),
  KEY `idx_jdjlzaztrfsamhxnbwltlxbxgadebfvvebsd` (`root`),
  KEY `idx_evuaqrdxarnswnkhvfgooihiqqtaonwkcqbb` (`lft`),
  KEY `idx_mnufeyzpcsjeujgsqkrowvcpsfvqbrqsdmqb` (`rgt`),
  KEY `idx_fhrowevacgligzlrafqgsenfmrsvdvdbceuh` (`level`),
  KEY `idx_cgrstygacnbboicqakrgazrouoenjfsgmjdq` (`elementId`),
  CONSTRAINT `fk_zzjoorflexwvvrsjzgglrdtywgndgjcpgipu` FOREIGN KEY (`structureId`) REFERENCES `structures` (`id`) ON DELETE CASCADE
) ENGINE=InnoDB DEFAULT CHARSET=utf8mb4 COLLATE=utf8mb4_unicode_520_ci;

--
-- Table structure for table `structures`
--

CREATE TABLE `structures` (
  `id` int(11) NOT NULL AUTO_INCREMENT,
  `maxLevels` smallint(5) unsigned DEFAULT NULL,
  `dateCreated` datetime NOT NULL,
  `dateUpdated` datetime NOT NULL,
  `dateDeleted` datetime DEFAULT NULL,
  `uid` char(36) NOT NULL DEFAULT '0',
  PRIMARY KEY (`id`),
  KEY `idx_tnhibgywjtruvuzhfnwoazdljnanogqhmvoi` (`dateDeleted`)
) ENGINE=InnoDB AUTO_INCREMENT=3 DEFAULT CHARSET=utf8mb4 COLLATE=utf8mb4_unicode_520_ci;

--
-- Table structure for table `systemmessages`
--

CREATE TABLE `systemmessages` (
  `id` int(11) NOT NULL AUTO_INCREMENT,
  `language` varchar(255) NOT NULL,
  `key` varchar(255) NOT NULL,
  `subject` text NOT NULL,
  `body` text NOT NULL,
  `dateCreated` datetime NOT NULL,
  `dateUpdated` datetime NOT NULL,
  `uid` char(36) NOT NULL DEFAULT '0',
  PRIMARY KEY (`id`),
  UNIQUE KEY `idx_osqliptonscvytlkuspvdtslgjdfosmpbatk` (`key`,`language`),
  KEY `idx_zevzbyhgtckuagrytnafkdclpxkfluglmfej` (`language`)
) ENGINE=InnoDB DEFAULT CHARSET=utf8mb4 COLLATE=utf8mb4_unicode_520_ci;

--
-- Table structure for table `taggroups`
--

CREATE TABLE `taggroups` (
  `id` int(11) NOT NULL AUTO_INCREMENT,
  `name` varchar(255) NOT NULL,
  `handle` varchar(255) NOT NULL,
  `fieldLayoutId` int(11) DEFAULT NULL,
  `dateCreated` datetime NOT NULL,
  `dateUpdated` datetime NOT NULL,
  `dateDeleted` datetime DEFAULT NULL,
  `uid` char(36) NOT NULL DEFAULT '0',
  PRIMARY KEY (`id`),
  KEY `idx_apvaayfxqhansanbsfqqaxdaiyvfokzflwed` (`name`),
  KEY `idx_cvmcagcqqqvxpddwapoznldvjijrubideedp` (`handle`),
  KEY `idx_hywfynrkxjdhzvbnvlenyjbnugsvbjuyqaey` (`dateDeleted`),
  KEY `fk_wwdupnvjvachdmcxtokaktczjiaymtbjgpnq` (`fieldLayoutId`),
  CONSTRAINT `fk_wwdupnvjvachdmcxtokaktczjiaymtbjgpnq` FOREIGN KEY (`fieldLayoutId`) REFERENCES `fieldlayouts` (`id`) ON DELETE SET NULL
) ENGINE=InnoDB DEFAULT CHARSET=utf8mb4 COLLATE=utf8mb4_unicode_520_ci;

--
-- Table structure for table `tags`
--

CREATE TABLE `tags` (
  `id` int(11) NOT NULL,
  `groupId` int(11) NOT NULL,
  `deletedWithGroup` tinyint(1) DEFAULT NULL,
  `dateCreated` datetime NOT NULL,
  `dateUpdated` datetime NOT NULL,
  PRIMARY KEY (`id`),
  KEY `idx_bgswcuyzqmaqfetkxllghnscndynoejdpxwg` (`groupId`),
  CONSTRAINT `fk_lzptbphahpvrkddazashhukqzvdnoyeunjpn` FOREIGN KEY (`id`) REFERENCES `elements` (`id`) ON DELETE CASCADE,
  CONSTRAINT `fk_qtebqjaojmajjdjkwatswbopevydwiwfqnzx` FOREIGN KEY (`groupId`) REFERENCES `taggroups` (`id`) ON DELETE CASCADE
) ENGINE=InnoDB DEFAULT CHARSET=utf8mb4 COLLATE=utf8mb4_unicode_520_ci;

--
-- Table structure for table `tokens`
--

CREATE TABLE `tokens` (
  `id` int(11) NOT NULL AUTO_INCREMENT,
  `token` char(32) NOT NULL,
  `route` text DEFAULT NULL,
  `usageLimit` tinyint(3) unsigned DEFAULT NULL,
  `usageCount` tinyint(3) unsigned DEFAULT NULL,
  `expiryDate` datetime NOT NULL,
  `dateCreated` datetime NOT NULL,
  `dateUpdated` datetime NOT NULL,
  `uid` char(36) NOT NULL DEFAULT '0',
  PRIMARY KEY (`id`),
  UNIQUE KEY `idx_qqedmsplvaggstwtarphhtydfsvbkflqmjdw` (`token`),
  KEY `idx_pvnqtwtfmonqyfwxvvaecwlznjpxftxddxee` (`expiryDate`)
) ENGINE=InnoDB DEFAULT CHARSET=utf8mb4 COLLATE=utf8mb4_unicode_520_ci;

--
-- Table structure for table `usergroups`
--

CREATE TABLE `usergroups` (
  `id` int(11) NOT NULL AUTO_INCREMENT,
  `name` varchar(255) NOT NULL,
  `handle` varchar(255) NOT NULL,
  `description` text DEFAULT NULL,
  `dateCreated` datetime NOT NULL,
  `dateUpdated` datetime NOT NULL,
  `uid` char(36) NOT NULL DEFAULT '0',
  PRIMARY KEY (`id`),
  KEY `idx_lahtdclnwqifgsmnogbuynatwbrjxloyvyde` (`handle`),
  KEY `idx_bpuqrbmfjpumypirjddxjthovyxmhbwwcelk` (`name`)
) ENGINE=InnoDB DEFAULT CHARSET=utf8mb4 COLLATE=utf8mb4_unicode_520_ci;

--
-- Table structure for table `usergroups_users`
--

CREATE TABLE `usergroups_users` (
  `id` int(11) NOT NULL AUTO_INCREMENT,
  `groupId` int(11) NOT NULL,
  `userId` int(11) NOT NULL,
  `dateCreated` datetime NOT NULL,
  `dateUpdated` datetime NOT NULL,
  `uid` char(36) NOT NULL DEFAULT '0',
  PRIMARY KEY (`id`),
  UNIQUE KEY `idx_hcbwgbhketkfnxqvcukmgponerplhhojsgsb` (`groupId`,`userId`),
  KEY `idx_vndkznxdsvkgrnycoskdpaiykezteruquhbe` (`userId`),
  CONSTRAINT `fk_meebdniawtqhuzjmymcfrhpwarrchgbjvmui` FOREIGN KEY (`groupId`) REFERENCES `usergroups` (`id`) ON DELETE CASCADE,
  CONSTRAINT `fk_xyjrjxnjjvgfafiyhrgtoyfnjabstqogipgm` FOREIGN KEY (`userId`) REFERENCES `users` (`id`) ON DELETE CASCADE
) ENGINE=InnoDB DEFAULT CHARSET=utf8mb4 COLLATE=utf8mb4_unicode_520_ci;

--
-- Table structure for table `userpermissions`
--

CREATE TABLE `userpermissions` (
  `id` int(11) NOT NULL AUTO_INCREMENT,
  `name` varchar(255) NOT NULL,
  `dateCreated` datetime NOT NULL,
  `dateUpdated` datetime NOT NULL,
  `uid` char(36) NOT NULL DEFAULT '0',
  PRIMARY KEY (`id`),
  UNIQUE KEY `idx_rgxoxunuhvdaqccteqiekhvglamubhgejkyu` (`name`)
) ENGINE=InnoDB DEFAULT CHARSET=utf8mb4 COLLATE=utf8mb4_unicode_520_ci;

--
-- Table structure for table `userpermissions_usergroups`
--

CREATE TABLE `userpermissions_usergroups` (
  `id` int(11) NOT NULL AUTO_INCREMENT,
  `permissionId` int(11) NOT NULL,
  `groupId` int(11) NOT NULL,
  `dateCreated` datetime NOT NULL,
  `dateUpdated` datetime NOT NULL,
  `uid` char(36) NOT NULL DEFAULT '0',
  PRIMARY KEY (`id`),
  UNIQUE KEY `idx_xhdefbzdxegfkrzbqoigomjtaoldyzacotgj` (`permissionId`,`groupId`),
  KEY `idx_qdewwmhjletysefkcqjcnnvnhurobaytqyyz` (`groupId`),
  CONSTRAINT `fk_gsnkzlqxwlcvynmqlpbqywdwzaptclmstsui` FOREIGN KEY (`permissionId`) REFERENCES `userpermissions` (`id`) ON DELETE CASCADE,
  CONSTRAINT `fk_lbnaqkmwzgaisxsmciacveenfjtorkqnulyp` FOREIGN KEY (`groupId`) REFERENCES `usergroups` (`id`) ON DELETE CASCADE
) ENGINE=InnoDB DEFAULT CHARSET=utf8mb4 COLLATE=utf8mb4_unicode_520_ci;

--
-- Table structure for table `userpermissions_users`
--

CREATE TABLE `userpermissions_users` (
  `id` int(11) NOT NULL AUTO_INCREMENT,
  `permissionId` int(11) NOT NULL,
  `userId` int(11) NOT NULL,
  `dateCreated` datetime NOT NULL,
  `dateUpdated` datetime NOT NULL,
  `uid` char(36) NOT NULL DEFAULT '0',
  PRIMARY KEY (`id`),
  UNIQUE KEY `idx_qutfzmrkajqvpywqwdbowgrwjaynrkwedjuk` (`permissionId`,`userId`),
  KEY `idx_hleghihdhstpkqecolwzzfrssnqeicfdnvho` (`userId`),
  CONSTRAINT `fk_kvrpmkjbaajumdmlxrftplkrubhgftnfhnmx` FOREIGN KEY (`userId`) REFERENCES `users` (`id`) ON DELETE CASCADE,
  CONSTRAINT `fk_ofjyzlyjwrwmkyoxgnzdjhhthavjqqawafyo` FOREIGN KEY (`permissionId`) REFERENCES `userpermissions` (`id`) ON DELETE CASCADE
) ENGINE=InnoDB DEFAULT CHARSET=utf8mb4 COLLATE=utf8mb4_unicode_520_ci;

--
-- Table structure for table `userpreferences`
--

CREATE TABLE `userpreferences` (
  `userId` int(11) NOT NULL AUTO_INCREMENT,
  `preferences` longtext CHARACTER SET utf8mb4 COLLATE utf8mb4_bin DEFAULT NULL CHECK (json_valid(`preferences`)),
  PRIMARY KEY (`userId`),
  CONSTRAINT `fk_sfjjvncbqwfstxcnyapjfrnfajepmvkqxcvi` FOREIGN KEY (`userId`) REFERENCES `users` (`id`) ON DELETE CASCADE
) ENGINE=InnoDB AUTO_INCREMENT=10 DEFAULT CHARSET=utf8mb4 COLLATE=utf8mb4_unicode_520_ci;

--
-- Table structure for table `volumefolders`
--

CREATE TABLE `volumefolders` (
  `id` int(11) NOT NULL AUTO_INCREMENT,
  `parentId` int(11) DEFAULT NULL,
  `volumeId` int(11) DEFAULT NULL,
  `name` varchar(255) NOT NULL,
  `path` varchar(255) DEFAULT NULL,
  `dateCreated` datetime NOT NULL,
  `dateUpdated` datetime NOT NULL,
  `uid` char(36) NOT NULL DEFAULT '0',
  PRIMARY KEY (`id`),
  UNIQUE KEY `idx_srinwknbjmnvawealbhtkwemhtrdzrlqnlpc` (`name`,`parentId`,`volumeId`),
  KEY `idx_qgdhhdkigqxabrfnlyugnsosqgngfwlnkbve` (`parentId`),
  KEY `idx_zeyntegfxzubxklzpesgdzjaighicgdmdbji` (`volumeId`),
  CONSTRAINT `fk_wroawudqgmrtvkveudlsbnnsjvyolrqfcblo` FOREIGN KEY (`parentId`) REFERENCES `volumefolders` (`id`) ON DELETE CASCADE,
  CONSTRAINT `fk_zgrnwsolqpqsfpyzapuebatvbgvarsdctrrq` FOREIGN KEY (`volumeId`) REFERENCES `volumes` (`id`) ON DELETE CASCADE
) ENGINE=InnoDB AUTO_INCREMENT=6 DEFAULT CHARSET=utf8mb4 COLLATE=utf8mb4_unicode_520_ci;

--
-- Table structure for table `volumes`
--

CREATE TABLE `volumes` (
  `id` int(11) NOT NULL AUTO_INCREMENT,
  `fieldLayoutId` int(11) DEFAULT NULL,
  `name` varchar(255) NOT NULL,
  `handle` varchar(255) NOT NULL,
  `fs` varchar(255) NOT NULL,
  `subpath` varchar(255) DEFAULT NULL,
  `transformFs` varchar(255) DEFAULT NULL,
  `transformSubpath` varchar(255) DEFAULT NULL,
  `titleTranslationMethod` varchar(255) NOT NULL DEFAULT 'site',
  `titleTranslationKeyFormat` text DEFAULT NULL,
  `altTranslationMethod` varchar(255) NOT NULL DEFAULT 'site',
  `altTranslationKeyFormat` text DEFAULT NULL,
  `sortOrder` smallint(5) unsigned DEFAULT NULL,
  `dateCreated` datetime NOT NULL,
  `dateUpdated` datetime NOT NULL,
  `dateDeleted` datetime DEFAULT NULL,
  `uid` char(36) NOT NULL DEFAULT '0',
  PRIMARY KEY (`id`),
  KEY `idx_cfgnblcluqichbwqzacdcdbawzfgutjjdbxw` (`name`),
  KEY `idx_zrktathmxlvwjuynrxnkzivdxzvqrxqmjbtr` (`handle`),
  KEY `idx_ahwywkkzqrbjfyczpkiccjeeksvqfrtcrfzm` (`fieldLayoutId`),
  KEY `idx_wdaimkkpsbfdsicftbvticcazpxlpcdwxwec` (`dateDeleted`),
  CONSTRAINT `fk_wjdvyudfzqjhggvdfhhyikyzdseknwfrteih` FOREIGN KEY (`fieldLayoutId`) REFERENCES `fieldlayouts` (`id`) ON DELETE SET NULL
) ENGINE=InnoDB AUTO_INCREMENT=3 DEFAULT CHARSET=utf8mb4 COLLATE=utf8mb4_unicode_520_ci;

--
-- Table structure for table `webauthn`
--

CREATE TABLE `webauthn` (
  `id` int(11) NOT NULL AUTO_INCREMENT,
  `userId` int(11) NOT NULL,
  `credentialId` varchar(255) DEFAULT NULL,
  `credential` text DEFAULT NULL,
  `credentialName` varchar(255) DEFAULT NULL,
  `dateLastUsed` datetime DEFAULT NULL,
  `dateCreated` datetime NOT NULL,
  `dateUpdated` datetime NOT NULL,
  `uid` char(36) NOT NULL DEFAULT '0',
  PRIMARY KEY (`id`),
  KEY `fk_dimyyfmwwbtyqwymhvrqnzhfkgjtihqtxsen` (`userId`),
  CONSTRAINT `fk_dimyyfmwwbtyqwymhvrqnzhfkgjtihqtxsen` FOREIGN KEY (`userId`) REFERENCES `users` (`id`) ON DELETE CASCADE
) ENGINE=InnoDB DEFAULT CHARSET=utf8mb4 COLLATE=utf8mb4_unicode_520_ci;

--
-- Table structure for table `widgets`
--

CREATE TABLE `widgets` (
  `id` int(11) NOT NULL AUTO_INCREMENT,
  `userId` int(11) NOT NULL,
  `type` varchar(255) NOT NULL,
  `sortOrder` smallint(5) unsigned DEFAULT NULL,
  `colspan` tinyint(4) DEFAULT NULL,
  `settings` longtext CHARACTER SET utf8mb4 COLLATE utf8mb4_bin DEFAULT NULL CHECK (json_valid(`settings`)),
  `enabled` tinyint(1) NOT NULL DEFAULT 1,
  `dateCreated` datetime NOT NULL,
  `dateUpdated` datetime NOT NULL,
  `uid` char(36) NOT NULL DEFAULT '0',
  PRIMARY KEY (`id`),
  KEY `idx_fgqnxmhfhojwyklqrbiofhytxtbnxhusiinr` (`userId`),
  CONSTRAINT `fk_taiafgjuwcyqczxpnccwrjxlapfmtdnsfwlz` FOREIGN KEY (`userId`) REFERENCES `users` (`id`) ON DELETE CASCADE
) ENGINE=InnoDB AUTO_INCREMENT=5 DEFAULT CHARSET=utf8mb4 COLLATE=utf8mb4_unicode_520_ci;

--
-- Dumping routines for database 'alliance'
--


--
-- Host: localhost    Database: alliance
-- ------------------------------------------------------


--
-- Dumping data for table `addresses`
--

set autocommit=0;
commit;

--
-- Dumping data for table `announcements`
--

set autocommit=0;
commit;

--
-- Dumping data for table `assetindexingsessions`
--

set autocommit=0;
commit;

--
-- Dumping data for table `assets`
--

set autocommit=0;
INSERT INTO `assets` VALUES
(13,1,1,9,'logo-champion.svg','image',NULL,247,131,2388,NULL,NULL,NULL,'2024-05-13 14:56:13','2024-05-13 14:56:13','2024-05-13 14:56:19'),
(14,1,1,9,'logo-fel-pro.svg','image',NULL,447,73,4624,NULL,NULL,NULL,'2024-05-13 14:56:13','2024-05-13 14:56:13','2024-05-13 14:56:19'),
(15,1,1,9,'logo-garage-gurus.svg','image',NULL,254,100,61082,NULL,NULL,NULL,'2024-05-13 14:56:13','2024-05-13 14:56:13','2024-05-13 14:56:19'),
(16,1,1,9,'logo-monroe.svg','image',NULL,376,104,5866,NULL,NULL,NULL,'2024-05-13 14:56:13','2024-05-13 14:56:13','2024-05-13 14:56:19'),
(17,1,1,9,'logo-moog.svg','image',NULL,374,136,5239,NULL,NULL,NULL,'2024-05-13 14:56:13','2024-05-13 14:56:13','2024-05-13 14:56:19'),
(18,1,1,9,'logo-wagner.svg','image',NULL,430,74,4096,NULL,NULL,NULL,'2024-05-13 14:56:13','2024-05-13 14:56:13','2024-05-13 14:56:19'),
(19,1,1,9,'logo-walker.svg','image',NULL,314,114,4892,NULL,NULL,NULL,'2024-05-13 14:56:13','2024-05-13 14:56:13','2024-05-13 14:56:19'),
(61,2,4,9,'20240709_181445620_iOS.jpg','image',NULL,5464,5464,13479366,NULL,NULL,NULL,'2025-03-14 17:03:25','2025-03-14 17:03:26','2025-03-14 17:03:26'),
(62,2,4,9,'20240709_181811710_iOS.jpg','image',NULL,5041,5041,9507633,NULL,NULL,NULL,'2025-03-14 17:03:30','2025-03-14 17:03:30','2025-03-14 17:03:30'),
(63,2,4,9,'20240709_181952120_iOS.jpg','image',NULL,5464,5464,11474536,NULL,NULL,NULL,'2025-03-14 17:03:35','2025-03-14 17:03:36','2025-03-14 17:03:36'),
(64,2,4,9,'20240709_183143050_iOS.jpg','image',NULL,5464,5464,12688080,NULL,NULL,NULL,'2025-03-14 17:03:41','2025-03-14 17:03:41','2025-03-14 17:03:41'),
(65,2,4,9,'20240709_183337410_iOS.jpg','image',NULL,4742,4742,8041216,NULL,NULL,NULL,'2025-03-14 17:03:45','2025-03-14 17:03:45','2025-03-14 17:03:45'),
(66,2,4,9,'20240709_191153800_iOS.jpg','image',NULL,4515,4515,6657272,NULL,NULL,NULL,'2025-03-14 17:03:48','2025-03-14 17:03:48','2025-03-14 17:03:48'),
(67,2,4,9,'Bumper2.jpg','image',NULL,3214,4500,4359019,NULL,NULL,NULL,'2025-03-14 17:03:50','2025-03-14 17:03:51','2025-03-14 17:03:51'),
(68,2,4,9,'Bumper6.jpg','image',NULL,4500,3214,5137507,NULL,NULL,NULL,'2025-03-14 17:03:53','2025-03-14 17:03:53','2025-03-14 17:03:53'),
(69,2,4,9,'Bumper69.jpg','image',NULL,4500,3214,4778871,NULL,NULL,NULL,'2025-03-14 17:03:55','2025-03-14 17:03:55','2025-03-14 17:03:55'),
(70,2,4,9,'Bumper79.jpg','image',NULL,4500,3214,4904081,NULL,NULL,NULL,'2025-03-14 17:03:57','2025-03-14 17:03:58','2025-03-14 17:03:58'),
(71,2,4,9,'Bumper120.jpg','image',NULL,4500,3214,3614335,NULL,NULL,NULL,'2025-03-14 17:03:59','2025-03-14 17:04:00','2025-03-14 17:04:00'),
(72,2,4,9,'Bumper122.jpg','image',NULL,4500,3214,3594596,NULL,NULL,NULL,'2025-03-14 17:04:02','2025-03-14 17:04:02','2025-03-14 17:04:02'),
(73,2,4,9,'Bumper125.jpg','image',NULL,4500,3214,2490302,NULL,NULL,NULL,'2025-03-14 17:04:03','2025-03-14 17:04:04','2025-03-14 17:04:04'),
(74,2,4,9,'Bumper130.jpg','image',NULL,4500,3214,3099751,NULL,NULL,NULL,'2025-03-14 17:04:05','2025-03-14 17:04:05','2025-03-14 17:04:05'),
(75,2,4,9,'Bumper176.jpg','image',NULL,3214,4500,3385440,NULL,NULL,NULL,'2025-03-14 17:04:07','2025-03-14 17:04:07','2025-03-14 17:04:07'),
(76,2,4,9,'Bumper189.jpg','image',NULL,4500,3214,3568221,NULL,NULL,NULL,'2025-03-14 17:04:09','2025-03-14 17:04:09','2025-03-14 17:04:09'),
(77,2,4,9,'Bumper191.jpg','image',NULL,4500,3214,2147693,NULL,NULL,NULL,'2025-03-14 17:04:11','2025-03-14 17:04:11','2025-03-14 17:04:11'),
(78,2,4,9,'Bumper211.jpg','image',NULL,4500,3214,4910426,NULL,NULL,NULL,'2025-03-14 17:04:13','2025-03-14 17:04:13','2025-03-14 17:04:13'),
(79,2,4,9,'Bumper220.jpg','image',NULL,4500,3214,2787172,NULL,NULL,NULL,'2025-03-14 17:04:15','2025-03-14 17:04:15','2025-03-14 17:04:15'),
(80,2,4,9,'IMG_8384.JPEG','image',NULL,2364,1330,1095680,NULL,NULL,NULL,'2025-03-14 17:04:25','2025-03-14 17:04:25','2025-03-14 17:04:25'),
(81,2,4,9,'IMG_8390.JPEG','image',NULL,2364,1330,882700,NULL,NULL,NULL,'2025-03-14 17:04:26','2025-03-14 17:04:26','2025-03-14 17:04:26'),
(82,2,4,9,'IMG_8393.JPEG','image',NULL,1330,2364,818095,NULL,NULL,NULL,'2025-03-14 17:04:27','2025-03-14 17:04:27','2025-03-14 17:04:27'),
(83,2,4,9,'IMG_8395.JPEG','image',NULL,2364,1330,784530,NULL,NULL,NULL,'2025-03-14 17:04:27','2025-03-14 17:04:27','2025-03-14 17:04:27'),
(84,2,4,9,'IMG_8399.JPEG','image',NULL,2364,1330,685797,NULL,NULL,NULL,'2025-03-14 17:04:28','2025-03-14 17:04:28','2025-03-14 17:04:28'),
(85,2,4,9,'Photo-10-07-23-17-49-28.jpg','image',NULL,2049,1536,671225,NULL,NULL,NULL,'2025-03-14 17:04:29','2025-03-14 17:04:29','2025-03-14 17:04:29'),
(86,2,4,9,'Photo-10-07-23-21-41-26.jpg','image',NULL,2049,1536,873126,NULL,NULL,NULL,'2025-03-14 17:04:29','2025-03-14 17:04:29','2025-03-14 17:04:29'),
(87,2,4,9,'Photo-11-07-23-9-15-28.jpg','image',NULL,2049,1536,718607,NULL,NULL,NULL,'2025-03-14 17:04:30','2025-03-14 17:04:30','2025-03-14 17:04:30'),
(88,2,4,9,'Photo-11-07-23-10-34-37.jpg','image',NULL,2049,1536,738599,NULL,NULL,NULL,'2025-03-14 17:04:30','2025-03-14 17:04:30','2025-03-14 17:04:30'),
(89,2,4,9,'Photo-11-07-23-10-46-17.jpg','image',NULL,2049,1536,799223,NULL,NULL,NULL,'2025-03-14 17:04:31','2025-03-14 17:04:31','2025-03-14 17:04:31'),
(90,2,4,9,'Photo-11-07-23-11-29-13.jpg','image',NULL,2049,1536,858538,NULL,NULL,NULL,'2025-03-14 17:04:32','2025-03-14 17:04:32','2025-03-14 17:04:32'),
(91,2,4,9,'Photo-11-07-23-11-29-28.jpg','image',NULL,2049,1536,859556,NULL,NULL,NULL,'2025-03-14 17:04:32','2025-03-14 17:04:32','2025-03-14 17:04:32'),
(92,2,4,9,'Photo-Jul-10-2024-10-28-22-PM.jpg','image',NULL,4032,3024,3606539,NULL,NULL,NULL,'2025-03-14 17:04:35','2025-03-14 17:04:35','2025-03-14 17:04:35'),
(93,2,4,9,'Photo-Jul-11-2023-3-11-24-PM-1.jpg','image',NULL,2049,1536,1088411,NULL,NULL,NULL,'2025-03-14 17:04:36','2025-03-14 17:04:36','2025-03-14 17:04:36'),
(94,2,4,9,'Photo-Jul-12-2023-9-16-40-PM.jpg','image',NULL,1536,2049,818752,NULL,NULL,NULL,'2025-03-14 17:04:36','2025-03-14 17:04:36','2025-03-14 17:04:36');
commit;

--
-- Dumping data for table `assets_sites`
--

set autocommit=0;
INSERT INTO `assets_sites` VALUES
(13,1,NULL),
(13,2,NULL),
(14,1,NULL),
(14,2,NULL),
(15,1,NULL),
(15,2,NULL),
(16,1,NULL),
(16,2,NULL),
(17,1,NULL),
(17,2,NULL),
(18,1,NULL),
(18,2,NULL),
(19,1,NULL),
(19,2,NULL),
(61,1,NULL),
(61,2,NULL),
(62,1,NULL),
(62,2,NULL),
(63,1,NULL),
(63,2,NULL),
(64,1,NULL),
(64,2,NULL),
(65,1,NULL),
(65,2,NULL),
(66,1,NULL),
(66,2,NULL),
(67,1,NULL),
(67,2,NULL),
(68,1,NULL),
(68,2,NULL),
(69,1,NULL),
(69,2,NULL),
(70,1,NULL),
(70,2,NULL),
(71,1,NULL),
(71,2,NULL),
(72,1,NULL),
(72,2,NULL),
(73,1,NULL),
(73,2,NULL),
(74,1,NULL),
(74,2,NULL),
(75,1,NULL),
(75,2,NULL),
(76,1,NULL),
(76,2,NULL),
(77,1,NULL),
(77,2,NULL),
(78,1,NULL),
(78,2,NULL),
(79,1,NULL),
(79,2,NULL),
(80,1,NULL),
(80,2,NULL),
(81,1,NULL),
(81,2,NULL),
(82,1,NULL),
(82,2,NULL),
(83,1,NULL),
(83,2,NULL),
(84,1,NULL),
(84,2,NULL),
(85,1,NULL),
(85,2,NULL),
(86,1,NULL),
(86,2,NULL),
(87,1,NULL),
(87,2,NULL),
(88,1,NULL),
(88,2,NULL),
(89,1,NULL),
(89,2,NULL),
(90,1,NULL),
(90,2,NULL),
(91,1,NULL),
(91,2,NULL),
(92,1,NULL),
(92,2,NULL),
(93,1,NULL),
(93,2,NULL),
(94,1,NULL),
(94,2,NULL);
commit;

--
-- Dumping data for table `authenticator`
--

set autocommit=0;
commit;

--
-- Dumping data for table `categories`
--

set autocommit=0;
commit;

--
-- Dumping data for table `categorygroups`
--

set autocommit=0;
INSERT INTO `categorygroups` VALUES
(1,2,2,'Companies','companies','end','2024-05-13 14:27:05','2024-05-13 14:27:05',NULL,'3badd6c8-5419-4a60-807b-78af194e1c83');
commit;

--
-- Dumping data for table `categorygroups_sites`
--

set autocommit=0;
INSERT INTO `categorygroups_sites` VALUES
(1,1,2,0,NULL,NULL,'2024-05-13 14:27:05','2024-05-13 14:27:05','b213ebd5-82e0-4358-93ad-1bd302f84271'),
(2,1,1,0,NULL,NULL,'2024-05-13 14:27:05','2024-05-13 14:27:05','cf7beadd-d488-4da1-9528-df1b0dcb44f7');
commit;

--
-- Dumping data for table `changedattributes`
--

set autocommit=0;

commit;

--
-- Dumping data for table `changedfields`
--

set autocommit=0;
INSERT INTO `changedfields` VALUES
(4,2,8,'55510914-f2fa-4f51-b863-7c4177ed8b88','2025-03-16 20:02:23',0,9),
(4,2,9,'b1cea98b-3e0e-4f2a-a53d-2cd90a78138e','2025-03-14 17:09:37',0,9),
(10,2,5,'ad19730a-ec98-4b57-91dc-7ac3df071908','2024-05-13 16:26:33',0,9),
(10,2,8,'7418a520-65c4-4f67-a4d3-e560d2f5f28d','2024-05-13 16:32:33',0,9),
(12,1,4,'f0b73076-0c1e-446a-affe-7c3dec4ef948','2024-05-13 14:56:44',1,9),
(12,1,6,'7b7fe796-4314-43e3-b6bd-073f576ea5dc','2024-05-13 14:56:44',1,9),
(12,2,4,'f0b73076-0c1e-446a-affe-7c3dec4ef948','2024-05-13 14:56:42',0,9),
(12,2,6,'7b7fe796-4314-43e3-b6bd-073f576ea5dc','2024-05-13 14:56:27',0,9),
(20,1,4,'f0b73076-0c1e-446a-affe-7c3dec4ef948','2024-05-13 14:57:33',1,9),
(20,1,6,'7b7fe796-4314-43e3-b6bd-073f576ea5dc','2024-05-13 14:57:33',1,9),
(20,2,4,'f0b73076-0c1e-446a-affe-7c3dec4ef948','2024-05-13 14:57:23',0,9),
(20,2,6,'7b7fe796-4314-43e3-b6bd-073f576ea5dc','2024-05-13 14:57:32',0,9),
(21,1,4,'f0b73076-0c1e-446a-affe-7c3dec4ef948','2024-05-13 14:58:00',1,9),
(21,1,6,'7b7fe796-4314-43e3-b6bd-073f576ea5dc','2024-05-13 14:58:00',1,9),
(21,2,4,'f0b73076-0c1e-446a-affe-7c3dec4ef948','2024-05-13 14:57:53',0,9),
(21,2,6,'7b7fe796-4314-43e3-b6bd-073f576ea5dc','2024-05-13 14:57:59',0,9),
(22,1,4,'f0b73076-0c1e-446a-affe-7c3dec4ef948','2024-05-13 14:58:30',1,9),
(22,1,6,'7b7fe796-4314-43e3-b6bd-073f576ea5dc','2024-05-13 14:58:30',1,9),
(22,2,4,'f0b73076-0c1e-446a-affe-7c3dec4ef948','2024-05-13 14:58:22',0,9),
(22,2,6,'7b7fe796-4314-43e3-b6bd-073f576ea5dc','2024-05-13 14:58:28',0,9),
(23,1,4,'f0b73076-0c1e-446a-affe-7c3dec4ef948','2024-05-13 14:58:55',1,9),
(23,1,6,'7b7fe796-4314-43e3-b6bd-073f576ea5dc','2024-05-13 14:58:55',1,9),
(23,2,4,'f0b73076-0c1e-446a-affe-7c3dec4ef948','2024-05-13 14:58:47',0,9),
(23,2,6,'7b7fe796-4314-43e3-b6bd-073f576ea5dc','2024-05-13 14:58:54',0,9),
(24,1,4,'f0b73076-0c1e-446a-affe-7c3dec4ef948','2024-05-13 14:59:31',1,9),
(24,1,6,'7b7fe796-4314-43e3-b6bd-073f576ea5dc','2024-05-13 14:59:31',1,9),
(24,2,4,'f0b73076-0c1e-446a-affe-7c3dec4ef948','2024-05-13 14:59:30',0,9),
(24,2,6,'7b7fe796-4314-43e3-b6bd-073f576ea5dc','2024-05-13 14:59:16',0,9),
(25,1,4,'f0b73076-0c1e-446a-affe-7c3dec4ef948','2024-05-13 14:59:55',1,9),
(25,1,6,'7b7fe796-4314-43e3-b6bd-073f576ea5dc','2024-05-13 14:59:55',1,9),
(25,2,4,'f0b73076-0c1e-446a-affe-7c3dec4ef948','2024-05-13 14:59:54',0,9),
(25,2,6,'7b7fe796-4314-43e3-b6bd-073f576ea5dc','2024-05-13 14:59:40',0,9),
(31,2,5,'ad19730a-ec98-4b57-91dc-7ac3df071908','2024-05-13 16:29:18',0,9),
(31,2,8,'7418a520-65c4-4f67-a4d3-e560d2f5f28d','2024-05-13 16:29:18',0,9),
(39,2,5,'ad19730a-ec98-4b57-91dc-7ac3df071908','2024-05-13 16:34:05',0,9),
(39,2,8,'7418a520-65c4-4f67-a4d3-e560d2f5f28d','2024-05-13 16:34:05',0,9),
(102,2,9,'b1cea98b-3e0e-4f2a-a53d-2cd90a78138e','2025-03-16 20:05:54',0,9);
commit;

--
-- Dumping data for table `craftidtokens`
--

set autocommit=0;
commit;

--
-- Dumping data for table `deprecationerrors`
--

set autocommit=0;
commit;

--
-- Dumping data for table `drafts`
--

set autocommit=0;
INSERT INTO `drafts` VALUES
(25,4,9,1,'Draft 1','',1,NULL,1);
commit;

--
-- Dumping data for table `elementactivity`
--

set autocommit=0;
commit;

--
-- Dumping data for table `elements`
--

set autocommit=0;
INSERT INTO `elements` VALUES
(1,NULL,NULL,NULL,8,'craft\\elements\\GlobalSet',1,0,'2024-05-13 14:27:05','2024-05-13 15:00:09',NULL,NULL,NULL,'fc8f160e-7247-4a54-b0c3-7d4503de2523'),
(2,NULL,NULL,NULL,5,'craft\\elements\\Entry',1,0,'2024-05-13 14:27:05','2024-05-13 16:39:46',NULL,NULL,NULL,'6f958d67-a550-4690-a0ac-976e30b9510c'),
(3,2,NULL,1,5,'craft\\elements\\Entry',1,0,'2024-05-13 14:27:05','2024-05-13 14:27:05',NULL,NULL,NULL,'113cac4a-6872-4b99-9417-25e2bf672452'),
(4,NULL,NULL,NULL,4,'craft\\elements\\Entry',1,0,'2024-05-13 14:27:06','2025-03-16 20:02:55',NULL,NULL,NULL,'1e304c1a-de2d-423e-ae49-91fdb73d2089'),
(5,4,NULL,2,4,'craft\\elements\\Entry',1,0,'2024-05-13 14:27:06','2024-05-13 14:27:06',NULL,NULL,NULL,'2190ce97-5f9b-4e03-af2b-4fcc2542fac3'),
(6,NULL,NULL,NULL,7,'craft\\elements\\Entry',1,0,'2024-05-13 14:27:06','2024-05-19 00:06:19',NULL,NULL,NULL,'d9a438a7-d87c-4397-aa76-65f53395d236'),
(7,6,NULL,3,7,'craft\\elements\\Entry',1,0,'2024-05-13 14:27:06','2024-05-13 14:27:06',NULL,NULL,NULL,'29244617-e033-4add-b5fb-f476af049427'),
(8,2,NULL,4,5,'craft\\elements\\Entry',1,0,'2024-05-13 14:27:06','2024-05-13 14:27:06',NULL,NULL,NULL,'ab5618c7-43e6-4e93-8f76-d4e1145f1f0c'),
(9,NULL,NULL,NULL,NULL,'craft\\elements\\User',1,0,'2024-05-13 14:27:06','2024-05-19 00:12:47',NULL,NULL,NULL,'ae1ef60e-de30-4714-9f8f-26b83143f8c9'),
(10,NULL,NULL,NULL,6,'craft\\elements\\Entry',1,0,'2024-05-13 14:28:13','2024-05-13 16:32:33',NULL,NULL,NULL,'f9acc266-ae6c-4a60-8d1a-ad6d5601fb25'),
(11,10,NULL,5,6,'craft\\elements\\Entry',1,0,'2024-05-13 14:28:21','2024-05-13 14:28:21',NULL,NULL,NULL,'4d6590c5-e256-4b3c-95dc-2ff69a5211a0'),
(12,NULL,NULL,NULL,3,'craft\\elements\\Entry',1,0,'2024-05-13 14:55:32','2024-05-13 14:56:44',NULL,NULL,NULL,'1a10d544-2952-4a83-b50c-7616fdea7e91'),
(13,NULL,NULL,NULL,9,'craft\\elements\\Asset',1,0,'2024-05-13 14:56:13','2024-05-13 14:56:18',NULL,NULL,NULL,'49100dbf-c119-401d-9b54-13107d5f3b3c'),
(14,NULL,NULL,NULL,9,'craft\\elements\\Asset',1,0,'2024-05-13 14:56:13','2024-05-13 14:56:19',NULL,NULL,NULL,'565cf23c-7106-4179-ae1c-41deaf9ecc5b'),
(15,NULL,NULL,NULL,9,'craft\\elements\\Asset',1,0,'2024-05-13 14:56:13','2024-05-13 14:56:19',NULL,NULL,NULL,'50c5b74d-5fa7-4f2d-982f-707c24fbbe88'),
(16,NULL,NULL,NULL,9,'craft\\elements\\Asset',1,0,'2024-05-13 14:56:13','2024-05-13 14:56:19',NULL,NULL,NULL,'1db4fd3c-dac6-473f-b6d3-37fa9950511d'),
(17,NULL,NULL,NULL,9,'craft\\elements\\Asset',1,0,'2024-05-13 14:56:13','2024-05-13 14:56:19',NULL,NULL,NULL,'82f39bae-00b0-4714-8da4-b0183c63d123'),
(18,NULL,NULL,NULL,9,'craft\\elements\\Asset',1,0,'2024-05-13 14:56:13','2024-05-13 14:56:19',NULL,NULL,NULL,'7d446ef8-8f25-45ec-aab7-5ccfc7769f3c'),
(19,NULL,NULL,NULL,9,'craft\\elements\\Asset',1,0,'2024-05-13 14:56:13','2024-05-13 14:56:19',NULL,NULL,NULL,'e77097e7-d92c-4f00-a9b4-263932f35ab9'),
(20,NULL,NULL,NULL,3,'craft\\elements\\Entry',1,0,'2024-05-13 14:57:07','2024-05-13 14:57:33',NULL,NULL,NULL,'2f0b03ca-fb3a-4a61-9594-645cff2cfe77'),
(21,NULL,NULL,NULL,3,'craft\\elements\\Entry',1,0,'2024-05-13 14:57:39','2024-05-13 14:58:00',NULL,NULL,NULL,'05816d58-c4b0-4111-87eb-2cea4574da49'),
(22,NULL,NULL,NULL,3,'craft\\elements\\Entry',1,0,'2024-05-13 14:58:01','2024-05-13 14:58:30',NULL,NULL,NULL,'948692cc-5c9f-4fd6-b236-3b97ab7cbebc'),
(23,NULL,NULL,NULL,3,'craft\\elements\\Entry',1,0,'2024-05-13 14:58:46','2024-05-13 14:58:55',NULL,NULL,NULL,'b8fe0fb3-421a-4576-a097-20151e22d33a'),
(24,NULL,NULL,NULL,3,'craft\\elements\\Entry',1,0,'2024-05-13 14:58:59','2024-05-13 14:59:31',NULL,NULL,NULL,'95df3615-8118-4975-bc92-3a659f0f5a01'),
(25,NULL,NULL,NULL,3,'craft\\elements\\Entry',1,0,'2024-05-13 14:59:34','2024-05-13 14:59:55',NULL,NULL,NULL,'1327da50-69d4-4750-9bad-484daaffad6b'),
(27,10,NULL,6,6,'craft\\elements\\Entry',1,0,'2024-05-13 16:26:17','2024-05-13 16:26:17',NULL,NULL,NULL,'c6a55f40-2a5c-43df-ae69-c2cbff5537c5'),
(29,10,NULL,7,6,'craft\\elements\\Entry',1,0,'2024-05-13 16:26:33','2024-05-13 16:26:33',NULL,NULL,NULL,'367ef24a-248c-421f-9f1a-1b521818faff'),
(30,10,NULL,8,6,'craft\\elements\\Entry',1,0,'2024-05-13 16:26:54','2024-05-13 16:26:54',NULL,NULL,NULL,'51a5afcd-e1ac-435d-986d-267fb384e76c'),
(31,NULL,NULL,NULL,6,'craft\\elements\\Entry',1,0,'2024-05-13 16:27:42','2024-05-13 16:29:18',NULL,NULL,NULL,'0dea21ac-f11a-4b29-9f2d-9e25d7a3478d'),
(32,31,NULL,9,6,'craft\\elements\\Entry',1,0,'2024-05-13 16:28:21','2024-05-13 16:28:21',NULL,NULL,NULL,'42be8061-c872-44c9-aae2-a678a042cf3b'),
(34,31,NULL,10,6,'craft\\elements\\Entry',1,0,'2024-05-13 16:28:48','2024-05-13 16:28:48',NULL,NULL,NULL,'8583f523-dd87-4c54-b72a-bdf4982a5299'),
(36,31,NULL,11,6,'craft\\elements\\Entry',1,0,'2024-05-13 16:29:18','2024-05-13 16:29:18',NULL,NULL,NULL,'b834454a-520b-4847-9ef3-2c7bcefa9d7d'),
(38,10,NULL,12,6,'craft\\elements\\Entry',1,0,'2024-05-13 16:32:33','2024-05-13 16:32:33',NULL,NULL,NULL,'e24c17ac-66c6-4262-ba9a-90d68e2672d9'),
(39,NULL,NULL,NULL,6,'craft\\elements\\Entry',1,0,'2024-05-13 16:33:40','2024-05-13 16:34:59',NULL,NULL,NULL,'20fb3ce8-f0c3-4d16-a253-afdb2eea144c'),
(40,39,NULL,13,6,'craft\\elements\\Entry',1,0,'2024-05-13 16:34:05','2024-05-13 16:34:05',NULL,NULL,NULL,'c21f9edb-d330-46e1-b738-3548395d4ca5'),
(41,39,NULL,14,6,'craft\\elements\\Entry',1,0,'2024-05-13 16:34:19','2024-05-13 16:34:19',NULL,NULL,NULL,'db00d097-012a-45f8-93eb-e56e77290127'),
(42,39,NULL,15,6,'craft\\elements\\Entry',1,0,'2024-05-13 16:34:41','2024-05-13 16:34:41',NULL,NULL,NULL,'ac7ec8d4-4041-48a0-b2d2-664ec60c68fe'),
(44,39,NULL,16,6,'craft\\elements\\Entry',1,0,'2024-05-13 16:34:59','2024-05-13 16:34:59',NULL,NULL,NULL,'9d113c8d-2ed7-4a41-847b-7ac833e62a0b'),
(46,4,NULL,17,4,'craft\\elements\\Entry',1,0,'2024-05-13 16:38:49','2024-05-13 16:38:49',NULL,NULL,NULL,'d55d17cf-7923-420c-941d-9fe6fca96420'),
(48,6,NULL,18,7,'craft\\elements\\Entry',1,0,'2024-05-13 16:39:33','2024-05-13 16:39:33',NULL,NULL,NULL,'36b16f7e-da43-4725-b169-dabcb4074de7'),
(49,6,NULL,19,7,'craft\\elements\\Entry',1,0,'2024-05-13 16:39:40','2024-05-13 16:39:40',NULL,NULL,NULL,'8a0294dd-421b-4525-a51c-d6f01c32c069'),
(51,2,NULL,20,5,'craft\\elements\\Entry',1,0,'2024-05-13 16:39:46','2024-05-13 16:39:46',NULL,NULL,NULL,'7c316dc4-c7a0-492f-9f31-070bd9950ec4'),
(52,4,NULL,21,4,'craft\\elements\\Entry',1,0,'2024-05-19 00:03:21','2024-05-19 00:03:21',NULL,NULL,NULL,'9432f08b-80c8-4dfc-86cc-6399cfc36746'),
(53,6,NULL,22,7,'craft\\elements\\Entry',1,0,'2024-05-19 00:06:19','2024-05-19 00:06:19',NULL,NULL,NULL,'62609441-5e63-42ec-9b17-60de1e1af79c'),
(55,4,NULL,23,4,'craft\\elements\\Entry',1,0,'2024-05-19 00:09:31','2024-05-19 00:09:31',NULL,NULL,NULL,'3ee818d2-f197-4ba7-863c-22709a6af65e'),
(57,4,NULL,24,4,'craft\\elements\\Entry',1,0,'2024-05-19 00:10:36','2024-05-19 00:10:36',NULL,NULL,NULL,'80cfbb14-e6e3-4aae-92dc-4019819b392d'),
(58,4,NULL,25,4,'craft\\elements\\Entry',1,0,'2025-01-13 20:34:57','2025-01-13 20:34:57',NULL,NULL,NULL,'d0111ffc-3c50-4fd2-9bd8-4a2542dbc2ae'),
(59,4,NULL,26,4,'craft\\elements\\Entry',1,0,'2025-01-13 20:36:00','2025-01-13 20:36:00',NULL,NULL,NULL,'014e51a5-547d-489d-a6bb-f4e908737ffe'),
(60,4,NULL,27,4,'craft\\elements\\Entry',1,0,'2025-01-13 20:36:17','2025-01-13 20:36:17',NULL,NULL,NULL,'ea720a6c-6d15-42bb-906f-63504ac631f4'),
(61,NULL,NULL,NULL,10,'craft\\elements\\Asset',1,0,'2025-03-14 17:03:23','2025-03-14 17:03:23',NULL,NULL,NULL,'c7602946-4f94-45cb-bdff-696c5fff4b72'),
(62,NULL,NULL,NULL,10,'craft\\elements\\Asset',1,0,'2025-03-14 17:03:28','2025-03-14 17:03:28',NULL,NULL,NULL,'a5079973-002d-4e9b-994c-d0fce214c6fe'),
(63,NULL,NULL,NULL,10,'craft\\elements\\Asset',1,0,'2025-03-14 17:03:33','2025-03-14 17:03:33',NULL,NULL,NULL,'6711439e-062b-4568-8c84-d0afbc96f9ab'),
(64,NULL,NULL,NULL,10,'craft\\elements\\Asset',1,0,'2025-03-14 17:03:39','2025-03-14 17:03:39',NULL,NULL,NULL,'4dbf710e-39d2-4b79-8107-11a5b996d645'),
(65,NULL,NULL,NULL,10,'craft\\elements\\Asset',1,0,'2025-03-14 17:03:43','2025-03-14 17:03:43',NULL,NULL,NULL,'d139e029-7427-4df8-bd89-25206b95ef75'),
(66,NULL,NULL,NULL,10,'craft\\elements\\Asset',1,0,'2025-03-14 17:03:47','2025-03-14 17:03:47',NULL,NULL,NULL,'9ac4302e-8bf1-42cb-b4c5-af30d1c55a9b'),
(67,NULL,NULL,NULL,10,'craft\\elements\\Asset',1,0,'2025-03-14 17:03:49','2025-03-14 17:03:49',NULL,NULL,NULL,'3a2dbb94-f45d-43c7-9e06-0016cb94c98a'),
(68,NULL,NULL,NULL,10,'craft\\elements\\Asset',1,0,'2025-03-14 17:03:52','2025-03-14 17:03:52',NULL,NULL,NULL,'c8743552-e83f-4eee-a393-739b7e77def7'),
(69,NULL,NULL,NULL,10,'craft\\elements\\Asset',1,0,'2025-03-14 17:03:54','2025-03-14 17:03:54',NULL,NULL,NULL,'5e65f118-591d-4edb-82f3-904f022bff12'),
(70,NULL,NULL,NULL,10,'craft\\elements\\Asset',1,0,'2025-03-14 17:03:56','2025-03-14 17:03:56',NULL,NULL,NULL,'9dc4d552-d811-4c45-97ef-80450d41f9cb'),
(71,NULL,NULL,NULL,10,'craft\\elements\\Asset',1,0,'2025-03-14 17:03:58','2025-03-14 17:03:58',NULL,NULL,NULL,'2bd553dc-8d91-427a-976a-b15b697c45a6'),
(72,NULL,NULL,NULL,10,'craft\\elements\\Asset',1,0,'2025-03-14 17:04:01','2025-03-14 17:04:01',NULL,NULL,NULL,'5803ce1d-b583-4093-863b-767b9aa3dec1'),
(73,NULL,NULL,NULL,10,'craft\\elements\\Asset',1,0,'2025-03-14 17:04:03','2025-03-14 17:04:03',NULL,NULL,NULL,'8838d830-55d5-43cc-b877-10504cd060d9'),
(74,NULL,NULL,NULL,10,'craft\\elements\\Asset',1,0,'2025-03-14 17:04:04','2025-03-14 17:04:04',NULL,NULL,NULL,'d55f709e-d204-44a9-9d36-fb3d62c749a8'),
(75,NULL,NULL,NULL,10,'craft\\elements\\Asset',1,0,'2025-03-14 17:04:06','2025-03-14 17:04:06',NULL,NULL,NULL,'929bad2d-4989-49f2-84a2-9f04cf85278c'),
(76,NULL,NULL,NULL,10,'craft\\elements\\Asset',1,0,'2025-03-14 17:04:08','2025-03-14 17:04:08',NULL,NULL,NULL,'07d1caa6-3d3b-4cdc-99ae-f85a006ebc3b'),
(77,NULL,NULL,NULL,10,'craft\\elements\\Asset',1,0,'2025-03-14 17:04:10','2025-03-14 17:04:10',NULL,NULL,NULL,'c6a7732d-1fcd-4c48-bc8b-da7a952a863f'),
(78,NULL,NULL,NULL,10,'craft\\elements\\Asset',1,0,'2025-03-14 17:04:12','2025-03-14 17:04:12',NULL,NULL,NULL,'43895100-5964-4a6c-ac90-694c74e8444c'),
(79,NULL,NULL,NULL,10,'craft\\elements\\Asset',1,0,'2025-03-14 17:04:14','2025-03-14 17:04:14',NULL,NULL,NULL,'5240b116-f880-4407-ac33-b39588791e83'),
(80,NULL,NULL,NULL,10,'craft\\elements\\Asset',1,0,'2025-03-14 17:04:25','2025-03-14 17:04:25',NULL,NULL,NULL,'7f9c1797-d070-4b84-b5b5-60c96968f537'),
(81,NULL,NULL,NULL,10,'craft\\elements\\Asset',1,0,'2025-03-14 17:04:26','2025-03-14 17:04:26',NULL,NULL,NULL,'3542a32d-10ed-4a17-8050-1d585371f4e0'),
(82,NULL,NULL,NULL,10,'craft\\elements\\Asset',1,0,'2025-03-14 17:04:26','2025-03-14 17:04:26',NULL,NULL,NULL,'774b4b43-8ada-4937-9849-ebbbd1e37a6f'),
(83,NULL,NULL,NULL,10,'craft\\elements\\Asset',1,0,'2025-03-14 17:04:27','2025-03-14 17:04:27',NULL,NULL,NULL,'8c68a1fd-093a-46bf-8878-f7ac7a14045c'),
(84,NULL,NULL,NULL,10,'craft\\elements\\Asset',1,0,'2025-03-14 17:04:28','2025-03-14 17:04:28',NULL,NULL,NULL,'ef8041c0-5829-4f74-a37f-6714069ed2f5'),
(85,NULL,NULL,NULL,10,'craft\\elements\\Asset',1,0,'2025-03-14 17:04:28','2025-03-14 17:04:28',NULL,NULL,NULL,'e39ce499-06f5-47e6-98c6-1443d12786ac'),
(86,NULL,NULL,NULL,10,'craft\\elements\\Asset',1,0,'2025-03-14 17:04:29','2025-03-14 17:04:29',NULL,NULL,NULL,'9bf71f1f-5e40-4c7d-956f-688d12913600'),
(87,NULL,NULL,NULL,10,'craft\\elements\\Asset',1,0,'2025-03-14 17:04:29','2025-03-14 17:04:29',NULL,NULL,NULL,'278ca969-a5f7-47ad-a643-6eb98861e847'),
(88,NULL,NULL,NULL,10,'craft\\elements\\Asset',1,0,'2025-03-14 17:04:30','2025-03-14 17:04:30',NULL,NULL,NULL,'42f72495-13ea-45bd-974c-3e1463a6333e'),
(89,NULL,NULL,NULL,10,'craft\\elements\\Asset',1,0,'2025-03-14 17:04:31','2025-03-14 17:04:31',NULL,NULL,NULL,'2b9ff1bb-0623-435a-8486-e069e8ce1b5d'),
(90,NULL,NULL,NULL,10,'craft\\elements\\Asset',1,0,'2025-03-14 17:04:31','2025-03-14 17:04:31',NULL,NULL,NULL,'6846bd70-85ee-4a8d-b2ea-acd1598922a1'),
(91,NULL,NULL,NULL,10,'craft\\elements\\Asset',1,0,'2025-03-14 17:04:32','2025-03-14 17:04:32',NULL,NULL,NULL,'752a41f6-b833-4e12-9bb3-6e8248562d40'),
(92,NULL,NULL,NULL,10,'craft\\elements\\Asset',1,0,'2025-03-14 17:04:34','2025-03-14 17:04:34',NULL,NULL,NULL,'0d965e0a-a683-4bca-8f45-d0bbe46281bf'),
(93,NULL,NULL,NULL,10,'craft\\elements\\Asset',1,0,'2025-03-14 17:04:35','2025-03-14 17:04:35',NULL,NULL,NULL,'5af984e0-be03-4b53-8637-f998ad21cb61'),
(94,NULL,NULL,NULL,10,'craft\\elements\\Asset',1,0,'2025-03-14 17:04:36','2025-03-14 17:04:36',NULL,NULL,NULL,'227dae08-3f58-4081-8301-71dfb2c1bcbc'),
(96,4,NULL,28,4,'craft\\elements\\Entry',1,0,'2025-03-14 17:06:57','2025-03-14 17:06:57',NULL,NULL,NULL,'a895c1c2-ad57-491e-a824-5dc81844f117'),
(98,4,NULL,29,4,'craft\\elements\\Entry',1,0,'2025-03-14 17:09:37','2025-03-14 17:09:37',NULL,NULL,NULL,'30bbecb1-89ca-4af0-9e31-cc49563a8c5f'),
(100,4,NULL,30,4,'craft\\elements\\Entry',1,0,'2025-03-16 20:02:23','2025-03-16 20:02:23',NULL,NULL,NULL,'8f4d235c-9147-46dd-9952-283b80038e7b'),
(101,4,NULL,31,4,'craft\\elements\\Entry',1,0,'2025-03-16 20:02:55','2025-03-16 20:02:55',NULL,NULL,NULL,'8046dce0-5cde-41d2-8f1e-388ae6d4d12d'),
(102,4,25,NULL,4,'craft\\elements\\Entry',1,0,'2025-03-16 20:05:54','2025-03-16 20:05:54',NULL,NULL,NULL,'caeab7ea-ebf5-4e21-814c-8a5eb0c5598a');
commit;

--
-- Dumping data for table `elements_bulkops`
--

set autocommit=0;
commit;

--
-- Dumping data for table `elements_owners`
--

set autocommit=0;
INSERT INTO `elements_owners` VALUES
(12,1,1),
(20,1,2),
(21,1,3),
(22,1,4),
(23,1,5),
(24,1,6),
(25,1,7);
commit;

--
-- Dumping data for table `elements_sites`
--

set autocommit=0;
INSERT INTO `elements_sites` VALUES
(1,1,2,NULL,NULL,NULL,'{\"346bcd09-ee71-4c33-8aea-e5b031eea5bd\": \"<h5>About Auto Value and Bumper to Bumper</h5>\", \"4ff07ed0-94e0-418a-9583-d811e8a7925d\": \"<h1>Other News</h1>\", \"5cbb5c61-134e-44e4-ac10-940c0d684720\": \"<h1>News</h1>\", \"6a0dc292-7ec2-49c0-a585-688277ce4c8a\": \"<p>©Aftermarket Auto Parts Alliance, Inc. All Rights Reserved. Logos and Trademarks are the property of their respective owners.</p>\", \"7aad9259-dfee-4506-9ff5-82dcf8377017\": \"<p>Auto Value and Bumper to Bumper are part of the independent member network of the Aftermarket Auto Parts Alliance, the premier aftermarket distribution and marketing program group in the world. As a network of independent warehouse distributors, we are the industry choice for quality parts and service with thousands of parts stores and professional repair shops across North America, Mexico, Honduras, Colombia, Belize, Europe and China. Our members pride themselves on responding to the individual needs of each customer and providing unequaled products and service throughout the Alliance’s global network.</p>\", \"c4a45a82-9aa3-4997-b667-82b29d0d3493\": \"<p>Learn more</p>\", \"f2102891-a853-477e-8d0c-7b950e181fc0\": \"<h1>Sponsored by:</h1>\"}',1,'2024-05-13 14:27:05','2024-05-13 15:00:09','3d44fc17-d773-4778-b8dc-b099cf29da67'),
(2,1,1,NULL,NULL,NULL,'{\"346bcd09-ee71-4c33-8aea-e5b031eea5bd\": \"<h5>About Auto Value and Bumper to Bumper</h5>\", \"4ff07ed0-94e0-418a-9583-d811e8a7925d\": \"<h1>Other News</h1>\", \"5cbb5c61-134e-44e4-ac10-940c0d684720\": \"<h1>News</h1>\", \"6a0dc292-7ec2-49c0-a585-688277ce4c8a\": \"<p>©Aftermarket Auto Parts Alliance, Inc. All Rights Reserved. Logos and Trademarks are the property of their respective owners.</p>\", \"7aad9259-dfee-4506-9ff5-82dcf8377017\": \"<p>Auto Value and Bumper to Bumper are part of the independent member network of the Aftermarket Auto Parts Alliance, the premier aftermarket distribution and marketing program group in the world. As a network of independent warehouse distributors, we are the industry choice for quality parts and service with thousands of parts stores and professional repair shops across North America, Mexico, Honduras, Colombia, Belize, Europe and China. Our members pride themselves on responding to the individual needs of each customer and providing unequaled products and service throughout the Alliance’s global network.</p>\", \"c4a45a82-9aa3-4997-b667-82b29d0d3493\": \"<p>Learn more</p>\", \"f2102891-a853-477e-8d0c-7b950e181fc0\": \"<h1>Sponsored by:</h1>\"}',1,'2024-05-13 14:27:05','2024-05-13 15:00:09','574f875a-c895-42bd-bf0c-7834a645b923'),
(3,2,2,'Technician of the Year - Winners','technician-of-the-year-winners','winners',NULL,1,'2024-05-13 14:27:05','2024-05-13 16:39:46','9e201277-25b0-4494-ba4d-7d920d50d36c'),
(4,3,2,'Technician of the Year Winners','technician-of-the-year-winners','winners',NULL,1,'2024-05-13 14:27:05','2024-05-13 14:27:05','419b9d45-a5c8-42cb-89d5-756423443223'),
(5,4,2,'Technician of the Year - Home','home','__home__','{\"55510914-f2fa-4f51-b863-7c4177ed8b88\":\"<h1 class=\\\"superHeadline\\\">\\n    TECHNICIAN OF THE YEAR\\n</h1>\\n<h1>\\n    AUTO VALUE &amp; BUMPER TO BUMPER ARE LOOKING FOR THE BEST OF THE BEST IN THE INDUSTRY’S TOP TECHNICIAN RECOGNITION PROGRAM – THE TECHNICIAN OF THE YEAR!\\n</h1>\\n<p>\\n    <strong>Interested in learning more? Think you’re ready to take home the title of Technician of the Year? Contact your Auto Value or Bumper to Bumper parts supplier TODAY to learn more!</strong>\\n</p>\",\"b1cea98b-3e0e-4f2a-a53d-2cd90a78138e\":[61,66,62,63,64,65,94,93,91,89,90,88,86,87,84,85,83,81,82,80,79,78,77,76,75,74,73,72,71,70,69,68,67]}',1,'2024-05-13 14:27:06','2025-03-16 20:02:23','39b05a5c-2b80-40d9-ae52-3ff860818e4c'),
(6,5,2,'Home','home','__home__',NULL,1,'2024-05-13 14:27:06','2024-05-13 14:27:06','e9ac1715-1f7d-471e-956a-baf22165b40a'),
(7,6,2,'Technician of the Year - News','technician-of-the-year-news','news',NULL,1,'2024-05-13 14:27:06','2024-05-13 16:39:33','18b0c473-cf37-40e5-9548-f747c2018b69'),
(8,7,2,'Technician of the Year News','technician-of-the-year-news','news',NULL,1,'2024-05-13 14:27:06','2024-05-13 14:27:06','378a2247-5cc3-4d0c-878f-8e46e623b688'),
(9,8,2,'Technician of the Year Winners','technician-of-the-year-winners','winners',NULL,1,'2024-05-13 14:27:06','2024-05-13 14:27:06','fcb8090b-d0b0-48d4-ac6c-b0c5d6d654d8'),
(10,9,2,NULL,NULL,NULL,NULL,1,'2024-05-13 14:27:06','2024-05-13 14:27:06','c7491a31-e5d3-4b6f-a127-103de4c5b66f'),
(11,10,2,'Auto Value and Bumper to Bumper Declare 2023 Technician of the Year Winner','news-article-1','news/news-article-1','{\"7418a520-65c4-4f67-a4d3-e560d2f5f28d\": \"<p>DEARBORN, MI: Auto Value and Bumper to Bumper are honored to declare Harrison Keyes, owner of Jerry’s Automotive Service, LLC from Waukesha, WI and customer of the Auto-Wares Group of Companies, the 2023 U.S. Technician of the Year Champion. </p><p>“This is such a humbling experience and a great honor. The automotive industry has been my entire life, my entire career,” says Harrison Keyes the 2023 technician of the year champion. “I can’t thank Auto-Wares and our sales rep enough for pushing me to compete. It feels amazing to receive this recognition. The technicians who came to Dearborn are the best of the best and to be crowned the 2023 champion was unexpected. Thank you to Garage Gurus and DRiV for hosting us, this was awesome!”</p><p>Twelve top technicians from across the United States competed in Detroit, Michigan all vying to be crowned the 2023 Auto Value and Bumper to Bumper Technician of the Year.  The event hosted by DRiV and Garage Gurus included finalists from Auto Value and Bumper to Bumper warehouse distributors from across the United States who submitted their regional finalist to compete for the ultimate crown. Harrison Keyes from Jerry’s Automotive Service was declared the winner after scoring the highest cumulative score based on a custom ASE test and a timed hands-on skills test facilitated by Garage Gurus professional trainers.</p><p>Each finalist took a 90 minute, 100 hundred question, custom Automotive Service Excellence examination.  For the first time in the history of the Auto Value and Bumper to Bumper Technician of the Year program, a hands-on mechanical element was introduced. Garage Gurus professionals administered a timed quick strut and outer tire rod test that accounted for a portion of the technician’s overall score and also served as a qualifier for the <a href=\\\"https://www.tradesnation.com/us/en/etcs/autotech.html\\\">USATNC competition</a>.</p><p>While the custom ASE exam and hands on skills testing were the competition criteria the event also included a variety of activities with the technicians and their guests hitting an afternoon of racing at Champion® Motor Speedway in the M1 Concourse, seeing assembly line at the Ford Rouge Factory Tour, enjoying Greenfield Village and concluding with an exclusive awards reception and dinner at Henry Ford Museum.</p><p>In addition to the 12 Technician of the Year Finalists from the United States, the Auto Value Technician of the Year Champions from Canada and Latin America were also in attendance to celebrate their accomplishments with their US peers.  Nick Zeiger from Driven Automotive in Regina, Saskatchewan and customer of Auto Electric was named the Canadian Champion. Mariana Meija of Mega Tecnicentro, and customer of EXA Auto Parts in Medellin, Columbia was declared the Latin America Champion.</p><p>With over 3500 Certified Service Centers within the Auto Value &amp; Bumper to Bumper network, becoming a technician of the year finalist is no easy task.</p><p>“This program recognizes the lifetime work and achievements of our amazing technicians. These folks are truly professionals, and we are so proud that they represent Auto Value and Bumper to Bumper” said JC Washbish, Vice President of Sales and Marketing at the Aftermarket Auto Parts Alliance, Inc. “Thank you to DRiV and Garage Gurus for hosting us. Their products and training are valued by our technicians who use them every day.”</p><p>“Our Garage Gurus sponsorship of the Auto Value &amp; Bumper to Bumper Technician of the Year program means a lot to us here at DRiV,” says Kevin Reamer, Director of Program Groups with DRiV. “Hosting these top technicians from the U.S., Canada and Latin America, showing off the Garage Gurus training toolbox and assets, and spending time with professionals eager to showcase their expertise was invaluable. This is a partnership that elevates all of us and highlights the full distribution channel from product manufacturing and distribution to the service and repair facilities.”</p><p>The 2023 U.S. Auto Value and Bumper to Bumper Technician of the Year Finalists include:</p><ul><li>Jose Zuniga; Ricks Automotive; Cleburne, TX; 4M Parts Warehouse</li><li>Jason Scott; Advanced Automotive &amp; Diesel; Paris, TX; ABC Auto Parts</li><li>Dave Schreier; Cordells Automotive; Holmen, WI; Automotive Parts Headquarters Inc.</li><li>Harrison Keyes; Jerry’s Automotive Service; Waukesha, WI; Auto-Wares Group of Companies</li><li>Chris Potucek; CC Auto; Harrodsburg KY; Hahn Automotive Warehouse</li><li>Christopher Funk; Holmes Transmission &amp; Auto Repair LLC; Monticello, IA; Arnold Motor Supply</li><li>Steven Perry; Bona Fide Auto Repair; Roseburg, OR; NPW Companies</li><li>Maclane Reeser; Maclane’s Automotive; Downingtown, PA; Eastern Warehouse Distributors</li><li>Ted Curran; Monkey Wrenches, Inc.; Brentwood, CA; Trimon Inc.</li><li>Chris Broom; Broom Auto; Ruston, Louisiana; Parts Warehouse, Inc.</li><li>Phil Clark; Barnes Auto Service; Louisville, Kentucky; Moog Louisville Warehouse</li><li>Kim Mertz; Len’s Auto Repair; Cottleville, Missouri; All Car Automotive Warehouse, Inc.</li></ul>\", \"ad19730a-ec98-4b57-91dc-7ac3df071908\": \"<p>Auto Value and Bumper to Bumper are honored to declare Harrison Keyes, owner of Jerry’s Automotive Service, LLC from Waukesha, WI and customer of the Auto-Wares Group of Companies, the 2023 U.S. Technician of the Year Champion. </p>\"}',1,'2024-05-13 14:28:13','2024-05-13 16:32:33','c31c6c1b-ad88-4547-bfe1-a9bada646aeb'),
(12,11,2,'News Article 1','news-article-1','news/news-article-1','{\"7418a520-65c4-4f67-a4d3-e560d2f5f28d\": \"<p>TEST</p>\", \"ad19730a-ec98-4b57-91dc-7ac3df071908\": \"<p>test</p>\"}',1,'2024-05-13 14:28:21','2024-05-13 14:28:21','1b7e8452-e74c-435e-9583-26b28da3bdc5'),
(13,12,2,'Champion','champion',NULL,'{\"f0b73076-0c1e-446a-affe-7c3dec4ef948\": \"https://www.championautoparts.com/\"}',1,'2024-05-13 14:55:32','2024-05-13 14:56:42','ac774d59-2166-433f-9221-8648fed6cae3'),
(14,12,1,'Champion','champion',NULL,'{\"f0b73076-0c1e-446a-affe-7c3dec4ef948\": \"https://www.championautoparts.com/\"}',1,'2024-05-13 14:55:32','2024-05-13 14:56:42','c80cf658-b1b3-44a2-928b-7f3d25d01c31'),
(15,13,2,'Logo champion',NULL,NULL,NULL,1,'2024-05-13 14:56:13','2024-05-13 14:56:13','41c27b47-1e78-4e94-b951-f3449faa6990'),
(16,13,1,'Logo champion',NULL,NULL,NULL,1,'2024-05-13 14:56:13','2024-05-13 14:56:13','d4c88dac-f7b4-4d67-8885-99f5b0abd934'),
(17,14,2,'Logo fel pro',NULL,NULL,NULL,1,'2024-05-13 14:56:13','2024-05-13 14:56:13','bfcbe0f6-912d-4073-a184-c08c5cd952ed'),
(18,14,1,'Logo fel pro',NULL,NULL,NULL,1,'2024-05-13 14:56:13','2024-05-13 14:56:13','9acb230b-129c-49e1-8dc0-1ffe95997f5b'),
(19,15,2,'Logo garage gurus',NULL,NULL,NULL,1,'2024-05-13 14:56:13','2024-05-13 14:56:13','851cef8f-ba8d-479d-8076-622dba640705'),
(20,15,1,'Logo garage gurus',NULL,NULL,NULL,1,'2024-05-13 14:56:13','2024-05-13 14:56:13','45818602-d722-4746-823a-1a99b8015cc3'),
(21,16,2,'Logo monroe',NULL,NULL,NULL,1,'2024-05-13 14:56:13','2024-05-13 14:56:13','aa85094f-b0ff-4291-9086-9032dd62f843'),
(22,16,1,'Logo monroe',NULL,NULL,NULL,1,'2024-05-13 14:56:13','2024-05-13 14:56:13','58a6b9f9-22de-4ce2-b058-49ab88236a2f'),
(23,17,2,'Logo moog',NULL,NULL,NULL,1,'2024-05-13 14:56:13','2024-05-13 14:56:13','3e72edc3-f0bd-4ae9-b774-ccb4f6bd9810'),
(24,17,1,'Logo moog',NULL,NULL,NULL,1,'2024-05-13 14:56:13','2024-05-13 14:56:13','af42bbe1-2cf4-48f7-b237-307f160a44ab'),
(25,18,2,'Logo wagner',NULL,NULL,NULL,1,'2024-05-13 14:56:13','2024-05-13 14:56:13','97f070af-4a62-442e-8433-c058a1c59c8e'),
(26,18,1,'Logo wagner',NULL,NULL,NULL,1,'2024-05-13 14:56:13','2024-05-13 14:56:13','2dc5e06b-9269-4332-b68a-193ed46d1541'),
(27,19,2,'Logo walker',NULL,NULL,NULL,1,'2024-05-13 14:56:13','2024-05-13 14:56:13','4ee0be37-4ef9-44c3-bc4f-fbefc94a9c3a'),
(28,19,1,'Logo walker',NULL,NULL,NULL,1,'2024-05-13 14:56:13','2024-05-13 14:56:13','c109e74b-1e86-4abf-a5ba-be2cf23e045f'),
(29,20,2,'Fel-Pro','fel-pro',NULL,'{\"f0b73076-0c1e-446a-affe-7c3dec4ef948\": \"https://www.felpro.com/\"}',1,'2024-05-13 14:57:07','2024-05-13 14:57:30','9cb11e86-21b0-4561-9d49-2cbc3bd242db'),
(30,20,1,'Fel-Pro','fel-pro',NULL,'{\"f0b73076-0c1e-446a-affe-7c3dec4ef948\": \"https://www.felpro.com/\"}',1,'2024-05-13 14:57:07','2024-05-13 14:57:30','7aaea5e2-32b0-4afb-983b-30372881e7aa'),
(31,21,2,'Garage Gurus','garage-gurus',NULL,'{\"f0b73076-0c1e-446a-affe-7c3dec4ef948\": \"https://www.garagegurus.tech/\"}',1,'2024-05-13 14:57:39','2024-05-13 14:57:56','babcbb3f-4812-4916-b079-da6ccb09488f'),
(32,21,1,'Garage Gurus','garage-gurus',NULL,'{\"f0b73076-0c1e-446a-affe-7c3dec4ef948\": \"https://www.garagegurus.tech/\"}',1,'2024-05-13 14:57:39','2024-05-13 14:57:56','00e293fe-c26d-4692-8e59-0028d227b2c2'),
(33,22,2,'Moog','moog',NULL,'{\"f0b73076-0c1e-446a-affe-7c3dec4ef948\": \"https://www.moogparts.com/\"}',1,'2024-05-13 14:58:01','2024-05-13 14:58:25','f9b9fe22-16e3-4da0-b10f-51771192f497'),
(34,22,1,'Moog','moog',NULL,'{\"f0b73076-0c1e-446a-affe-7c3dec4ef948\": \"https://www.moogparts.com/\"}',1,'2024-05-13 14:58:01','2024-05-13 14:58:25','c6418c48-c7e1-4577-be58-3ddeffbcffc3'),
(35,23,2,'Monroe','monroe',NULL,'{\"f0b73076-0c1e-446a-affe-7c3dec4ef948\": \"https://www.monroe.com/\"}',1,'2024-05-13 14:58:46','2024-05-13 14:58:51','b31c8d6c-03cc-42d5-98e9-9fc458e35af4'),
(36,23,1,'Monroe','monroe',NULL,'{\"f0b73076-0c1e-446a-affe-7c3dec4ef948\": \"https://www.monroe.com/\"}',1,'2024-05-13 14:58:46','2024-05-13 14:58:51','31f568c9-5a73-43a5-874f-81f56bc04881'),
(37,24,2,'Wagner','wagner',NULL,'{\"f0b73076-0c1e-446a-affe-7c3dec4ef948\": \"https://www.wagnerbrake.com/\"}',1,'2024-05-13 14:58:59','2024-05-13 14:59:30','2fdf2d7a-d5f5-4ece-88af-ef20096194d6'),
(38,24,1,'Wagner','wagner',NULL,'{\"f0b73076-0c1e-446a-affe-7c3dec4ef948\": \"https://www.wagnerbrake.com/\"}',1,'2024-05-13 14:58:59','2024-05-13 14:59:30','475d3b4e-bd9c-4d6d-b1a0-ea75f7ee2b9e'),
(39,25,2,'Walker','walker',NULL,'{\"f0b73076-0c1e-446a-affe-7c3dec4ef948\": \"https://www.walkerexhaust.com/\"}',1,'2024-05-13 14:59:34','2024-05-13 14:59:54','35036b34-f556-46b5-b75b-7964f2502b52'),
(40,25,1,'Walker','walker',NULL,'{\"f0b73076-0c1e-446a-affe-7c3dec4ef948\": \"https://www.walkerexhaust.com/\"}',1,'2024-05-13 14:59:34','2024-05-13 14:59:54','b0dfa1d5-6901-4ef4-88ff-1e6a1c37906e'),
(42,27,2,'Auto Value and Bumper to Bumper Declare 2023 Technician of the Year Winner','news-article-1','news/news-article-1','{\"7418a520-65c4-4f67-a4d3-e560d2f5f28d\": \"<p>DEARBORN, MI: Auto Value and Bumper to Bumper are honored to declare Harrison Keyes, owner of Jerry’s Automotive Service, LLC from Waukesha, WI and customer of the Auto-Wares Group of Companies, the 2023 U.S. Technician of the Year Champion. </p><p>“This is such a humbling experience and a great honor. The automotive industry has been my entire life, my entire career,” says Harrison Keyes the 2023 technician of the year champion. “I can’t thank Auto-Wares and our sales rep enough for pushing me to compete. It feels amazing to receive this recognition. The technicians who came to Dearborn are the best of the best and to be crowned the 2023 champion was unexpected. Thank you to Garage Gurus and DRiV for hosting us, this was awesome!”</p><p>Twelve top technicians from across the United States competed in Detroit, Michigan all vying to be crowned the 2023 Auto Value and Bumper to Bumper Technician of the Year.  The event hosted by DRiV and Garage Gurus included finalists from Auto Value and Bumper to Bumper warehouse distributors from across the United States who submitted their regional finalist to compete for the ultimate crown. Harrison Keyes from Jerry’s Automotive Service was declared the winner after scoring the highest cumulative score based on a custom ASE test and a timed hands-on skills test facilitated by Garage Gurus professional trainers.</p><p>Each finalist took a 90 minute, 100 hundred question, custom Automotive Service Excellence examination.  For the first time in the history of the Auto Value and Bumper to Bumper Technician of the Year program, a hands-on mechanical element was introduced. Garage Gurus professionals administered a timed quick strut and outer tire rod test that accounted for a portion of the technician’s overall score and also served as a qualifier for the <a href=\\\"https://www.tradesnation.com/us/en/etcs/autotech.html\\\">USATNC competition</a>.</p><p>While the custom ASE exam and hands on skills testing were the competition criteria the event also included a variety of activities with the technicians and their guests hitting an afternoon of racing at Champion® Motor Speedway in the M1 Concourse, seeing assembly line at the Ford Rouge Factory Tour, enjoying Greenfield Village and concluding with an exclusive awards reception and dinner at Henry Ford Museum.</p><p>In addition to the 12 Technician of the Year Finalists from the United States, the Auto Value Technician of the Year Champions from Canada and Latin America were also in attendance to celebrate their accomplishments with their US peers.  Nick Zeiger from Driven Automotive in Regina, Saskatchewan and customer of Auto Electric was named the Canadian Champion. Mariana Meija of Mega Tecnicentro, and customer of EXA Auto Parts in Medellin, Columbia was declared the Latin America Champion.</p><p>With over 3500 Certified Service Centers within the Auto Value &amp; Bumper to Bumper network, becoming a technician of the year finalist is no easy task.</p><p>“This program recognizes the lifetime work and achievements of our amazing technicians. These folks are truly professionals, and we are so proud that they represent Auto Value and Bumper to Bumper” said JC Washbish, Vice President of Sales and Marketing at the Aftermarket Auto Parts Alliance, Inc. “Thank you to DRiV and Garage Gurus for hosting us. Their products and training are valued by our technicians who use them every day.”</p><p>“Our Garage Gurus sponsorship of the Auto Value &amp; Bumper to Bumper Technician of the Year program means a lot to us here at DRiV,” says Kevin Reamer, Director of Program Groups with DRiV. “Hosting these top technicians from the U.S., Canada and Latin America, showing off the Garage Gurus training toolbox and assets, and spending time with professionals eager to showcase their expertise was invaluable. This is a partnership that elevates all of us and highlights the full distribution channel from product manufacturing and distribution to the service and repair facilities.”</p><p>The 2023 U.S. Auto Value and Bumper to Bumper Technician of the Year Finalists include:</p><ul><li>Jose Zuniga; Ricks Automotive; Cleburne, TX; 4M Parts Warehouse</li><li>Jason Scott; Advanced Automotive &amp; Diesel; Paris, TX; ABC Auto Parts</li><li>Dave Schreier; Cordells Automotive; Holmen, WI; Automotive Parts Headquarters Inc.</li><li>Harrison Keyes; Jerry’s Automotive Service; Waukesha, WI; Auto-Wares Group of Companies</li><li>Chris Potucek; CC Auto; Harrodsburg KY; Hahn Automotive Warehouse</li><li>Christopher Funk; Holmes Transmission &amp; Auto Repair LLC; Monticello, IA; Arnold Motor Supply</li><li>Steven Perry; Bona Fide Auto Repair; Roseburg, OR; NPW Companies</li><li>Maclane Reeser; Maclane’s Automotive; Downingtown, PA; Eastern Warehouse Distributors</li><li>Ted Curran; Monkey Wrenches, Inc.; Brentwood, CA; Trimon Inc.</li><li>Chris Broom; Broom Auto; Ruston, Louisiana; Parts Warehouse, Inc.</li><li>Phil Clark; Barnes Auto Service; Louisville, Kentucky; Moog Louisville Warehouse</li><li>Kim Mertz; Len’s Auto Repair; Cottleville, Missouri; All Car Automotive Warehouse, Inc.</li></ul><p><a href=\\\"https://bumpertobumper.com/news-media\\\">Back to News »</a></p><p><br /> </p>\", \"ad19730a-ec98-4b57-91dc-7ac3df071908\": \"<p>Auto Value and Bumper to Bumper are honored to declare Harrison Keyes, owner of Jerry’s Automotive Service, LLC from Waukesha, WI and customer of the Auto-Wares Group of Companies, the 2023 U.S. Technician of the Year Champion. </p><p>“This is such a humbling experience and a great honor. The au</p>\"}',1,'2024-05-13 16:26:17','2024-05-13 16:26:17','33e02367-ceb3-4c68-9cc4-9da5f59dfc08'),
(44,29,2,'Auto Value and Bumper to Bumper Declare 2023 Technician of the Year Winner','news-article-1','news/news-article-1','{\"7418a520-65c4-4f67-a4d3-e560d2f5f28d\": \"<p>DEARBORN, MI: Auto Value and Bumper to Bumper are honored to declare Harrison Keyes, owner of Jerry’s Automotive Service, LLC from Waukesha, WI and customer of the Auto-Wares Group of Companies, the 2023 U.S. Technician of the Year Champion. </p><p>“This is such a humbling experience and a great honor. The automotive industry has been my entire life, my entire career,” says Harrison Keyes the 2023 technician of the year champion. “I can’t thank Auto-Wares and our sales rep enough for pushing me to compete. It feels amazing to receive this recognition. The technicians who came to Dearborn are the best of the best and to be crowned the 2023 champion was unexpected. Thank you to Garage Gurus and DRiV for hosting us, this was awesome!”</p><p>Twelve top technicians from across the United States competed in Detroit, Michigan all vying to be crowned the 2023 Auto Value and Bumper to Bumper Technician of the Year.  The event hosted by DRiV and Garage Gurus included finalists from Auto Value and Bumper to Bumper warehouse distributors from across the United States who submitted their regional finalist to compete for the ultimate crown. Harrison Keyes from Jerry’s Automotive Service was declared the winner after scoring the highest cumulative score based on a custom ASE test and a timed hands-on skills test facilitated by Garage Gurus professional trainers.</p><p>Each finalist took a 90 minute, 100 hundred question, custom Automotive Service Excellence examination.  For the first time in the history of the Auto Value and Bumper to Bumper Technician of the Year program, a hands-on mechanical element was introduced. Garage Gurus professionals administered a timed quick strut and outer tire rod test that accounted for a portion of the technician’s overall score and also served as a qualifier for the <a href=\\\"https://www.tradesnation.com/us/en/etcs/autotech.html\\\">USATNC competition</a>.</p><p>While the custom ASE exam and hands on skills testing were the competition criteria the event also included a variety of activities with the technicians and their guests hitting an afternoon of racing at Champion® Motor Speedway in the M1 Concourse, seeing assembly line at the Ford Rouge Factory Tour, enjoying Greenfield Village and concluding with an exclusive awards reception and dinner at Henry Ford Museum.</p><p>In addition to the 12 Technician of the Year Finalists from the United States, the Auto Value Technician of the Year Champions from Canada and Latin America were also in attendance to celebrate their accomplishments with their US peers.  Nick Zeiger from Driven Automotive in Regina, Saskatchewan and customer of Auto Electric was named the Canadian Champion. Mariana Meija of Mega Tecnicentro, and customer of EXA Auto Parts in Medellin, Columbia was declared the Latin America Champion.</p><p>With over 3500 Certified Service Centers within the Auto Value &amp; Bumper to Bumper network, becoming a technician of the year finalist is no easy task.</p><p>“This program recognizes the lifetime work and achievements of our amazing technicians. These folks are truly professionals, and we are so proud that they represent Auto Value and Bumper to Bumper” said JC Washbish, Vice President of Sales and Marketing at the Aftermarket Auto Parts Alliance, Inc. “Thank you to DRiV and Garage Gurus for hosting us. Their products and training are valued by our technicians who use them every day.”</p><p>“Our Garage Gurus sponsorship of the Auto Value &amp; Bumper to Bumper Technician of the Year program means a lot to us here at DRiV,” says Kevin Reamer, Director of Program Groups with DRiV. “Hosting these top technicians from the U.S., Canada and Latin America, showing off the Garage Gurus training toolbox and assets, and spending time with professionals eager to showcase their expertise was invaluable. This is a partnership that elevates all of us and highlights the full distribution channel from product manufacturing and distribution to the service and repair facilities.”</p><p>The 2023 U.S. Auto Value and Bumper to Bumper Technician of the Year Finalists include:</p><ul><li>Jose Zuniga; Ricks Automotive; Cleburne, TX; 4M Parts Warehouse</li><li>Jason Scott; Advanced Automotive &amp; Diesel; Paris, TX; ABC Auto Parts</li><li>Dave Schreier; Cordells Automotive; Holmen, WI; Automotive Parts Headquarters Inc.</li><li>Harrison Keyes; Jerry’s Automotive Service; Waukesha, WI; Auto-Wares Group of Companies</li><li>Chris Potucek; CC Auto; Harrodsburg KY; Hahn Automotive Warehouse</li><li>Christopher Funk; Holmes Transmission &amp; Auto Repair LLC; Monticello, IA; Arnold Motor Supply</li><li>Steven Perry; Bona Fide Auto Repair; Roseburg, OR; NPW Companies</li><li>Maclane Reeser; Maclane’s Automotive; Downingtown, PA; Eastern Warehouse Distributors</li><li>Ted Curran; Monkey Wrenches, Inc.; Brentwood, CA; Trimon Inc.</li><li>Chris Broom; Broom Auto; Ruston, Louisiana; Parts Warehouse, Inc.</li><li>Phil Clark; Barnes Auto Service; Louisville, Kentucky; Moog Louisville Warehouse</li><li>Kim Mertz; Len’s Auto Repair; Cottleville, Missouri; All Car Automotive Warehouse, Inc.</li></ul><p><a href=\\\"https://bumpertobumper.com/news-media\\\">Back to News »</a></p><p><br /> </p>\", \"ad19730a-ec98-4b57-91dc-7ac3df071908\": \"<p>Auto Value and Bumper to Bumper are honored to declare Harrison Keyes, owner of Jerry’s Automotive Service, LLC from Waukesha, WI and customer of the Auto-Wares Group of Companies, the 2023 U.S. Technician of the Year Champion. </p>\"}',1,'2024-05-13 16:26:33','2024-05-13 16:26:33','9b4b120f-7ba3-49e5-aa38-d5e74c665e90'),
(45,30,2,'Auto Value and Bumper to Bumper Declare 2023 Technician of the Year Winner','news-article-1','news/news-article-1','{\"7418a520-65c4-4f67-a4d3-e560d2f5f28d\": \"<p>DEARBORN, MI: Auto Value and Bumper to Bumper are honored to declare Harrison Keyes, owner of Jerry’s Automotive Service, LLC from Waukesha, WI and customer of the Auto-Wares Group of Companies, the 2023 U.S. Technician of the Year Champion. </p><p>“This is such a humbling experience and a great honor. The automotive industry has been my entire life, my entire career,” says Harrison Keyes the 2023 technician of the year champion. “I can’t thank Auto-Wares and our sales rep enough for pushing me to compete. It feels amazing to receive this recognition. The technicians who came to Dearborn are the best of the best and to be crowned the 2023 champion was unexpected. Thank you to Garage Gurus and DRiV for hosting us, this was awesome!”</p><p>Twelve top technicians from across the United States competed in Detroit, Michigan all vying to be crowned the 2023 Auto Value and Bumper to Bumper Technician of the Year.  The event hosted by DRiV and Garage Gurus included finalists from Auto Value and Bumper to Bumper warehouse distributors from across the United States who submitted their regional finalist to compete for the ultimate crown. Harrison Keyes from Jerry’s Automotive Service was declared the winner after scoring the highest cumulative score based on a custom ASE test and a timed hands-on skills test facilitated by Garage Gurus professional trainers.</p><p>Each finalist took a 90 minute, 100 hundred question, custom Automotive Service Excellence examination.  For the first time in the history of the Auto Value and Bumper to Bumper Technician of the Year program, a hands-on mechanical element was introduced. Garage Gurus professionals administered a timed quick strut and outer tire rod test that accounted for a portion of the technician’s overall score and also served as a qualifier for the <a href=\\\"https://www.tradesnation.com/us/en/etcs/autotech.html\\\">USATNC competition</a>.</p><p>While the custom ASE exam and hands on skills testing were the competition criteria the event also included a variety of activities with the technicians and their guests hitting an afternoon of racing at Champion® Motor Speedway in the M1 Concourse, seeing assembly line at the Ford Rouge Factory Tour, enjoying Greenfield Village and concluding with an exclusive awards reception and dinner at Henry Ford Museum.</p><p>In addition to the 12 Technician of the Year Finalists from the United States, the Auto Value Technician of the Year Champions from Canada and Latin America were also in attendance to celebrate their accomplishments with their US peers.  Nick Zeiger from Driven Automotive in Regina, Saskatchewan and customer of Auto Electric was named the Canadian Champion. Mariana Meija of Mega Tecnicentro, and customer of EXA Auto Parts in Medellin, Columbia was declared the Latin America Champion.</p><p>With over 3500 Certified Service Centers within the Auto Value &amp; Bumper to Bumper network, becoming a technician of the year finalist is no easy task.</p><p>“This program recognizes the lifetime work and achievements of our amazing technicians. These folks are truly professionals, and we are so proud that they represent Auto Value and Bumper to Bumper” said JC Washbish, Vice President of Sales and Marketing at the Aftermarket Auto Parts Alliance, Inc. “Thank you to DRiV and Garage Gurus for hosting us. Their products and training are valued by our technicians who use them every day.”</p><p>“Our Garage Gurus sponsorship of the Auto Value &amp; Bumper to Bumper Technician of the Year program means a lot to us here at DRiV,” says Kevin Reamer, Director of Program Groups with DRiV. “Hosting these top technicians from the U.S., Canada and Latin America, showing off the Garage Gurus training toolbox and assets, and spending time with professionals eager to showcase their expertise was invaluable. This is a partnership that elevates all of us and highlights the full distribution channel from product manufacturing and distribution to the service and repair facilities.”</p><p>The 2023 U.S. Auto Value and Bumper to Bumper Technician of the Year Finalists include:</p><ul><li>Jose Zuniga; Ricks Automotive; Cleburne, TX; 4M Parts Warehouse</li><li>Jason Scott; Advanced Automotive &amp; Diesel; Paris, TX; ABC Auto Parts</li><li>Dave Schreier; Cordells Automotive; Holmen, WI; Automotive Parts Headquarters Inc.</li><li>Harrison Keyes; Jerry’s Automotive Service; Waukesha, WI; Auto-Wares Group of Companies</li><li>Chris Potucek; CC Auto; Harrodsburg KY; Hahn Automotive Warehouse</li><li>Christopher Funk; Holmes Transmission &amp; Auto Repair LLC; Monticello, IA; Arnold Motor Supply</li><li>Steven Perry; Bona Fide Auto Repair; Roseburg, OR; NPW Companies</li><li>Maclane Reeser; Maclane’s Automotive; Downingtown, PA; Eastern Warehouse Distributors</li><li>Ted Curran; Monkey Wrenches, Inc.; Brentwood, CA; Trimon Inc.</li><li>Chris Broom; Broom Auto; Ruston, Louisiana; Parts Warehouse, Inc.</li><li>Phil Clark; Barnes Auto Service; Louisville, Kentucky; Moog Louisville Warehouse</li><li>Kim Mertz; Len’s Auto Repair; Cottleville, Missouri; All Car Automotive Warehouse, Inc.</li></ul><p><a href=\\\"https://bumpertobumper.com/news-media\\\">Back to News »</a></p><p><br /> </p>\", \"ad19730a-ec98-4b57-91dc-7ac3df071908\": \"<p>Auto Value and Bumper to Bumper are honored to declare Harrison Keyes, owner of Jerry’s Automotive Service, LLC from Waukesha, WI and customer of the Auto-Wares Group of Companies, the 2023 U.S. Technician of the Year Champion. </p>\"}',1,'2024-05-13 16:26:54','2024-05-13 16:26:54','425c01ea-b555-4d83-a4c5-444739f0d340'),
(46,31,2,'Auto Value and Bumper to Bumper Name Jeff Weller the 2021 Technician of the Year','auto-value-and-bumper-to-bumper-name-jeff-weller-the-2021-technician-of-the-year','news/auto-value-and-bumper-to-bumper-name-jeff-weller-the-2021-technician-of-the-year','{\"7418a520-65c4-4f67-a4d3-e560d2f5f28d\": \"<p><strong>SAN ANTONIO</strong> - Auto Value and Bumper to Bumper have named Jeff Weller of <a href=\\\"https://autofixrepairs.com/\\\">Auto Fix, LLC</a> in Henning, MN. the 2021 Technician of the Year.  Weller achieved the highest score on a custom ASE exam beating out a dozen other U.S. finalists in San Antonio Oct. 8 during the Auto Value and Bumper to Bumper Technician of the Year finalist trip.  </p><p>“Being the 2021 Technician of the Year means that all of my hard work over the last 24 years of my career has paid off,” said Weller.  “The professionals in the industry recognize my commitment to bettering the industry and I appreciate how it all centers on the customer and making sure they are taken care of.”  </p><p>Auto Fix, LLC is an Auto Value Certified Service Center and customer of <a href=\\\"http://autopartshq.com/\\\">Automotive Parts Headquarters. </a>  </p><p>“Being a Certified Service Center means our customers can be confident in the repairs being done because we stand behind our work, parts and labor all of which is covered by our <a href=\\\"https://confidenceplusauto.com/\\\">Confidence Plus North American Warranty</a>.  My partnership with Auto Value means a great deal to me,” continued Weller, “its quality parts at a competitive price but more importantly it means Auto Value is behind us in our efforts to take care of our customers and they want us to succeed.” <br /> <br />Weller was one of 12 U.S. finalists in attendance at the Technician of the Year event.  He and the other finalists and their guests traveled to San Antonio Oct. 7-10 for a weekend of camaraderie and fun to celebrate their accomplishments while competing for the sole title of Tech of the Year. </p><p>The group was also joined by the Canadian Auto Value Technician of the Year Cody Carnahan of OK Tire Park Street, an <a href=\\\"https://autoelectricservice.com/\\\">Auto Electric Service</a> certified service center customer in Regina, Saskatchewan, Canada, and the Auto Value Latin America Technician of the Year Angel Alberto Hernandez Recinos of Autoservicio Del Valle, a customer of <a href=\\\"https://tripleahn.com/\\\">Triple A Autopartes</a>, in San Pedro Sula, Honduras. <br /> <br />“At <a href=\\\"https://www.garagegurus.tech/\\\">Garage Gurus</a>, we are so excited and proud to sponsor the Technician of the Year program,” said Kevin Reamer, Director Program Groups/Business Development at <a href=\\\"https://www.driv.com/\\\">DRiV</a>, “It was great to be at the finalist event in San Antonio and see the passion and expertise of each technician.  Congratulations to all the finalists and to the three winners. Also, thank you to the Auto Value and Bumper to Bumper team for putting on such a great event!” </p><p>The group flew into San Antonio on Thursday, Oct. 7, for a welcome reception and dinner at the Texas Rangers’ Museum and Buckhorn Saloon. Friday morning, after taking the 90-minute custom ASE exam in the morning, the technicians and their guest were treated a private IMAX of Alamo: Price of Freedom followed by lunch at the Lone Star Café across from the Alamo. The group closed out with River Walk boat tour and dinner at the iconic Casa Rio restaurant. <br /> <br />Saturday, all of the finalists were welcomed to a true Texas experience when they arrived at the Tejas Rodeo in Bulverde where they enjoyed another VIP reception and dinner.   </p><p>The culmination of the event occurred right before the rodeo when all of the finalists took to the dirt and were presented with customized Auto Value and Bumper to Bumper Technician of the Year finalist belt buckles.  JC Washbish, Vice President of Sales and Marketing for the Aftermarket Auto Parts Alliance, Inc., joined the group in an historic, late 19th century stagecoach presenting Weller with the grand prize belt buckle.  </p><p>“These automotive technicians keep America moving,” said Washbish from the Rodeo floor, “they keep our first responders responding. They get our front line workers to the front. They help us with one of our greatest freedoms – the ability to move about this country. To go where we want, when we want. The American technician is the definition of the essential worker.” <br /> <br />Weller’s score of 90 out of 100 possible points earned him the title, $2,500, and a trip to the ASE Awards Ceremony in Phoenix, AZ. this November to represent all of Auto Value and Bumper to Bumper Certified Service Center locations and technicians.  </p><p>“We couldn’t be more proud of Jeff,” said Washbish, “he is a wonderful advocate for our Auto Value brand and our Certified Service Center program.  We are proud to have him as an ambassador to represent all of our fantastic Technician of the Year finalists and the more than 16,000 technicians employed at Certified Service Centers throughout North America!  We also want to congratulate Angel Alberto Hernandez Recinos and Cody Carnahan on their equally impressive achievements.” </p><p>“Being tech of the year for me is a huge accomplishment for myself,” said Carnahan, “I will continue to pride myself in the work I preform and services I provide to ensure peoples’ safety , day in and day out.” </p><p>Finalists were selected by their Auto Value and Bumper to Bumper suppliers based on several criteria, including ASE certification, status as a Certified Service Center, training, personal biographies, and letters of recommendation.  </p><p>This training program is hosted by the <a href=\\\"http://www.alliance1.com/\\\">Aftermarket Auto Parts Alliance, Inc.</a>, program group headquarters for Auto Value and Bumper to Bumper.  </p><p><br /><br /><a href=\\\"http://www.autovalue.com/\\\"><strong>About Auto Value</strong></a><strong> </strong><a href=\\\"http://www.bumpertobumper.com/\\\"><strong>and Bumper to Bumper </strong></a><br />Auto Value and Bumper to Bumper are part of the independent member network of the Aftermarket Auto Parts Alliance, Inc., the premier aftermarket distribution and marketing program group in the world. As a network of independent warehouse distributors, we are the industry choice for quality parts and service with thousands of parts stores and professional repair shops across North America, Mexico, Honduras, El Salvador, Columbia, Europe and China. Our members pride themselves on responding to the individual needs of each customer and providing unequaled products and service throughout the Alliance’s global network. <br />For more information go to <a href=\\\"http://www.autovalue.com/\\\">www.autovalue.com</a> or <a href=\\\"http://www.bumpertobumper.com/\\\">www.bumpertobumper.com</a>.</p><p><a href=\\\"https://www.garagegurus.tech/%C2%A0%C2%A0\\\"><strong>About Garage Gurus </strong></a></p><p>Offering onsite, online and on-demand instruction, Garage Gurus is a first-of-its-kind national training platform designed to help front-line automotive service professionals keep pace with the latest vehicle technologies. State-of-the-art Garage Gurus technical education centers are operational in 12 U.S. markets – Atlanta; Baltimore; Boston; Chicago; Dallas/Fort Worth; Houston; New Hyde Park, N.Y.; Rancho Dominguez, Calif.; South Florida; St. Louis; Suburban Detroit; and Van Nuys, Calif. </p>\", \"ad19730a-ec98-4b57-91dc-7ac3df071908\": \"<p>Auto Value and Bumper to Bumper have named Jeff Weller of Auto Fix, LLC in Henning, MN. the 2021 Technician of the Year.  Weller achieved the highest score on a custom ASE exam beating out a dozen other U.S. finalists in San Antonio Oct. 8 during the Auto Value and Bumper to Bumper Technician of the Year finalist trip.  </p>\"}',1,'2024-05-13 16:27:42','2024-05-13 16:29:18','36214b77-2065-4a73-9369-122e1594d118'),
(47,32,2,'Auto Value and Bumper to Bumper Name Jeff Weller the 2021 Technician of the Year','auto-value-and-bumper-to-bumper-name-jeff-weller-the-2021-technician-of-the-year','news/auto-value-and-bumper-to-bumper-name-jeff-weller-the-2021-technician-of-the-year','{\"7418a520-65c4-4f67-a4d3-e560d2f5f28d\": \"<p><strong>SAN ANTONIO</strong> - <a href=\\\"http://www.autovalue.com/\\\">Auto Value</a> and <a href=\\\"http://www.bumpertobumper.com/\\\">Bumper to Bumper</a> have named Jeff Weller of <a href=\\\"https://autofixrepairs.com/\\\">Auto Fix, LLC</a> in Henning, MN. the 2021 Technician of the Year.  Weller achieved the highest score on a custom ASE exam beating out a dozen other U.S. finalists in San Antonio Oct. 8 during the Auto Value and Bumper to Bumper Technician of the Year finalist trip.  </p><p>“Being the 2021 Technician of the Year means that all of my hard work over the last 24 years of my career has paid off,” said Weller.  “The professionals in the industry recognize my commitment to bettering the industry and I appreciate how it all centers on the customer and making sure they are taken care of.”  </p><p>Auto Fix, LLC is an Auto Value Certified Service Center and customer of <a href=\\\"http://autopartshq.com/\\\">Automotive Parts Headquarters. </a>  </p><p>“Being a Certified Service Center means our customers can be confident in the repairs being done because we stand behind our work, parts and labor all of which is covered by our <a href=\\\"https://confidenceplusauto.com/\\\">Confidence Plus North American Warranty</a>.  My partnership with Auto Value means a great deal to me,” continued Weller, “its quality parts at a competitive price but more importantly it means Auto Value is behind us in our efforts to take care of our customers and they want us to succeed.” <br /> <br />Weller was one of 12 U.S. finalists in attendance at the Technician of the Year event.  He and the other finalists and their guests traveled to San Antonio Oct. 7-10 for a weekend of camaraderie and fun to celebrate their accomplishments while competing for the sole title of Tech of the Year. </p><p>The group was also joined by the Canadian Auto Value Technician of the Year Cody Carnahan of OK Tire Park Street, an <a href=\\\"https://autoelectricservice.com/\\\">Auto Electric Service</a> certified service center customer in Regina, Saskatchewan, Canada, and the Auto Value Latin America Technician of the Year Angel Alberto Hernandez Recinos of Autoservicio Del Valle, a customer of <a href=\\\"https://tripleahn.com/\\\">Triple A Autopartes</a>, in San Pedro Sula, Honduras. <br /> <br />“At <a href=\\\"https://www.garagegurus.tech/\\\">Garage Gurus</a>, we are so excited and proud to sponsor the Technician of the Year program,” said Kevin Reamer, Director Program Groups/Business Development at <a href=\\\"https://www.driv.com/\\\">DRiV</a>, “It was great to be at the finalist event in San Antonio and see the passion and expertise of each technician.  Congratulations to all the finalists and to the three winners. Also, thank you to the Auto Value and Bumper to Bumper team for putting on such a great event!” </p><p>The group flew into San Antonio on Thursday, Oct. 7, for a welcome reception and dinner at the Texas Rangers’ Museum and Buckhorn Saloon. Friday morning, after taking the 90-minute custom ASE exam in the morning, the technicians and their guest were treated a private IMAX of Alamo: Price of Freedom followed by lunch at the Lone Star Café across from the Alamo. The group closed out with River Walk boat tour and dinner at the iconic Casa Rio restaurant. <br /> <br />Saturday, all of the finalists were welcomed to a true Texas experience when they arrived at the Tejas Rodeo in Bulverde where they enjoyed another VIP reception and dinner.   </p><p>The culmination of the event occurred right before the rodeo when all of the finalists took to the dirt and were presented with customized Auto Value and Bumper to Bumper Technician of the Year finalist belt buckles.  JC Washbish, Vice President of Sales and Marketing for the Aftermarket Auto Parts Alliance, Inc., joined the group in an historic, late 19th century stagecoach presenting Weller with the grand prize belt buckle.  </p><p>“These automotive technicians keep America moving,” said Washbish from the Rodeo floor, “they keep our first responders responding. They get our front line workers to the front. They help us with one of our greatest freedoms – the ability to move about this country. To go where we want, when we want. The American technician is the definition of the essential worker.” <br /> <br />Weller’s score of 90 out of 100 possible points earned him the title, $2,500, and a trip to the ASE Awards Ceremony in Phoenix, AZ. this November to represent all of Auto Value and Bumper to Bumper Certified Service Center locations and technicians.  </p><p>“We couldn’t be more proud of Jeff,” said Washbish, “he is a wonderful advocate for our Auto Value brand and our Certified Service Center program.  We are proud to have him as an ambassador to represent all of our fantastic Technician of the Year finalists and the more than 16,000 technicians employed at Certified Service Centers throughout North America!  We also want to congratulate Angel Alberto Hernandez Recinos and Cody Carnahan on their equally impressive achievements.” </p><p>“Being tech of the year for me is a huge accomplishment for myself,” said Carnahan, “I will continue to pride myself in the work I preform and services I provide to ensure peoples’ safety , day in and day out.” </p><p>Finalists were selected by their Auto Value and Bumper to Bumper suppliers based on several criteria, including ASE certification, status as a Certified Service Center, training, personal biographies, and letters of recommendation.  </p><p>This training program is hosted by the <a href=\\\"http://www.alliance1.com/\\\">Aftermarket Auto Parts Alliance, Inc.</a>, program group headquarters for Auto Value and Bumper to Bumper.  </p><p><br /><br /><a href=\\\"http://www.autovalue.com/\\\"><strong>About Auto Value</strong></a><strong> </strong><a href=\\\"http://www.bumpertobumper.com/\\\"><strong>and Bumper to Bumper </strong></a><br />Auto Value and Bumper to Bumper are part of the independent member network of the Aftermarket Auto Parts Alliance, Inc., the premier aftermarket distribution and marketing program group in the world. As a network of independent warehouse distributors, we are the industry choice for quality parts and service with thousands of parts stores and professional repair shops across North America, Mexico, Honduras, El Salvador, Columbia, Europe and China. Our members pride themselves on responding to the individual needs of each customer and providing unequaled products and service throughout the Alliance’s global network. <br />For more information go to <a href=\\\"http://www.autovalue.com/\\\">www.autovalue.com</a> or <a href=\\\"http://www.bumpertobumper.com/\\\">www.bumpertobumper.com</a>.</p><p><a href=\\\"https://www.garagegurus.tech/%C2%A0%C2%A0\\\"><strong>About Garage Gurus </strong></a></p><p>Offering onsite, online and on-demand instruction, Garage Gurus is a first-of-its-kind national training platform designed to help front-line automotive service professionals keep pace with the latest vehicle technologies. State-of-the-art Garage Gurus technical education centers are operational in 12 U.S. markets – Atlanta; Baltimore; Boston; Chicago; Dallas/Fort Worth; Houston; New Hyde Park, N.Y.; Rancho Dominguez, Calif.; South Florida; St. Louis; Suburban Detroit; and Van Nuys, Calif. </p>\", \"ad19730a-ec98-4b57-91dc-7ac3df071908\": \"<p><a href=\\\"http://www.autovalue.com/\\\">Auto Value</a> and <a href=\\\"http://www.bumpertobumper.com/\\\">Bumper to Bumper</a> have named Jeff Weller of <a href=\\\"https://autofixrepairs.com/\\\">Auto Fix, LLC</a> in Henning, MN. the 2021 Technician of the Year.  Weller achieved the highest score on a custom ASE exam beating out a dozen other U.S. finalists in San Antonio Oct. 8 during the Auto Value and Bumper to Bumper Technician of the Year finalist trip.  </p>\"}',1,'2024-05-13 16:28:21','2024-05-13 16:28:21','d10f9385-1029-47cb-b8a9-4903d72ffcf5'),
(49,34,2,'Auto Value and Bumper to Bumper Name Jeff Weller the 2021 Technician of the Year','auto-value-and-bumper-to-bumper-name-jeff-weller-the-2021-technician-of-the-year','news/auto-value-and-bumper-to-bumper-name-jeff-weller-the-2021-technician-of-the-year','{\"7418a520-65c4-4f67-a4d3-e560d2f5f28d\": \"<p><strong>SAN ANTONIO</strong> - <a href=\\\"http://www.autovalue.com/\\\">Auto Value</a> and <a href=\\\"http://www.bumpertobumper.com/\\\">Bumper to Bumper</a> have named Jeff Weller of <a href=\\\"https://autofixrepairs.com/\\\">Auto Fix, LLC</a> in Henning, MN. the 2021 Technician of the Year.  Weller achieved the highest score on a custom ASE exam beating out a dozen other U.S. finalists in San Antonio Oct. 8 during the Auto Value and Bumper to Bumper Technician of the Year finalist trip.  </p><p>“Being the 2021 Technician of the Year means that all of my hard work over the last 24 years of my career has paid off,” said Weller.  “The professionals in the industry recognize my commitment to bettering the industry and I appreciate how it all centers on the customer and making sure they are taken care of.”  </p><p>Auto Fix, LLC is an Auto Value Certified Service Center and customer of <a href=\\\"http://autopartshq.com/\\\">Automotive Parts Headquarters. </a>  </p><p>“Being a Certified Service Center means our customers can be confident in the repairs being done because we stand behind our work, parts and labor all of which is covered by our <a href=\\\"https://confidenceplusauto.com/\\\">Confidence Plus North American Warranty</a>.  My partnership with Auto Value means a great deal to me,” continued Weller, “its quality parts at a competitive price but more importantly it means Auto Value is behind us in our efforts to take care of our customers and they want us to succeed.” <br /> <br />Weller was one of 12 U.S. finalists in attendance at the Technician of the Year event.  He and the other finalists and their guests traveled to San Antonio Oct. 7-10 for a weekend of camaraderie and fun to celebrate their accomplishments while competing for the sole title of Tech of the Year. </p><p>The group was also joined by the Canadian Auto Value Technician of the Year Cody Carnahan of OK Tire Park Street, an <a href=\\\"https://autoelectricservice.com/\\\">Auto Electric Service</a> certified service center customer in Regina, Saskatchewan, Canada, and the Auto Value Latin America Technician of the Year Angel Alberto Hernandez Recinos of Autoservicio Del Valle, a customer of <a href=\\\"https://tripleahn.com/\\\">Triple A Autopartes</a>, in San Pedro Sula, Honduras. <br /> <br />“At <a href=\\\"https://www.garagegurus.tech/\\\">Garage Gurus</a>, we are so excited and proud to sponsor the Technician of the Year program,” said Kevin Reamer, Director Program Groups/Business Development at <a href=\\\"https://www.driv.com/\\\">DRiV</a>, “It was great to be at the finalist event in San Antonio and see the passion and expertise of each technician.  Congratulations to all the finalists and to the three winners. Also, thank you to the Auto Value and Bumper to Bumper team for putting on such a great event!” </p><p>The group flew into San Antonio on Thursday, Oct. 7, for a welcome reception and dinner at the Texas Rangers’ Museum and Buckhorn Saloon. Friday morning, after taking the 90-minute custom ASE exam in the morning, the technicians and their guest were treated a private IMAX of Alamo: Price of Freedom followed by lunch at the Lone Star Café across from the Alamo. The group closed out with River Walk boat tour and dinner at the iconic Casa Rio restaurant. <br /> <br />Saturday, all of the finalists were welcomed to a true Texas experience when they arrived at the Tejas Rodeo in Bulverde where they enjoyed another VIP reception and dinner.   </p><p>The culmination of the event occurred right before the rodeo when all of the finalists took to the dirt and were presented with customized Auto Value and Bumper to Bumper Technician of the Year finalist belt buckles.  JC Washbish, Vice President of Sales and Marketing for the Aftermarket Auto Parts Alliance, Inc., joined the group in an historic, late 19th century stagecoach presenting Weller with the grand prize belt buckle.  </p><p>“These automotive technicians keep America moving,” said Washbish from the Rodeo floor, “they keep our first responders responding. They get our front line workers to the front. They help us with one of our greatest freedoms – the ability to move about this country. To go where we want, when we want. The American technician is the definition of the essential worker.” <br /> <br />Weller’s score of 90 out of 100 possible points earned him the title, $2,500, and a trip to the ASE Awards Ceremony in Phoenix, AZ. this November to represent all of Auto Value and Bumper to Bumper Certified Service Center locations and technicians.  </p><p>“We couldn’t be more proud of Jeff,” said Washbish, “he is a wonderful advocate for our Auto Value brand and our Certified Service Center program.  We are proud to have him as an ambassador to represent all of our fantastic Technician of the Year finalists and the more than 16,000 technicians employed at Certified Service Centers throughout North America!  We also want to congratulate Angel Alberto Hernandez Recinos and Cody Carnahan on their equally impressive achievements.” </p><p>“Being tech of the year for me is a huge accomplishment for myself,” said Carnahan, “I will continue to pride myself in the work I preform and services I provide to ensure peoples’ safety , day in and day out.” </p><p>Finalists were selected by their Auto Value and Bumper to Bumper suppliers based on several criteria, including ASE certification, status as a Certified Service Center, training, personal biographies, and letters of recommendation.  </p><p>This training program is hosted by the <a href=\\\"http://www.alliance1.com/\\\">Aftermarket Auto Parts Alliance, Inc.</a>, program group headquarters for Auto Value and Bumper to Bumper.  </p><p><br /><br /><a href=\\\"http://www.autovalue.com/\\\"><strong>About Auto Value</strong></a><strong> </strong><a href=\\\"http://www.bumpertobumper.com/\\\"><strong>and Bumper to Bumper </strong></a><br />Auto Value and Bumper to Bumper are part of the independent member network of the Aftermarket Auto Parts Alliance, Inc., the premier aftermarket distribution and marketing program group in the world. As a network of independent warehouse distributors, we are the industry choice for quality parts and service with thousands of parts stores and professional repair shops across North America, Mexico, Honduras, El Salvador, Columbia, Europe and China. Our members pride themselves on responding to the individual needs of each customer and providing unequaled products and service throughout the Alliance’s global network. <br />For more information go to <a href=\\\"http://www.autovalue.com/\\\">www.autovalue.com</a> or <a href=\\\"http://www.bumpertobumper.com/\\\">www.bumpertobumper.com</a>.</p><p><a href=\\\"https://www.garagegurus.tech/%C2%A0%C2%A0\\\"><strong>About Garage Gurus </strong></a></p><p>Offering onsite, online and on-demand instruction, Garage Gurus is a first-of-its-kind national training platform designed to help front-line automotive service professionals keep pace with the latest vehicle technologies. State-of-the-art Garage Gurus technical education centers are operational in 12 U.S. markets – Atlanta; Baltimore; Boston; Chicago; Dallas/Fort Worth; Houston; New Hyde Park, N.Y.; Rancho Dominguez, Calif.; South Florida; St. Louis; Suburban Detroit; and Van Nuys, Calif. </p>\", \"ad19730a-ec98-4b57-91dc-7ac3df071908\": \"<p><a href=\\\"http://www.autovalue.com/\\\">Auto Value</a> and <a href=\\\"http://www.bumpertobumper.com/\\\">Bumper to Bumper</a> have named Jeff Weller of <a href=\\\"https://autofixrepairs.com/\\\">Auto Fix, LLC</a> in Henning, MN. the 2021 Technician of the Year.  Weller achieved the highest score on a custom ASE exam beating out a dozen other U.S. finalists in San Antonio Oct. 8 during the Auto Value and Bumper to Bumper Technician of the Year finalist trip.  </p>\"}',1,'2024-05-13 16:28:48','2024-05-13 16:28:48','eb475ddd-fe38-47d7-9fa5-ebda03cdd37f'),
(51,36,2,'Auto Value and Bumper to Bumper Name Jeff Weller the 2021 Technician of the Year','auto-value-and-bumper-to-bumper-name-jeff-weller-the-2021-technician-of-the-year','news/auto-value-and-bumper-to-bumper-name-jeff-weller-the-2021-technician-of-the-year','{\"7418a520-65c4-4f67-a4d3-e560d2f5f28d\": \"<p><strong>SAN ANTONIO</strong> - Auto Value and Bumper to Bumper have named Jeff Weller of <a href=\\\"https://autofixrepairs.com/\\\">Auto Fix, LLC</a> in Henning, MN. the 2021 Technician of the Year.  Weller achieved the highest score on a custom ASE exam beating out a dozen other U.S. finalists in San Antonio Oct. 8 during the Auto Value and Bumper to Bumper Technician of the Year finalist trip.  </p><p>“Being the 2021 Technician of the Year means that all of my hard work over the last 24 years of my career has paid off,” said Weller.  “The professionals in the industry recognize my commitment to bettering the industry and I appreciate how it all centers on the customer and making sure they are taken care of.”  </p><p>Auto Fix, LLC is an Auto Value Certified Service Center and customer of <a href=\\\"http://autopartshq.com/\\\">Automotive Parts Headquarters. </a>  </p><p>“Being a Certified Service Center means our customers can be confident in the repairs being done because we stand behind our work, parts and labor all of which is covered by our <a href=\\\"https://confidenceplusauto.com/\\\">Confidence Plus North American Warranty</a>.  My partnership with Auto Value means a great deal to me,” continued Weller, “its quality parts at a competitive price but more importantly it means Auto Value is behind us in our efforts to take care of our customers and they want us to succeed.” <br /> <br />Weller was one of 12 U.S. finalists in attendance at the Technician of the Year event.  He and the other finalists and their guests traveled to San Antonio Oct. 7-10 for a weekend of camaraderie and fun to celebrate their accomplishments while competing for the sole title of Tech of the Year. </p><p>The group was also joined by the Canadian Auto Value Technician of the Year Cody Carnahan of OK Tire Park Street, an <a href=\\\"https://autoelectricservice.com/\\\">Auto Electric Service</a> certified service center customer in Regina, Saskatchewan, Canada, and the Auto Value Latin America Technician of the Year Angel Alberto Hernandez Recinos of Autoservicio Del Valle, a customer of <a href=\\\"https://tripleahn.com/\\\">Triple A Autopartes</a>, in San Pedro Sula, Honduras. <br /> <br />“At <a href=\\\"https://www.garagegurus.tech/\\\">Garage Gurus</a>, we are so excited and proud to sponsor the Technician of the Year program,” said Kevin Reamer, Director Program Groups/Business Development at <a href=\\\"https://www.driv.com/\\\">DRiV</a>, “It was great to be at the finalist event in San Antonio and see the passion and expertise of each technician.  Congratulations to all the finalists and to the three winners. Also, thank you to the Auto Value and Bumper to Bumper team for putting on such a great event!” </p><p>The group flew into San Antonio on Thursday, Oct. 7, for a welcome reception and dinner at the Texas Rangers’ Museum and Buckhorn Saloon. Friday morning, after taking the 90-minute custom ASE exam in the morning, the technicians and their guest were treated a private IMAX of Alamo: Price of Freedom followed by lunch at the Lone Star Café across from the Alamo. The group closed out with River Walk boat tour and dinner at the iconic Casa Rio restaurant. <br /> <br />Saturday, all of the finalists were welcomed to a true Texas experience when they arrived at the Tejas Rodeo in Bulverde where they enjoyed another VIP reception and dinner.   </p><p>The culmination of the event occurred right before the rodeo when all of the finalists took to the dirt and were presented with customized Auto Value and Bumper to Bumper Technician of the Year finalist belt buckles.  JC Washbish, Vice President of Sales and Marketing for the Aftermarket Auto Parts Alliance, Inc., joined the group in an historic, late 19th century stagecoach presenting Weller with the grand prize belt buckle.  </p><p>“These automotive technicians keep America moving,” said Washbish from the Rodeo floor, “they keep our first responders responding. They get our front line workers to the front. They help us with one of our greatest freedoms – the ability to move about this country. To go where we want, when we want. The American technician is the definition of the essential worker.” <br /> <br />Weller’s score of 90 out of 100 possible points earned him the title, $2,500, and a trip to the ASE Awards Ceremony in Phoenix, AZ. this November to represent all of Auto Value and Bumper to Bumper Certified Service Center locations and technicians.  </p><p>“We couldn’t be more proud of Jeff,” said Washbish, “he is a wonderful advocate for our Auto Value brand and our Certified Service Center program.  We are proud to have him as an ambassador to represent all of our fantastic Technician of the Year finalists and the more than 16,000 technicians employed at Certified Service Centers throughout North America!  We also want to congratulate Angel Alberto Hernandez Recinos and Cody Carnahan on their equally impressive achievements.” </p><p>“Being tech of the year for me is a huge accomplishment for myself,” said Carnahan, “I will continue to pride myself in the work I preform and services I provide to ensure peoples’ safety , day in and day out.” </p><p>Finalists were selected by their Auto Value and Bumper to Bumper suppliers based on several criteria, including ASE certification, status as a Certified Service Center, training, personal biographies, and letters of recommendation.  </p><p>This training program is hosted by the <a href=\\\"http://www.alliance1.com/\\\">Aftermarket Auto Parts Alliance, Inc.</a>, program group headquarters for Auto Value and Bumper to Bumper.  </p><p><br /><br /><a href=\\\"http://www.autovalue.com/\\\"><strong>About Auto Value</strong></a><strong> </strong><a href=\\\"http://www.bumpertobumper.com/\\\"><strong>and Bumper to Bumper </strong></a><br />Auto Value and Bumper to Bumper are part of the independent member network of the Aftermarket Auto Parts Alliance, Inc., the premier aftermarket distribution and marketing program group in the world. As a network of independent warehouse distributors, we are the industry choice for quality parts and service with thousands of parts stores and professional repair shops across North America, Mexico, Honduras, El Salvador, Columbia, Europe and China. Our members pride themselves on responding to the individual needs of each customer and providing unequaled products and service throughout the Alliance’s global network. <br />For more information go to <a href=\\\"http://www.autovalue.com/\\\">www.autovalue.com</a> or <a href=\\\"http://www.bumpertobumper.com/\\\">www.bumpertobumper.com</a>.</p><p><a href=\\\"https://www.garagegurus.tech/%C2%A0%C2%A0\\\"><strong>About Garage Gurus </strong></a></p><p>Offering onsite, online and on-demand instruction, Garage Gurus is a first-of-its-kind national training platform designed to help front-line automotive service professionals keep pace with the latest vehicle technologies. State-of-the-art Garage Gurus technical education centers are operational in 12 U.S. markets – Atlanta; Baltimore; Boston; Chicago; Dallas/Fort Worth; Houston; New Hyde Park, N.Y.; Rancho Dominguez, Calif.; South Florida; St. Louis; Suburban Detroit; and Van Nuys, Calif. </p>\", \"ad19730a-ec98-4b57-91dc-7ac3df071908\": \"<p>Auto Value and Bumper to Bumper have named Jeff Weller of Auto Fix, LLC in Henning, MN. the 2021 Technician of the Year.  Weller achieved the highest score on a custom ASE exam beating out a dozen other U.S. finalists in San Antonio Oct. 8 during the Auto Value and Bumper to Bumper Technician of the Year finalist trip.  </p>\"}',1,'2024-05-13 16:29:18','2024-05-13 16:29:18','01309142-0807-48d4-ab8a-fafb83b9adb2'),
(53,38,2,'Auto Value and Bumper to Bumper Declare 2023 Technician of the Year Winner','news-article-1','news/news-article-1','{\"7418a520-65c4-4f67-a4d3-e560d2f5f28d\": \"<p>DEARBORN, MI: Auto Value and Bumper to Bumper are honored to declare Harrison Keyes, owner of Jerry’s Automotive Service, LLC from Waukesha, WI and customer of the Auto-Wares Group of Companies, the 2023 U.S. Technician of the Year Champion. </p><p>“This is such a humbling experience and a great honor. The automotive industry has been my entire life, my entire career,” says Harrison Keyes the 2023 technician of the year champion. “I can’t thank Auto-Wares and our sales rep enough for pushing me to compete. It feels amazing to receive this recognition. The technicians who came to Dearborn are the best of the best and to be crowned the 2023 champion was unexpected. Thank you to Garage Gurus and DRiV for hosting us, this was awesome!”</p><p>Twelve top technicians from across the United States competed in Detroit, Michigan all vying to be crowned the 2023 Auto Value and Bumper to Bumper Technician of the Year.  The event hosted by DRiV and Garage Gurus included finalists from Auto Value and Bumper to Bumper warehouse distributors from across the United States who submitted their regional finalist to compete for the ultimate crown. Harrison Keyes from Jerry’s Automotive Service was declared the winner after scoring the highest cumulative score based on a custom ASE test and a timed hands-on skills test facilitated by Garage Gurus professional trainers.</p><p>Each finalist took a 90 minute, 100 hundred question, custom Automotive Service Excellence examination.  For the first time in the history of the Auto Value and Bumper to Bumper Technician of the Year program, a hands-on mechanical element was introduced. Garage Gurus professionals administered a timed quick strut and outer tire rod test that accounted for a portion of the technician’s overall score and also served as a qualifier for the <a href=\\\"https://www.tradesnation.com/us/en/etcs/autotech.html\\\">USATNC competition</a>.</p><p>While the custom ASE exam and hands on skills testing were the competition criteria the event also included a variety of activities with the technicians and their guests hitting an afternoon of racing at Champion® Motor Speedway in the M1 Concourse, seeing assembly line at the Ford Rouge Factory Tour, enjoying Greenfield Village and concluding with an exclusive awards reception and dinner at Henry Ford Museum.</p><p>In addition to the 12 Technician of the Year Finalists from the United States, the Auto Value Technician of the Year Champions from Canada and Latin America were also in attendance to celebrate their accomplishments with their US peers.  Nick Zeiger from Driven Automotive in Regina, Saskatchewan and customer of Auto Electric was named the Canadian Champion. Mariana Meija of Mega Tecnicentro, and customer of EXA Auto Parts in Medellin, Columbia was declared the Latin America Champion.</p><p>With over 3500 Certified Service Centers within the Auto Value &amp; Bumper to Bumper network, becoming a technician of the year finalist is no easy task.</p><p>“This program recognizes the lifetime work and achievements of our amazing technicians. These folks are truly professionals, and we are so proud that they represent Auto Value and Bumper to Bumper” said JC Washbish, Vice President of Sales and Marketing at the Aftermarket Auto Parts Alliance, Inc. “Thank you to DRiV and Garage Gurus for hosting us. Their products and training are valued by our technicians who use them every day.”</p><p>“Our Garage Gurus sponsorship of the Auto Value &amp; Bumper to Bumper Technician of the Year program means a lot to us here at DRiV,” says Kevin Reamer, Director of Program Groups with DRiV. “Hosting these top technicians from the U.S., Canada and Latin America, showing off the Garage Gurus training toolbox and assets, and spending time with professionals eager to showcase their expertise was invaluable. This is a partnership that elevates all of us and highlights the full distribution channel from product manufacturing and distribution to the service and repair facilities.”</p><p>The 2023 U.S. Auto Value and Bumper to Bumper Technician of the Year Finalists include:</p><ul><li>Jose Zuniga; Ricks Automotive; Cleburne, TX; 4M Parts Warehouse</li><li>Jason Scott; Advanced Automotive &amp; Diesel; Paris, TX; ABC Auto Parts</li><li>Dave Schreier; Cordells Automotive; Holmen, WI; Automotive Parts Headquarters Inc.</li><li>Harrison Keyes; Jerry’s Automotive Service; Waukesha, WI; Auto-Wares Group of Companies</li><li>Chris Potucek; CC Auto; Harrodsburg KY; Hahn Automotive Warehouse</li><li>Christopher Funk; Holmes Transmission &amp; Auto Repair LLC; Monticello, IA; Arnold Motor Supply</li><li>Steven Perry; Bona Fide Auto Repair; Roseburg, OR; NPW Companies</li><li>Maclane Reeser; Maclane’s Automotive; Downingtown, PA; Eastern Warehouse Distributors</li><li>Ted Curran; Monkey Wrenches, Inc.; Brentwood, CA; Trimon Inc.</li><li>Chris Broom; Broom Auto; Ruston, Louisiana; Parts Warehouse, Inc.</li><li>Phil Clark; Barnes Auto Service; Louisville, Kentucky; Moog Louisville Warehouse</li><li>Kim Mertz; Len’s Auto Repair; Cottleville, Missouri; All Car Automotive Warehouse, Inc.</li></ul>\", \"ad19730a-ec98-4b57-91dc-7ac3df071908\": \"<p>Auto Value and Bumper to Bumper are honored to declare Harrison Keyes, owner of Jerry’s Automotive Service, LLC from Waukesha, WI and customer of the Auto-Wares Group of Companies, the 2023 U.S. Technician of the Year Champion. </p>\"}',1,'2024-05-13 16:32:33','2024-05-13 16:32:33','ba9ee1de-aaf3-4836-91a7-d0cc0a6dcc2f'),
(54,39,2,'Auto Value and Bumper to Bumper Name 2020 Technician of the Year','auto-value-and-bumper-to-bumper-name-2020-technician-of-the-year','news/auto-value-and-bumper-to-bumper-name-2020-technician-of-the-year','{\"7418a520-65c4-4f67-a4d3-e560d2f5f28d\": \"<p><i>SAN ANTONIO</i> - <a>Auto Value</a> and <a>Bumper to Bumper</a> have named Mark Calzia of <a href=\\\"https://mcauto.mechanicnet.com/\\\">M.C. Tire &amp; Automotive</a> in Moline, Ill. the 2020 Technician of the Year. Calzia achieved the highest score on a custom ASE exam given to U.S. finalists in San Antonio Mar. 13 during the Auto Value and Bumper to Bumper Technician of the Year finalist trip.</p><p>M.C Tire &amp; Automotive is a Bumper to Bumper Certified Service Center and customer of <a href=\\\"http://iwimotorparts.com/\\\">IWI Motor Parts</a>.</p><p>“Mark is a great customer, and, better yet, a great person. This is an outstanding achievement by a great individual,” said TJ Faley, president of IWI Motor Parts. “Mark spends endless hours going to training classes and does everything he can to stay at the top of his trade. Mark shows us all what it takes to be a professional. He is a great asset to the Quad Cities. He is always ready to lend a helping hand when somebody is struggling on a complicated repair. The IWI family is excited and proud of Mark’s accomplishment.”</p><p>Calzia was one of 18 U.S. finalists. He and the other finalists and their guests traveled to San Antonio Mar. 12-15 for a weekend of camaraderie and fun to celebrate their accomplishments and crown the winner. The group was also joined by the Canadian Technician of the Year Jason Meilleur of <a href=\\\"https://riverparkautomotive.ca/\\\">River Park Automotive</a> (a <a>Piston Ring Service Supply</a> CSC) in Winnipeg, Canada, and the Mexican Technician of the Year Luis Alfredo Calles Rivas of <a href=\\\"https://www.facebook.com/pages/Mecatec-Express/315944938462365\\\">Mecatec Express</a> (a customer of <a>Almex Refacciones</a>) in Tamaulipas, Mexico.</p><p>“I’m so thankful to Bumper to Bumper for gathering some of the best technicians in the nation together to be recognized, share ideas, and have fun,” Calzia said. “We have all learned new things, shared camaraderie, and met some new lifelong friends. The time we shared will be great memories for the rest of our lives. It’s such an honor to be able to represent Auto Value and Bumper to Bumper.” </p><p>The group flew into San Antonio on Thursday, Mar. 12, for a welcome reception and dinner at the Buckhorn Saloon and Museum. Friday, after taking the 90-minute custom ASE exam in the morning, they enjoyed a private IMAX Alamo: Price of Freedom movie screening followed by a tour of the Alamo, lunch at the Lone Star Cafe, and free time to explore the Alamo City. They closed out the evening with an exclusive River Walk boat tour and dinner at the iconic Casa Rio restaurant, complete with live Mariachi music.</p><p>Saturday, the finalists and guests were treated to brunch with a view at the 60-story high Tower of the Americas. Later that afternoon, all of the finalists were welcomed to a true Texas experience when they arrived at the Tejas Rodeo in Bulverde where they enjoyed another VIP reception and dinner.</p><p>The culmination of the event occurred right before the rodeo when all of the finalists took to the dirt and were presented with customized Auto Value and Bumper to Bumper Technician of the Year finalist belt buckles. Calzia won the grand prize belt buckle when he was named as the 2020 Technician of the Year.</p><p>His score of 94 out of 100 possible points earned him the title, $2,500, and a trip to the ASE Awards Ceremony in Clearwater, Fla. this November to represent all of Auto Value and Bumper to Bumper Certified Service Center locations and technicians.</p><p>“Wow! What a week in San Antonio! Auto Value and Bumper to Bumper rolled out the red carpet for the technician of the year finalists,” said Craig Meadows, vice president of sales and marketing for 4M Parts Warehouse. Meadows joined the trip as a representative for all of the warehouse distributors. “Every event was perfect, the weather was great, and everyone was able to get a taste of some Texas culture. I met some awesome people that just so happened to be some of the best technicians in North America. With technology changing at a fast pace, our industry is lucky to have these guys keeping us moving.” </p><p>Finalists were selected by their Auto Value and Bumper to Bumper suppliers based on several criteria, including ASE certification, status as a Certified Service Center, training, personal biographies, and letters of recommendation.</p><p>“Every single one of these technicians are winners by virtue of being selected as a finalist from among nearly 3,800 service center locations which employ over 10,000 techs,” said JC Washbish, vice president of sales and marketing for Auto Value and Bumper to Bumper. “Their presence on this trip proves that they have distinguished themselves from their peers through education and training and that they’ve had a positive impact on their customers’ lives. A special congratulations to Mark, Jason, and Luis, who are all excellent representatives of the Auto Value and Bumper to Bumper brands.”</p><p>This training program is supported by the <a>Aftermarket Auto Parts Alliance, Inc.</a>, program group headquarters for Auto Value and Bumper to Bumper.</p><p>The event was sponsored by DRiV and its program Garage Gurus. Offering onsite, online and on-demand instruction, Garage Gurus is a first-of-its-kind national training platform designed to help front-line automotive service professionals keep pace with the latest vehicle technologies. State-of-the-art Garage Gurus technical education centers are operational in 12 U.S. markets – Atlanta; Baltimore; Boston; Chicago; Dallas/Fort Worth; Houston; New Hyde Park, N.Y.; Rancho Dominguez, Calif.; South Florida; St. Louis; Suburban Detroit; and Van Nuys, Calif.</p>\", \"ad19730a-ec98-4b57-91dc-7ac3df071908\": \"<p>Auto Value and Bumper to Bumper have named Mark Calzia of M.C. Tire &amp; Automotive in Moline, Ill. the 2020 Technician of the Year. Calzia achieved the highest score on a custom ASE exam given to U.S. finalists in San Antonio Mar. 13 during the Auto Value and Bumper to Bumper Technician of the Year finalist trip.</p>\"}',1,'2024-05-13 16:33:40','2024-05-13 16:34:59','b3ba868e-8f0e-4161-b7a8-a9a9d53c9c4a'),
(55,40,2,'Auto Value and Bumper to Bumper Name 2020 Technician of the Year','auto-value-and-bumper-to-bumper-name-2020-technician-of-the-year','news/auto-value-and-bumper-to-bumper-name-2020-technician-of-the-year','{\"7418a520-65c4-4f67-a4d3-e560d2f5f28d\": \"<p><i>SAN ANTONIO</i> - <a>Auto Value</a> and <a>Bumper to Bumper</a> have named Mark Calzia of <a href=\\\"https://mcauto.mechanicnet.com/\\\">M.C. Tire &amp; Automotive</a> in Moline, Ill. the 2020 Technician of the Year. Calzia achieved the highest score on a custom ASE exam given to U.S. finalists in San Antonio Mar. 13 during the Auto Value and Bumper to Bumper Technician of the Year finalist trip.</p><p>M.C Tire &amp; Automotive is a Bumper to Bumper Certified Service Center and customer of <a href=\\\"http://iwimotorparts.com/\\\">IWI Motor Parts</a>.</p><p>“Mark is a great customer, and, better yet, a great person. This is an outstanding achievement by a great individual,” said TJ Faley, president of IWI Motor Parts. “Mark spends endless hours going to training classes and does everything he can to stay at the top of his trade. Mark shows us all what it takes to be a professional. He is a great asset to the Quad Cities. He is always ready to lend a helping hand when somebody is struggling on a complicated repair. The IWI family is excited and proud of Mark’s accomplishment.”</p><p>Calzia was one of 18 U.S. finalists. He and the other finalists and their guests traveled to San Antonio Mar. 12-15 for a weekend of camaraderie and fun to celebrate their accomplishments and crown the winner. The group was also joined by the Canadian Technician of the Year Jason Meilleur of <a href=\\\"https://riverparkautomotive.ca/\\\">River Park Automotive</a> (a <a>Piston Ring Service Supply</a> CSC) in Winnipeg, Canada, and the Mexican Technician of the Year Luis Alfredo Calles Rivas of <a href=\\\"https://www.facebook.com/pages/Mecatec-Express/315944938462365\\\">Mecatec Express</a> (a customer of <a>Almex Refacciones</a>) in Tamaulipas, Mexico.</p><p>“I’m so thankful to Bumper to Bumper for gathering some of the best technicians in the nation together to be recognized, share ideas, and have fun,” Calzia said. “We have all learned new things, shared camaraderie, and met some new lifelong friends. The time we shared will be great memories for the rest of our lives. It’s such an honor to be able to represent Auto Value and Bumper to Bumper.” </p><p>The group flew into San Antonio on Thursday, Mar. 12, for a welcome reception and dinner at the Buckhorn Saloon and Museum. Friday, after taking the 90-minute custom ASE exam in the morning, they enjoyed a private IMAX Alamo: Price of Freedom movie screening followed by a tour of the Alamo, lunch at the Lone Star Cafe, and free time to explore the Alamo City. They closed out the evening with an exclusive River Walk boat tour and dinner at the iconic Casa Rio restaurant, complete with live Mariachi music.</p><p>Saturday, the finalists and guests were treated to brunch with a view at the 60-story high Tower of the Americas. Later that afternoon, all of the finalists were welcomed to a true Texas experience when they arrived at the Tejas Rodeo in Bulverde where they enjoyed another VIP reception and dinner.</p><p>The culmination of the event occurred right before the rodeo when all of the finalists took to the dirt and were presented with customized Auto Value and Bumper to Bumper Technician of the Year finalist belt buckles. Calzia won the grand prize belt buckle when he was named as the 2020 Technician of the Year.</p><p>His score of 94 out of 100 possible points earned him the title, $2,500, and a trip to the ASE Awards Ceremony in Clearwater, Fla. this November to represent all of Auto Value and Bumper to Bumper Certified Service Center locations and technicians.</p><p>“Wow! What a week in San Antonio! Auto Value and Bumper to Bumper rolled out the red carpet for the technician of the year finalists,” said Craig Meadows, vice president of sales and marketing for 4M Parts Warehouse. Meadows joined the trip as a representative for all of the warehouse distributors. “Every event was perfect, the weather was great, and everyone was able to get a taste of some Texas culture. I met some awesome people that just so happened to be some of the best technicians in North America. With technology changing at a fast pace, our industry is lucky to have these guys keeping us moving.” </p><p>Finalists were selected by their Auto Value and Bumper to Bumper suppliers based on several criteria, including ASE certification, status as a Certified Service Center, training, personal biographies, and letters of recommendation.</p><p>“Every single one of these technicians are winners by virtue of being selected as a finalist from among nearly 3,800 service center locations which employ over 10,000 techs,” said JC Washbish, vice president of sales and marketing for Auto Value and Bumper to Bumper. “Their presence on this trip proves that they have distinguished themselves from their peers through education and training and that they’ve had a positive impact on their customers’ lives. A special congratulations to Mark, Jason, and Luis, who are all excellent representatives of the Auto Value and Bumper to Bumper brands.”</p><p>This training program is supported by the <a>Aftermarket Auto Parts Alliance, Inc.</a>, program group headquarters for Auto Value and Bumper to Bumper.</p><p>The event was sponsored by DRiV and its program Garage Gurus. Offering onsite, online and on-demand instruction, Garage Gurus is a first-of-its-kind national training platform designed to help front-line automotive service professionals keep pace with the latest vehicle technologies. State-of-the-art Garage Gurus technical education centers are operational in 12 U.S. markets – Atlanta; Baltimore; Boston; Chicago; Dallas/Fort Worth; Houston; New Hyde Park, N.Y.; Rancho Dominguez, Calif.; South Florida; St. Louis; Suburban Detroit; and Van Nuys, Calif.</p>\", \"ad19730a-ec98-4b57-91dc-7ac3df071908\": \"<p>Auto Value and Bumper to Bumper have named Mark Calzia of M.C. Tire &amp; Automotive in Moline, Ill. the 2020 Technician of the Year. Calzia achieved the highest score on a custom ASE exam given to U.S. finalists in San Antonio Mar. 13 during the Auto Value and Bumper to Bumper Technician of the Year finalist trip.</p>\"}',1,'2024-05-13 16:34:05','2024-05-13 16:34:05','ba3e89c4-dbb7-47e2-90d4-073189a6988c'),
(56,41,2,'Auto Value and Bumper to Bumper Name 2020 Technician of the Year','auto-value-and-bumper-to-bumper-name-2020-technician-of-the-year','news/auto-value-and-bumper-to-bumper-name-2020-technician-of-the-year','{\"7418a520-65c4-4f67-a4d3-e560d2f5f28d\": \"<p><i>SAN ANTONIO</i> - <a>Auto Value</a> and <a>Bumper to Bumper</a> have named Mark Calzia of <a href=\\\"https://mcauto.mechanicnet.com/\\\">M.C. Tire &amp; Automotive</a> in Moline, Ill. the 2020 Technician of the Year. Calzia achieved the highest score on a custom ASE exam given to U.S. finalists in San Antonio Mar. 13 during the Auto Value and Bumper to Bumper Technician of the Year finalist trip.</p><p>M.C Tire &amp; Automotive is a Bumper to Bumper Certified Service Center and customer of <a href=\\\"http://iwimotorparts.com/\\\">IWI Motor Parts</a>.</p><p>“Mark is a great customer, and, better yet, a great person. This is an outstanding achievement by a great individual,” said TJ Faley, president of IWI Motor Parts. “Mark spends endless hours going to training classes and does everything he can to stay at the top of his trade. Mark shows us all what it takes to be a professional. He is a great asset to the Quad Cities. He is always ready to lend a helping hand when somebody is struggling on a complicated repair. The IWI family is excited and proud of Mark’s accomplishment.”</p><p>Calzia was one of 18 U.S. finalists. He and the other finalists and their guests traveled to San Antonio Mar. 12-15 for a weekend of camaraderie and fun to celebrate their accomplishments and crown the winner. The group was also joined by the Canadian Technician of the Year Jason Meilleur of <a href=\\\"https://riverparkautomotive.ca/\\\">River Park Automotive</a> (a <a>Piston Ring Service Supply</a> CSC) in Winnipeg, Canada, and the Mexican Technician of the Year Luis Alfredo Calles Rivas of <a href=\\\"https://www.facebook.com/pages/Mecatec-Express/315944938462365\\\">Mecatec Express</a> (a customer of <a>Almex Refacciones</a>) in Tamaulipas, Mexico.</p><p>“I’m so thankful to Bumper to Bumper for gathering some of the best technicians in the nation together to be recognized, share ideas, and have fun,” Calzia said. “We have all learned new things, shared camaraderie, and met some new lifelong friends. The time we shared will be great memories for the rest of our lives. It’s such an honor to be able to represent Auto Value and Bumper to Bumper.” </p><p>The group flew into San Antonio on Thursday, Mar. 12, for a welcome reception and dinner at the Buckhorn Saloon and Museum. Friday, after taking the 90-minute custom ASE exam in the morning, they enjoyed a private IMAX Alamo: Price of Freedom movie screening followed by a tour of the Alamo, lunch at the Lone Star Cafe, and free time to explore the Alamo City. They closed out the evening with an exclusive River Walk boat tour and dinner at the iconic Casa Rio restaurant, complete with live Mariachi music.</p><p>Saturday, the finalists and guests were treated to brunch with a view at the 60-story high Tower of the Americas. Later that afternoon, all of the finalists were welcomed to a true Texas experience when they arrived at the Tejas Rodeo in Bulverde where they enjoyed another VIP reception and dinner.</p><p>The culmination of the event occurred right before the rodeo when all of the finalists took to the dirt and were presented with customized Auto Value and Bumper to Bumper Technician of the Year finalist belt buckles. Calzia won the grand prize belt buckle when he was named as the 2020 Technician of the Year.</p><p>His score of 94 out of 100 possible points earned him the title, $2,500, and a trip to the ASE Awards Ceremony in Clearwater, Fla. this November to represent all of Auto Value and Bumper to Bumper Certified Service Center locations and technicians.</p><p>“Wow! What a week in San Antonio! Auto Value and Bumper to Bumper rolled out the red carpet for the technician of the year finalists,” said Craig Meadows, vice president of sales and marketing for 4M Parts Warehouse. Meadows joined the trip as a representative for all of the warehouse distributors. “Every event was perfect, the weather was great, and everyone was able to get a taste of some Texas culture. I met some awesome people that just so happened to be some of the best technicians in North America. With technology changing at a fast pace, our industry is lucky to have these guys keeping us moving.” </p><p>Finalists were selected by their Auto Value and Bumper to Bumper suppliers based on several criteria, including ASE certification, status as a Certified Service Center, training, personal biographies, and letters of recommendation.</p><p>“Every single one of these technicians are winners by virtue of being selected as a finalist from among nearly 3,800 service center locations which employ over 10,000 techs,” said JC Washbish, vice president of sales and marketing for Auto Value and Bumper to Bumper. “Their presence on this trip proves that they have distinguished themselves from their peers through education and training and that they’ve had a positive impact on their customers’ lives. A special congratulations to Mark, Jason, and Luis, who are all excellent representatives of the Auto Value and Bumper to Bumper brands.”</p><p>This training program is supported by the <a>Aftermarket Auto Parts Alliance, Inc.</a>, program group headquarters for Auto Value and Bumper to Bumper.</p><p>The event was sponsored by DRiV and its program Garage Gurus. Offering onsite, online and on-demand instruction, Garage Gurus is a first-of-its-kind national training platform designed to help front-line automotive service professionals keep pace with the latest vehicle technologies. State-of-the-art Garage Gurus technical education centers are operational in 12 U.S. markets – Atlanta; Baltimore; Boston; Chicago; Dallas/Fort Worth; Houston; New Hyde Park, N.Y.; Rancho Dominguez, Calif.; South Florida; St. Louis; Suburban Detroit; and Van Nuys, Calif.</p>\", \"ad19730a-ec98-4b57-91dc-7ac3df071908\": \"<p>Auto Value and Bumper to Bumper have named Mark Calzia of M.C. Tire &amp; Automotive in Moline, Ill. the 2020 Technician of the Year. Calzia achieved the highest score on a custom ASE exam given to U.S. finalists in San Antonio Mar. 13 during the Auto Value and Bumper to Bumper Technician of the Year finalist trip.</p>\"}',1,'2024-05-13 16:34:19','2024-05-13 16:34:19','86d0544d-d432-4bed-a3d6-299f85513b6e'),
(57,42,2,'Auto Value and Bumper to Bumper Name 2020 Technician of the Year','auto-value-and-bumper-to-bumper-name-2020-technician-of-the-year','news/auto-value-and-bumper-to-bumper-name-2020-technician-of-the-year','{\"7418a520-65c4-4f67-a4d3-e560d2f5f28d\": \"<p><i>SAN ANTONIO</i> - <a>Auto Value</a> and <a>Bumper to Bumper</a> have named Mark Calzia of <a href=\\\"https://mcauto.mechanicnet.com/\\\">M.C. Tire &amp; Automotive</a> in Moline, Ill. the 2020 Technician of the Year. Calzia achieved the highest score on a custom ASE exam given to U.S. finalists in San Antonio Mar. 13 during the Auto Value and Bumper to Bumper Technician of the Year finalist trip.</p><p>M.C Tire &amp; Automotive is a Bumper to Bumper Certified Service Center and customer of <a href=\\\"http://iwimotorparts.com/\\\">IWI Motor Parts</a>.</p><p>“Mark is a great customer, and, better yet, a great person. This is an outstanding achievement by a great individual,” said TJ Faley, president of IWI Motor Parts. “Mark spends endless hours going to training classes and does everything he can to stay at the top of his trade. Mark shows us all what it takes to be a professional. He is a great asset to the Quad Cities. He is always ready to lend a helping hand when somebody is struggling on a complicated repair. The IWI family is excited and proud of Mark’s accomplishment.”</p><p>Calzia was one of 18 U.S. finalists. He and the other finalists and their guests traveled to San Antonio Mar. 12-15 for a weekend of camaraderie and fun to celebrate their accomplishments and crown the winner. The group was also joined by the Canadian Technician of the Year Jason Meilleur of <a href=\\\"https://riverparkautomotive.ca/\\\">River Park Automotive</a> (a <a>Piston Ring Service Supply</a> CSC) in Winnipeg, Canada, and the Mexican Technician of the Year Luis Alfredo Calles Rivas of <a href=\\\"https://www.facebook.com/pages/Mecatec-Express/315944938462365\\\">Mecatec Express</a> (a customer of <a>Almex Refacciones</a>) in Tamaulipas, Mexico.</p><p>“I’m so thankful to Bumper to Bumper for gathering some of the best technicians in the nation together to be recognized, share ideas, and have fun,” Calzia said. “We have all learned new things, shared camaraderie, and met some new lifelong friends. The time we shared will be great memories for the rest of our lives. It’s such an honor to be able to represent Auto Value and Bumper to Bumper.” </p><p>The group flew into San Antonio on Thursday, Mar. 12, for a welcome reception and dinner at the Buckhorn Saloon and Museum. Friday, after taking the 90-minute custom ASE exam in the morning, they enjoyed a private IMAX Alamo: Price of Freedom movie screening followed by a tour of the Alamo, lunch at the Lone Star Cafe, and free time to explore the Alamo City. They closed out the evening with an exclusive River Walk boat tour and dinner at the iconic Casa Rio restaurant, complete with live Mariachi music.</p><p>Saturday, the finalists and guests were treated to brunch with a view at the 60-story high Tower of the Americas. Later that afternoon, all of the finalists were welcomed to a true Texas experience when they arrived at the Tejas Rodeo in Bulverde where they enjoyed another VIP reception and dinner.</p><p>The culmination of the event occurred right before the rodeo when all of the finalists took to the dirt and were presented with customized Auto Value and Bumper to Bumper Technician of the Year finalist belt buckles. Calzia won the grand prize belt buckle when he was named as the 2020 Technician of the Year.</p><p>His score of 94 out of 100 possible points earned him the title, $2,500, and a trip to the ASE Awards Ceremony in Clearwater, Fla. this November to represent all of Auto Value and Bumper to Bumper Certified Service Center locations and technicians.</p><p>“Wow! What a week in San Antonio! Auto Value and Bumper to Bumper rolled out the red carpet for the technician of the year finalists,” said Craig Meadows, vice president of sales and marketing for 4M Parts Warehouse. Meadows joined the trip as a representative for all of the warehouse distributors. “Every event was perfect, the weather was great, and everyone was able to get a taste of some Texas culture. I met some awesome people that just so happened to be some of the best technicians in North America. With technology changing at a fast pace, our industry is lucky to have these guys keeping us moving.” </p><p>Finalists were selected by their Auto Value and Bumper to Bumper suppliers based on several criteria, including ASE certification, status as a Certified Service Center, training, personal biographies, and letters of recommendation.</p><p>“Every single one of these technicians are winners by virtue of being selected as a finalist from among nearly 3,800 service center locations which employ over 10,000 techs,” said JC Washbish, vice president of sales and marketing for Auto Value and Bumper to Bumper. “Their presence on this trip proves that they have distinguished themselves from their peers through education and training and that they’ve had a positive impact on their customers’ lives. A special congratulations to Mark, Jason, and Luis, who are all excellent representatives of the Auto Value and Bumper to Bumper brands.”</p><p>This training program is supported by the <a>Aftermarket Auto Parts Alliance, Inc.</a>, program group headquarters for Auto Value and Bumper to Bumper.</p><p>The event was sponsored by DRiV and its program Garage Gurus. Offering onsite, online and on-demand instruction, Garage Gurus is a first-of-its-kind national training platform designed to help front-line automotive service professionals keep pace with the latest vehicle technologies. State-of-the-art Garage Gurus technical education centers are operational in 12 U.S. markets – Atlanta; Baltimore; Boston; Chicago; Dallas/Fort Worth; Houston; New Hyde Park, N.Y.; Rancho Dominguez, Calif.; South Florida; St. Louis; Suburban Detroit; and Van Nuys, Calif.</p>\", \"ad19730a-ec98-4b57-91dc-7ac3df071908\": \"<p>Auto Value and Bumper to Bumper have named Mark Calzia of M.C. Tire &amp; Automotive in Moline, Ill. the 2020 Technician of the Year. Calzia achieved the highest score on a custom ASE exam given to U.S. finalists in San Antonio Mar. 13 during the Auto Value and Bumper to Bumper Technician of the Year finalist trip.</p>\"}',1,'2024-05-13 16:34:41','2024-05-13 16:34:41','74d3cdc8-36de-4657-83d8-b92c15712369'),
(59,44,2,'Auto Value and Bumper to Bumper Name 2020 Technician of the Year','auto-value-and-bumper-to-bumper-name-2020-technician-of-the-year','news/auto-value-and-bumper-to-bumper-name-2020-technician-of-the-year','{\"7418a520-65c4-4f67-a4d3-e560d2f5f28d\": \"<p><i>SAN ANTONIO</i> - <a>Auto Value</a> and <a>Bumper to Bumper</a> have named Mark Calzia of <a href=\\\"https://mcauto.mechanicnet.com/\\\">M.C. Tire &amp; Automotive</a> in Moline, Ill. the 2020 Technician of the Year. Calzia achieved the highest score on a custom ASE exam given to U.S. finalists in San Antonio Mar. 13 during the Auto Value and Bumper to Bumper Technician of the Year finalist trip.</p><p>M.C Tire &amp; Automotive is a Bumper to Bumper Certified Service Center and customer of <a href=\\\"http://iwimotorparts.com/\\\">IWI Motor Parts</a>.</p><p>“Mark is a great customer, and, better yet, a great person. This is an outstanding achievement by a great individual,” said TJ Faley, president of IWI Motor Parts. “Mark spends endless hours going to training classes and does everything he can to stay at the top of his trade. Mark shows us all what it takes to be a professional. He is a great asset to the Quad Cities. He is always ready to lend a helping hand when somebody is struggling on a complicated repair. The IWI family is excited and proud of Mark’s accomplishment.”</p><p>Calzia was one of 18 U.S. finalists. He and the other finalists and their guests traveled to San Antonio Mar. 12-15 for a weekend of camaraderie and fun to celebrate their accomplishments and crown the winner. The group was also joined by the Canadian Technician of the Year Jason Meilleur of <a href=\\\"https://riverparkautomotive.ca/\\\">River Park Automotive</a> (a <a>Piston Ring Service Supply</a> CSC) in Winnipeg, Canada, and the Mexican Technician of the Year Luis Alfredo Calles Rivas of <a href=\\\"https://www.facebook.com/pages/Mecatec-Express/315944938462365\\\">Mecatec Express</a> (a customer of <a>Almex Refacciones</a>) in Tamaulipas, Mexico.</p><p>“I’m so thankful to Bumper to Bumper for gathering some of the best technicians in the nation together to be recognized, share ideas, and have fun,” Calzia said. “We have all learned new things, shared camaraderie, and met some new lifelong friends. The time we shared will be great memories for the rest of our lives. It’s such an honor to be able to represent Auto Value and Bumper to Bumper.” </p><p>The group flew into San Antonio on Thursday, Mar. 12, for a welcome reception and dinner at the Buckhorn Saloon and Museum. Friday, after taking the 90-minute custom ASE exam in the morning, they enjoyed a private IMAX Alamo: Price of Freedom movie screening followed by a tour of the Alamo, lunch at the Lone Star Cafe, and free time to explore the Alamo City. They closed out the evening with an exclusive River Walk boat tour and dinner at the iconic Casa Rio restaurant, complete with live Mariachi music.</p><p>Saturday, the finalists and guests were treated to brunch with a view at the 60-story high Tower of the Americas. Later that afternoon, all of the finalists were welcomed to a true Texas experience when they arrived at the Tejas Rodeo in Bulverde where they enjoyed another VIP reception and dinner.</p><p>The culmination of the event occurred right before the rodeo when all of the finalists took to the dirt and were presented with customized Auto Value and Bumper to Bumper Technician of the Year finalist belt buckles. Calzia won the grand prize belt buckle when he was named as the 2020 Technician of the Year.</p><p>His score of 94 out of 100 possible points earned him the title, $2,500, and a trip to the ASE Awards Ceremony in Clearwater, Fla. this November to represent all of Auto Value and Bumper to Bumper Certified Service Center locations and technicians.</p><p>“Wow! What a week in San Antonio! Auto Value and Bumper to Bumper rolled out the red carpet for the technician of the year finalists,” said Craig Meadows, vice president of sales and marketing for 4M Parts Warehouse. Meadows joined the trip as a representative for all of the warehouse distributors. “Every event was perfect, the weather was great, and everyone was able to get a taste of some Texas culture. I met some awesome people that just so happened to be some of the best technicians in North America. With technology changing at a fast pace, our industry is lucky to have these guys keeping us moving.” </p><p>Finalists were selected by their Auto Value and Bumper to Bumper suppliers based on several criteria, including ASE certification, status as a Certified Service Center, training, personal biographies, and letters of recommendation.</p><p>“Every single one of these technicians are winners by virtue of being selected as a finalist from among nearly 3,800 service center locations which employ over 10,000 techs,” said JC Washbish, vice president of sales and marketing for Auto Value and Bumper to Bumper. “Their presence on this trip proves that they have distinguished themselves from their peers through education and training and that they’ve had a positive impact on their customers’ lives. A special congratulations to Mark, Jason, and Luis, who are all excellent representatives of the Auto Value and Bumper to Bumper brands.”</p><p>This training program is supported by the <a>Aftermarket Auto Parts Alliance, Inc.</a>, program group headquarters for Auto Value and Bumper to Bumper.</p><p>The event was sponsored by DRiV and its program Garage Gurus. Offering onsite, online and on-demand instruction, Garage Gurus is a first-of-its-kind national training platform designed to help front-line automotive service professionals keep pace with the latest vehicle technologies. State-of-the-art Garage Gurus technical education centers are operational in 12 U.S. markets – Atlanta; Baltimore; Boston; Chicago; Dallas/Fort Worth; Houston; New Hyde Park, N.Y.; Rancho Dominguez, Calif.; South Florida; St. Louis; Suburban Detroit; and Van Nuys, Calif.</p>\", \"ad19730a-ec98-4b57-91dc-7ac3df071908\": \"<p>Auto Value and Bumper to Bumper have named Mark Calzia of M.C. Tire &amp; Automotive in Moline, Ill. the 2020 Technician of the Year. Calzia achieved the highest score on a custom ASE exam given to U.S. finalists in San Antonio Mar. 13 during the Auto Value and Bumper to Bumper Technician of the Year finalist trip.</p>\"}',1,'2024-05-13 16:34:59','2024-05-13 16:34:59','fb88c8c9-1119-4f0c-a2c1-adc71f4b6238'),
(61,46,2,'Technician of the Year - Home','home','__home__',NULL,1,'2024-05-13 16:38:49','2024-05-13 16:38:49','5c7987be-b4a9-495a-9d3e-026b057b4d38'),
(63,48,2,'Technician of the Year - News','technician-of-the-year-news','news',NULL,1,'2024-05-13 16:39:33','2024-05-13 16:39:33','85531b47-cb3f-4417-9e24-9824712d8a56'),
(64,49,2,'Technician of the Year - News','technician-of-the-year-news','news',NULL,1,'2024-05-13 16:39:40','2024-05-13 16:39:40','5dc1ad2e-03b0-4744-af35-3ccfd9bd2e69'),
(66,51,2,'Technician of the Year - Winners','technician-of-the-year-winners','winners',NULL,1,'2024-05-13 16:39:46','2024-05-13 16:39:46','29157007-e7e9-4b18-8c9b-bcbfdbb83f11'),
(67,52,2,'Technician of the Year - Home','home','__home__',NULL,1,'2024-05-19 00:03:21','2024-05-19 00:03:21','7b838dd1-17eb-468b-aea1-456e075798f1'),
(68,53,2,'Technician of the Year - News','technician-of-the-year-news','news',NULL,1,'2024-05-19 00:06:19','2024-05-19 00:06:19','96073893-1d7d-4332-8de7-3b4347af6d4b'),
(70,55,2,'Technician of the Year - Home','home','__home__','{\"55510914-f2fa-4f51-b863-7c4177ed8b88\":\"<h1 class=\\\"mega\\\">TECHNICIAN OF THE YEAR<\\/h1><h1>AUTO VALUE &amp; BUMPER TO BUMPER ARE LOOKING FOR THE BEST OF THE BEST IN THE INDUSTRY’S TOP TECHNICIAN RECOGNITION PROGRAM – THE TECHNICIAN OF THE YEAR!<\\/h1>\"}',1,'2024-05-19 00:09:31','2024-05-19 00:09:31','dc4ef2ab-bc57-4712-bfe1-6d09b113ea13'),
(72,57,2,'Technician of the Year - Home','home','__home__','{\"55510914-f2fa-4f51-b863-7c4177ed8b88\":\"<h1 class=\\\"superHeadline\\\">TECHNICIAN OF THE YEAR<\\/h1><h1>AUTO VALUE &amp; BUMPER TO BUMPER ARE LOOKING FOR THE BEST OF THE BEST IN THE INDUSTRY’S TOP TECHNICIAN RECOGNITION PROGRAM – THE TECHNICIAN OF THE YEAR!<\\/h1>\"}',1,'2024-05-19 00:10:36','2024-05-19 00:10:36','bec58419-6e77-4c34-becd-7a397dc74832'),
(73,58,2,'Technician of the Year - Home','home','__home__','{\"55510914-f2fa-4f51-b863-7c4177ed8b88\":\"<h1 class=\\\"superHeadline\\\">TECHNICIAN OF THE YEAR<\\/h1><h1>AUTO VALUE &amp; BUMPER TO BUMPER ARE LOOKING FOR THE BEST OF THE BEST IN THE INDUSTRY’S TOP TECHNICIAN RECOGNITION PROGRAM – THE TECHNICIAN OF THE YEAR!<\\/h1>\"}',1,'2025-01-13 20:34:57','2025-01-13 20:34:57','3a50577c-f3bc-429b-9bec-0318734ccf9b'),
(74,59,2,'Technician of the Year - Home','home','__home__','{\"55510914-f2fa-4f51-b863-7c4177ed8b88\":\"<h1 class=\\\"superHeadline\\\">TECHNICIAN OF THE YEAR<\\/h1><h1>AUTO VALUE &amp; BUMPER TO BUMPER ARE LOOKING FOR THE BEST OF THE BEST IN THE INDUSTRY’S TOP TECHNICIAN RECOGNITION PROGRAM – THE TECHNICIAN OF THE YEAR!<\\/h1>\"}',1,'2025-01-13 20:36:00','2025-01-13 20:36:00','854bba9a-55f0-42d7-b7a3-a92fea4714fa'),
(75,60,2,'Technician of the Year - Home','home','__home__','{\"55510914-f2fa-4f51-b863-7c4177ed8b88\":\"<h1 class=\\\"superHeadline\\\">TECHNICIAN OF THE YEAR<\\/h1><h1>AUTO VALUE &amp; BUMPER TO BUMPER ARE LOOKING FOR THE BEST OF THE BEST IN THE INDUSTRY’S TOP TECHNICIAN RECOGNITION PROGRAM – THE TECHNICIAN OF THE YEAR!<\\/h1>\"}',1,'2025-01-13 20:36:17','2025-01-13 20:36:17','3bea9670-1db8-45c2-a906-00ac5809aadf'),
(76,61,2,'20240709 181445620 i OS',NULL,NULL,NULL,1,'2025-03-14 17:03:23','2025-03-14 17:03:23','3bba26a1-1e94-43f6-b309-e598304d4325'),
(77,61,1,'20240709 181445620 i OS',NULL,NULL,NULL,1,'2025-03-14 17:03:26','2025-03-14 17:03:26','e19912bd-8838-4de8-8c3e-872e9dcc667b'),
(78,62,2,'20240709 181811710 i OS',NULL,NULL,NULL,1,'2025-03-14 17:03:28','2025-03-14 17:03:28','f87e5089-b075-4aad-a4f3-8e05b74d7441'),
(79,62,1,'20240709 181811710 i OS',NULL,NULL,NULL,1,'2025-03-14 17:03:30','2025-03-14 17:03:30','86f564fc-d22c-4bc1-953d-91e0a82ac226'),
(80,63,2,'20240709 181952120 i OS',NULL,NULL,NULL,1,'2025-03-14 17:03:33','2025-03-14 17:03:33','78c408a4-9f2c-4422-b8b3-dbc90882acf7'),
(81,63,1,'20240709 181952120 i OS',NULL,NULL,NULL,1,'2025-03-14 17:03:36','2025-03-14 17:03:36','6d65a6a0-a304-4ef1-986d-c0c2799b8af9'),
(82,64,2,'20240709 183143050 i OS',NULL,NULL,NULL,1,'2025-03-14 17:03:39','2025-03-14 17:03:39','0b602d63-f014-44e6-a867-66306e26f0f5'),
(83,64,1,'20240709 183143050 i OS',NULL,NULL,NULL,1,'2025-03-14 17:03:41','2025-03-14 17:03:41','a4dc96ff-03d2-4f6c-a665-5b48e487b616'),
(84,65,2,'20240709 183337410 i OS',NULL,NULL,NULL,1,'2025-03-14 17:03:43','2025-03-14 17:03:43','1435317c-0300-4d7f-9ad6-5a5708b7b4ef'),
(85,65,1,'20240709 183337410 i OS',NULL,NULL,NULL,1,'2025-03-14 17:03:45','2025-03-14 17:03:45','d6989e8f-5a08-4421-8a8a-b79478565802'),
(86,66,2,'20240709 191153800 i OS',NULL,NULL,NULL,1,'2025-03-14 17:03:47','2025-03-14 17:03:47','13df33b1-b85f-4ec3-957b-612ffe15217c'),
(87,66,1,'20240709 191153800 i OS',NULL,NULL,NULL,1,'2025-03-14 17:03:48','2025-03-14 17:03:48','5b2ebd11-aaf0-4643-871a-7dd4f49afea7'),
(88,67,2,'Bumper2',NULL,NULL,NULL,1,'2025-03-14 17:03:49','2025-03-14 17:03:49','84594985-ba43-4095-a95f-a976e23e2634'),
(89,67,1,'Bumper2',NULL,NULL,NULL,1,'2025-03-14 17:03:51','2025-03-14 17:03:51','5eb48deb-0910-4c5c-86c9-5e49f8a162d4'),
(90,68,2,'Bumper6',NULL,NULL,NULL,1,'2025-03-14 17:03:52','2025-03-14 17:03:52','e8ee1f7a-433e-40bf-b037-a7f8688b21a7'),
(91,68,1,'Bumper6',NULL,NULL,NULL,1,'2025-03-14 17:03:53','2025-03-14 17:03:53','979cdc5b-a932-45e9-b386-2c39d2745a5d'),
(92,69,2,'Bumper69',NULL,NULL,NULL,1,'2025-03-14 17:03:54','2025-03-14 17:03:54','de75f98f-9d8e-46f9-bb58-1efa00a60ed8'),
(93,69,1,'Bumper69',NULL,NULL,NULL,1,'2025-03-14 17:03:55','2025-03-14 17:03:55','76367596-2e61-4247-b696-9114d35241a9'),
(94,70,2,'Bumper79',NULL,NULL,NULL,1,'2025-03-14 17:03:56','2025-03-14 17:03:56','2ad8e3d6-66f1-4be8-8500-a1c5b9125431'),
(95,70,1,'Bumper79',NULL,NULL,NULL,1,'2025-03-14 17:03:58','2025-03-14 17:03:58','369576a6-9f75-4b27-9e60-8b17d34f81f3'),
(96,71,2,'Bumper120',NULL,NULL,NULL,1,'2025-03-14 17:03:58','2025-03-14 17:03:58','20ba0861-c3d2-40aa-a9c3-f5885ec10f17'),
(97,71,1,'Bumper120',NULL,NULL,NULL,1,'2025-03-14 17:04:00','2025-03-14 17:04:00','3150fd5d-ab65-4516-a5ef-08ee015099a8'),
(98,72,2,'Bumper122',NULL,NULL,NULL,1,'2025-03-14 17:04:01','2025-03-14 17:04:01','c3cac9d3-8e67-4436-9f83-e6855f512bfa'),
(99,72,1,'Bumper122',NULL,NULL,NULL,1,'2025-03-14 17:04:02','2025-03-14 17:04:02','d35f4b78-b4a0-40fc-936d-8bfe2610b4eb'),
(100,73,2,'Bumper125',NULL,NULL,NULL,1,'2025-03-14 17:04:03','2025-03-14 17:04:03','ae241557-0d4b-4614-968a-18dd14020ef4'),
(101,73,1,'Bumper125',NULL,NULL,NULL,1,'2025-03-14 17:04:04','2025-03-14 17:04:04','2418d523-1642-41fb-9def-a43950f81b5c'),
(102,74,2,'Bumper130',NULL,NULL,NULL,1,'2025-03-14 17:04:04','2025-03-14 17:04:04','ca171fa2-03f4-4e89-9f45-364e12c4a11e'),
(103,74,1,'Bumper130',NULL,NULL,NULL,1,'2025-03-14 17:04:05','2025-03-14 17:04:05','31dd8ba1-c5a6-49a8-af00-ad49c7651128'),
(104,75,2,'Bumper176',NULL,NULL,NULL,1,'2025-03-14 17:04:06','2025-03-14 17:04:06','321e3817-dd58-4076-957a-437a6e5ad4c0'),
(105,75,1,'Bumper176',NULL,NULL,NULL,1,'2025-03-14 17:04:07','2025-03-14 17:04:07','356a4932-7fbc-4fbd-a262-78aca0661c8d'),
(106,76,2,'Bumper189',NULL,NULL,NULL,1,'2025-03-14 17:04:08','2025-03-14 17:04:08','20a63979-0b71-4e10-b468-112eaba013d8'),
(107,76,1,'Bumper189',NULL,NULL,NULL,1,'2025-03-14 17:04:09','2025-03-14 17:04:09','a5f9386f-a20c-455d-8265-2a43e82c359c'),
(108,77,2,'Bumper191',NULL,NULL,NULL,1,'2025-03-14 17:04:10','2025-03-14 17:04:10','80faf815-9ec7-453c-b7f4-86abb34fa1f8'),
(109,77,1,'Bumper191',NULL,NULL,NULL,1,'2025-03-14 17:04:11','2025-03-14 17:04:11','01dafd24-9f3a-416c-bd93-a3246c979207'),
(110,78,2,'Bumper211',NULL,NULL,NULL,1,'2025-03-14 17:04:12','2025-03-14 17:04:12','e7a1b976-9ac5-4010-9126-1f917eb4a4f4'),
(111,78,1,'Bumper211',NULL,NULL,NULL,1,'2025-03-14 17:04:13','2025-03-14 17:04:13','092b3ac5-dfa1-43bf-8303-b12acd6b23f5'),
(112,79,2,'Bumper220',NULL,NULL,NULL,1,'2025-03-14 17:04:14','2025-03-14 17:04:14','074ed7f9-2ae2-4abb-b106-e9deb58c2d4e'),
(113,79,1,'Bumper220',NULL,NULL,NULL,1,'2025-03-14 17:04:15','2025-03-14 17:04:15','bc7153af-91f5-4f79-95f0-0392f3004157'),
(114,80,2,'IMG 8384',NULL,NULL,NULL,1,'2025-03-14 17:04:25','2025-03-14 17:04:25','fa42480b-b605-4d03-8fc5-3add9e5b93d6'),
(115,80,1,'IMG 8384',NULL,NULL,NULL,1,'2025-03-14 17:04:25','2025-03-14 17:04:25','45c79cda-f61a-40d9-bd46-569bc1038447'),
(116,81,2,'IMG 8390',NULL,NULL,NULL,1,'2025-03-14 17:04:26','2025-03-14 17:04:26','96c98fdb-dbbc-495a-8bef-4b2bda9aca08'),
(117,81,1,'IMG 8390',NULL,NULL,NULL,1,'2025-03-14 17:04:26','2025-03-14 17:04:26','03b30606-bdc6-448b-8eee-39a878786b6e'),
(118,82,2,'IMG 8393',NULL,NULL,NULL,1,'2025-03-14 17:04:26','2025-03-14 17:04:26','8be43a3b-16ae-42cf-acf2-08544a79c51f'),
(119,82,1,'IMG 8393',NULL,NULL,NULL,1,'2025-03-14 17:04:27','2025-03-14 17:04:27','b751d361-eaef-4706-aab1-2105c00eb37e'),
(120,83,2,'IMG 8395',NULL,NULL,NULL,1,'2025-03-14 17:04:27','2025-03-14 17:04:27','87ad61d1-0867-4009-8bfc-825b883231e6'),
(121,83,1,'IMG 8395',NULL,NULL,NULL,1,'2025-03-14 17:04:27','2025-03-14 17:04:27','24ddbcbd-b659-4c93-ae28-51bb2977c6a1'),
(122,84,2,'IMG 8399',NULL,NULL,NULL,1,'2025-03-14 17:04:28','2025-03-14 17:04:28','2ad3caf7-54df-4999-9679-26235a91f4f4'),
(123,84,1,'IMG 8399',NULL,NULL,NULL,1,'2025-03-14 17:04:28','2025-03-14 17:04:28','fa335a7e-74d9-4596-95a8-d788a227fab1'),
(124,85,2,'Photo 10 07 23 17 49 28',NULL,NULL,NULL,1,'2025-03-14 17:04:28','2025-03-14 17:04:28','09aefc51-8f2a-4ad3-bb3f-0498ecdab1bd'),
(125,85,1,'Photo 10 07 23 17 49 28',NULL,NULL,NULL,1,'2025-03-14 17:04:29','2025-03-14 17:04:29','aeba5d68-ad1e-4bcd-a705-d41755f87661'),
(126,86,2,'Photo 10 07 23 21 41 26',NULL,NULL,NULL,1,'2025-03-14 17:04:29','2025-03-14 17:04:29','f8bf79c1-53a2-4b44-8c9f-eba97258c51b'),
(127,86,1,'Photo 10 07 23 21 41 26',NULL,NULL,NULL,1,'2025-03-14 17:04:29','2025-03-14 17:04:29','b8f01c96-5cfc-4219-9612-8cd144528eee'),
(128,87,2,'Photo 11 07 23 9 15 28',NULL,NULL,NULL,1,'2025-03-14 17:04:29','2025-03-14 17:04:29','e92d6fba-25b7-4c1a-b44c-9b4e1657264a'),
(129,87,1,'Photo 11 07 23 9 15 28',NULL,NULL,NULL,1,'2025-03-14 17:04:30','2025-03-14 17:04:30','74196ba3-2738-4c9b-9fd1-47043a4508e9'),
(130,88,2,'Photo 11 07 23 10 34 37',NULL,NULL,NULL,1,'2025-03-14 17:04:30','2025-03-14 17:04:30','47421c35-d09a-459a-aa3e-4c602911cee0'),
(131,88,1,'Photo 11 07 23 10 34 37',NULL,NULL,NULL,1,'2025-03-14 17:04:30','2025-03-14 17:04:30','534cef11-6ad6-46b5-89c9-8fc12fa6200d'),
(132,89,2,'Photo 11 07 23 10 46 17',NULL,NULL,NULL,1,'2025-03-14 17:04:31','2025-03-14 17:04:31','39a3346c-0681-40f6-b71f-40a0316f35e7'),
(133,89,1,'Photo 11 07 23 10 46 17',NULL,NULL,NULL,1,'2025-03-14 17:04:31','2025-03-14 17:04:31','39c8aa65-b432-4188-8937-653bb4c761ae'),
(134,90,2,'Photo 11 07 23 11 29 13',NULL,NULL,NULL,1,'2025-03-14 17:04:31','2025-03-14 17:04:31','8ea9e28a-6330-464c-b11f-a31a16355b18'),
(135,90,1,'Photo 11 07 23 11 29 13',NULL,NULL,NULL,1,'2025-03-14 17:04:32','2025-03-14 17:04:32','c2805b3a-e45a-48dd-9b52-4719d2c89355'),
(136,91,2,'Photo 11 07 23 11 29 28',NULL,NULL,NULL,1,'2025-03-14 17:04:32','2025-03-14 17:04:32','6f67b1ad-5ff9-4b39-a503-089e5596c08a'),
(137,91,1,'Photo 11 07 23 11 29 28',NULL,NULL,NULL,1,'2025-03-14 17:04:32','2025-03-14 17:04:32','ed3a07b1-9e45-4f76-a72f-cad95eedcb09'),
(138,92,2,'Photo Jul 10 2024 10 28 22 PM',NULL,NULL,NULL,1,'2025-03-14 17:04:34','2025-03-14 17:04:34','97ab0a81-a157-4ec3-97f0-9bc1210763e4'),
(139,92,1,'Photo Jul 10 2024 10 28 22 PM',NULL,NULL,NULL,1,'2025-03-14 17:04:35','2025-03-14 17:04:35','911ce4f7-2407-433a-bf7d-23e3fe17d932'),
(140,93,2,'Photo Jul 11 2023 3 11 24 PM 1',NULL,NULL,NULL,1,'2025-03-14 17:04:35','2025-03-14 17:04:35','5ff8c429-5968-482b-8ad2-accf1e0981c1'),
(141,93,1,'Photo Jul 11 2023 3 11 24 PM 1',NULL,NULL,NULL,1,'2025-03-14 17:04:36','2025-03-14 17:04:36','05d5c87e-40ab-4ae8-9d13-c01d7d00623e'),
(142,94,2,'Photo Jul 12 2023 9 16 40 PM',NULL,NULL,NULL,1,'2025-03-14 17:04:36','2025-03-14 17:04:36','b3c9af50-185e-430b-9d6a-5079bf862266'),
(143,94,1,'Photo Jul 12 2023 9 16 40 PM',NULL,NULL,NULL,1,'2025-03-14 17:04:36','2025-03-14 17:04:36','d85f5e5d-7dd6-4e96-9286-5da4f06be7ac'),
(145,96,2,'Technician of the Year - Home','home','__home__','{\"55510914-f2fa-4f51-b863-7c4177ed8b88\":\"<h1 class=\\\"superHeadline\\\">TECHNICIAN OF THE YEAR</h1><h1>AUTO VALUE &amp; BUMPER TO BUMPER ARE LOOKING FOR THE BEST OF THE BEST IN THE INDUSTRY’S TOP TECHNICIAN RECOGNITION PROGRAM – THE TECHNICIAN OF THE YEAR!</h1>\",\"b1cea98b-3e0e-4f2a-a53d-2cd90a78138e\":[61,66,62,63,64,65,94,93,92,91,89,90,88,86,87,84,85,83,81,82,80,79,78,77,76,75,74,73,72,71,70,69,68,67]}',1,'2025-03-14 17:06:57','2025-03-14 17:06:57','a363f8ae-fec5-47cb-bf98-7715ce74a1cb'),
(147,98,2,'Technician of the Year - Home','home','__home__','{\"55510914-f2fa-4f51-b863-7c4177ed8b88\":\"<h1 class=\\\"superHeadline\\\">TECHNICIAN OF THE YEAR</h1><h1>AUTO VALUE &amp; BUMPER TO BUMPER ARE LOOKING FOR THE BEST OF THE BEST IN THE INDUSTRY’S TOP TECHNICIAN RECOGNITION PROGRAM – THE TECHNICIAN OF THE YEAR!</h1>\",\"b1cea98b-3e0e-4f2a-a53d-2cd90a78138e\":[61,66,62,63,64,65,94,93,91,89,90,88,86,87,84,85,83,81,82,80,79,78,77,76,75,74,73,72,71,70,69,68,67]}',1,'2025-03-14 17:09:37','2025-03-14 17:09:37','9da88658-36c5-46ea-bb0d-cd89791b604b'),
(149,100,2,'Technician of the Year - Home','home','__home__','{\"55510914-f2fa-4f51-b863-7c4177ed8b88\":\"<h1 class=\\\"superHeadline\\\">\\n    TECHNICIAN OF THE YEAR\\n</h1>\\n<h1>\\n    AUTO VALUE &amp; BUMPER TO BUMPER ARE LOOKING FOR THE BEST OF THE BEST IN THE INDUSTRY’S TOP TECHNICIAN RECOGNITION PROGRAM – THE TECHNICIAN OF THE YEAR!\\n</h1>\\n<p>\\n    <strong>Interested in learning more? Think you’re ready to take home the title of Technician of the Year? Contact your Auto Value or Bumper to Bumper parts supplier TODAY to learn more!</strong>\\n</p>\",\"b1cea98b-3e0e-4f2a-a53d-2cd90a78138e\":[61,66,62,63,64,65,94,93,91,89,90,88,86,87,84,85,83,81,82,80,79,78,77,76,75,74,73,72,71,70,69,68,67]}',1,'2025-03-16 20:02:23','2025-03-16 20:02:23','0316e604-ee3a-4ec8-8fa2-ca20a729e195'),
(150,101,2,'Technician of the Year - Home','home','__home__','{\"55510914-f2fa-4f51-b863-7c4177ed8b88\":\"<h1 class=\\\"superHeadline\\\">\\n    TECHNICIAN OF THE YEAR\\n</h1>\\n<h1>\\n    AUTO VALUE &amp; BUMPER TO BUMPER ARE LOOKING FOR THE BEST OF THE BEST IN THE INDUSTRY’S TOP TECHNICIAN RECOGNITION PROGRAM – THE TECHNICIAN OF THE YEAR!\\n</h1>\\n<p>\\n    <strong>Interested in learning more? Think you’re ready to take home the title of Technician of the Year? Contact your Auto Value or Bumper to Bumper parts supplier TODAY to learn more!</strong>\\n</p>\",\"b1cea98b-3e0e-4f2a-a53d-2cd90a78138e\":[61,66,62,63,64,65,94,93,91,89,90,88,86,87,84,85,83,81,82,80,79,78,77,76,75,74,73,72,71,70,69,68,67]}',1,'2025-03-16 20:02:55','2025-03-16 20:02:55','7916bed9-c7d5-4421-8257-11a7b94cabd2'),
(151,102,2,'Technician of the Year - Home','home','__home__','{\"b1cea98b-3e0e-4f2a-a53d-2cd90a78138e\":[61,66,62,63,64,65,94,93,91,89,90,88,86,87,84,85,83,81,82,80,79,78,77,76,75,74,73,72,70,69,68,67],\"55510914-f2fa-4f51-b863-7c4177ed8b88\":\"<h1 class=\\\"superHeadline\\\">\\n    TECHNICIAN OF THE YEAR\\n</h1>\\n<h1>\\n    AUTO VALUE &amp; BUMPER TO BUMPER ARE LOOKING FOR THE BEST OF THE BEST IN THE INDUSTRY’S TOP TECHNICIAN RECOGNITION PROGRAM – THE TECHNICIAN OF THE YEAR!\\n</h1>\\n<p>\\n    <strong>Interested in learning more? Think you’re ready to take home the title of Technician of the Year? Contact your Auto Value or Bumper to Bumper parts supplier TODAY to learn more!</strong>\\n</p>\"}',1,'2025-03-16 20:05:54','2025-03-16 20:05:54','85c72dfe-9597-4517-a30f-7bcc971d70fa');
commit;

--
-- Dumping data for table `entries`
--

set autocommit=0;
INSERT INTO `entries` VALUES
(2,1,NULL,NULL,NULL,3,'2024-05-13 14:27:00',NULL,NULL,NULL,'2024-05-13 14:27:05','2024-05-13 14:27:05'),
(3,1,NULL,NULL,NULL,3,'2024-05-13 14:27:00',NULL,NULL,NULL,'2024-05-13 14:27:05','2024-05-13 14:27:05'),
(4,3,NULL,NULL,NULL,2,'2024-05-13 14:27:00',NULL,NULL,NULL,'2024-05-13 14:27:06','2024-05-13 14:27:06'),
(5,3,NULL,NULL,NULL,2,'2024-05-13 14:27:00',NULL,NULL,NULL,'2024-05-13 14:27:06','2024-05-13 14:27:06'),
(6,4,NULL,NULL,NULL,5,'2024-05-13 14:27:00',NULL,NULL,NULL,'2024-05-13 14:27:06','2024-05-13 14:27:06'),
(7,4,NULL,NULL,NULL,5,'2024-05-13 14:27:00',NULL,NULL,NULL,'2024-05-13 14:27:06','2024-05-13 14:27:06'),
(8,1,NULL,NULL,NULL,3,'2024-05-13 14:27:00',NULL,NULL,NULL,'2024-05-13 14:27:06','2024-05-13 14:27:06'),
(10,2,NULL,NULL,NULL,4,'2024-05-13 14:28:00',NULL,NULL,NULL,'2024-05-13 14:28:13','2024-05-13 14:28:21'),
(11,2,NULL,NULL,NULL,4,'2024-05-13 14:28:00',NULL,NULL,NULL,'2024-05-13 14:28:21','2024-05-13 14:28:21'),
(12,NULL,NULL,1,2,1,'2024-05-13 14:56:00',NULL,NULL,NULL,'2024-05-13 14:55:32','2024-05-13 14:56:44'),
(20,NULL,NULL,1,2,1,'2024-05-13 14:57:00',NULL,NULL,NULL,'2024-05-13 14:57:07','2024-05-13 14:57:33'),
(21,NULL,NULL,1,2,1,'2024-05-13 14:58:00',NULL,NULL,NULL,'2024-05-13 14:57:39','2024-05-13 14:58:00'),
(22,NULL,NULL,1,2,1,'2024-05-13 14:58:00',NULL,NULL,NULL,'2024-05-13 14:58:01','2024-05-13 14:58:30'),
(23,NULL,NULL,1,2,1,'2024-05-13 14:58:00',NULL,NULL,NULL,'2024-05-13 14:58:46','2024-05-13 14:58:55'),
(24,NULL,NULL,1,2,1,'2024-05-13 14:59:00',NULL,NULL,NULL,'2024-05-13 14:58:59','2024-05-13 14:59:31'),
(25,NULL,NULL,1,2,1,'2024-05-13 14:59:00',NULL,NULL,NULL,'2024-05-13 14:59:34','2024-05-13 14:59:55'),
(27,2,NULL,NULL,NULL,4,'2024-05-13 14:28:00',NULL,NULL,NULL,'2024-05-13 16:26:17','2024-05-13 16:26:17'),
(29,2,NULL,NULL,NULL,4,'2024-05-13 14:28:00',NULL,NULL,NULL,'2024-05-13 16:26:33','2024-05-13 16:26:33'),
(30,2,NULL,NULL,NULL,4,'2024-05-13 14:28:00',NULL,NULL,NULL,'2024-05-13 16:26:54','2024-05-13 16:26:54'),
(31,2,NULL,NULL,NULL,4,'2021-09-01 16:28:00',NULL,NULL,NULL,'2024-05-13 16:27:42','2024-05-13 16:28:48'),
(32,2,NULL,NULL,NULL,4,'2024-05-13 16:28:00',NULL,NULL,NULL,'2024-05-13 16:28:21','2024-05-13 16:28:21'),
(34,2,NULL,NULL,NULL,4,'2021-09-01 16:28:00',NULL,NULL,NULL,'2024-05-13 16:28:48','2024-05-13 16:28:48'),
(36,2,NULL,NULL,NULL,4,'2021-09-01 16:28:00',NULL,NULL,NULL,'2024-05-13 16:29:18','2024-05-13 16:29:18'),
(38,2,NULL,NULL,NULL,4,'2024-05-13 14:28:00',NULL,NULL,NULL,'2024-05-13 16:32:33','2024-05-13 16:32:33'),
(39,2,NULL,NULL,NULL,4,'2020-05-13 16:34:00',NULL,NULL,NULL,'2024-05-13 16:33:40','2024-05-13 16:34:59'),
(40,2,NULL,NULL,NULL,4,'2024-05-13 16:34:00',NULL,NULL,NULL,'2024-05-13 16:34:05','2024-05-13 16:34:05'),
(41,2,NULL,NULL,NULL,4,'2024-05-13 16:34:00',NULL,NULL,NULL,'2024-05-13 16:34:19','2024-05-13 16:34:19'),
(42,2,NULL,NULL,NULL,4,'2024-05-13 16:34:00',NULL,NULL,NULL,'2024-05-13 16:34:41','2024-05-13 16:34:41'),
(44,2,NULL,NULL,NULL,4,'2020-05-13 16:34:00',NULL,NULL,NULL,'2024-05-13 16:34:59','2024-05-13 16:34:59'),
(46,3,NULL,NULL,NULL,2,'2024-05-13 14:27:00',NULL,NULL,NULL,'2024-05-13 16:38:49','2024-05-13 16:38:49'),
(48,4,NULL,NULL,NULL,5,'2024-05-13 14:27:00',NULL,NULL,NULL,'2024-05-13 16:39:33','2024-05-13 16:39:33'),
(49,4,NULL,NULL,NULL,5,'2024-05-13 14:27:00',NULL,NULL,NULL,'2024-05-13 16:39:40','2024-05-13 16:39:40'),
(51,1,NULL,NULL,NULL,3,'2024-05-13 14:27:00',NULL,NULL,NULL,'2024-05-13 16:39:46','2024-05-13 16:39:46'),
(52,3,NULL,NULL,NULL,2,'2024-05-13 14:27:00',NULL,NULL,NULL,'2024-05-19 00:03:21','2024-05-19 00:03:21'),
(53,4,NULL,NULL,NULL,5,'2024-05-13 14:27:00',NULL,NULL,NULL,'2024-05-19 00:06:19','2024-05-19 00:06:19'),
(55,3,NULL,NULL,NULL,2,'2024-05-13 14:27:00',NULL,NULL,NULL,'2024-05-19 00:09:31','2024-05-19 00:09:31'),
(57,3,NULL,NULL,NULL,2,'2024-05-13 14:27:00',NULL,NULL,NULL,'2024-05-19 00:10:36','2024-05-19 00:10:36'),
(58,3,NULL,NULL,NULL,2,'2024-05-13 14:27:00',NULL,NULL,NULL,'2025-01-13 20:34:57','2025-01-13 20:34:57'),
(59,3,NULL,NULL,NULL,2,'2024-05-13 14:27:00',NULL,NULL,NULL,'2025-01-13 20:36:00','2025-01-13 20:36:00'),
(60,3,NULL,NULL,NULL,2,'2024-05-13 14:27:00',NULL,NULL,NULL,'2025-01-13 20:36:17','2025-01-13 20:36:17'),
(96,3,NULL,NULL,NULL,2,'2024-05-13 14:27:00',NULL,NULL,NULL,'2025-03-14 17:06:57','2025-03-14 17:06:57'),
(98,3,NULL,NULL,NULL,2,'2024-05-13 14:27:00',NULL,NULL,NULL,'2025-03-14 17:09:37','2025-03-14 17:09:37'),
(100,3,NULL,NULL,NULL,2,'2024-05-13 14:27:00',NULL,NULL,NULL,'2025-03-16 20:02:23','2025-03-16 20:02:23'),
(101,3,NULL,NULL,NULL,2,'2024-05-13 14:27:00',NULL,NULL,NULL,'2025-03-16 20:02:55','2025-03-16 20:02:55'),
(102,3,NULL,NULL,NULL,2,'2024-05-13 14:27:00',NULL,NULL,NULL,'2025-03-16 20:05:54','2025-03-16 20:05:54');
commit;

--
-- Dumping data for table `entries_authors`
--

set autocommit=0;
INSERT INTO `entries_authors` VALUES
(10,9,1),
(11,9,1),
(27,9,1),
(29,9,1),
(30,9,1),
(31,9,1),
(32,9,1),
(34,9,1),
(36,9,1),
(38,9,1),
(39,9,1),
(40,9,1),
(41,9,1),
(42,9,1),
(44,9,1);
commit;

--
-- Dumping data for table `entrytypes`
--

set autocommit=0;
INSERT INTO `entrytypes` VALUES
(1,3,'TOTY Sponsor','totySponsor','',NULL,1,'site','','',1,'site','',1,'2024-05-13 14:27:05','2024-05-13 14:27:05',NULL,'2771cc09-e416-463d-8f6d-80b16024deb6'),
(2,4,'TOTY-Home','totyhome','bookmark',NULL,1,'site',NULL,NULL,1,'site',NULL,1,'2024-05-13 14:27:05','2025-03-14 16:24:20',NULL,'b12124a6-c5cf-4e55-af81-549991ec358b'),
(3,5,'TOTY-Winners','totyWinners','',NULL,1,'site','','',1,'site','',1,'2024-05-13 14:27:05','2024-05-13 14:27:05',NULL,'2d30775d-a573-452b-b5f0-43bbc608c003'),
(4,6,'TOTY-News Article','totyNewsArticle','',NULL,1,'site','','',1,'site','',1,'2024-05-13 14:27:05','2024-05-13 14:27:05',NULL,'d35c0b9a-f451-4076-8e42-852458029808'),
(5,7,'TOTY-NewsList','totyNewslist','',NULL,1,'site','','',1,'site','',1,'2024-05-13 14:27:05','2024-05-13 14:27:05',NULL,'dc2835de-6f5d-4318-bb02-5cf8b19ec412');
commit;

--
-- Dumping data for table `fieldlayouts`
--

set autocommit=0;
INSERT INTO `fieldlayouts` VALUES
(1,'verbb\\navigation\\elements\\Node','{\"tabs\": [{\"uid\": \"1e7ddf96-13ba-47a2-8ad6-40c0915d6e6e\", \"name\": \"Node\", \"elements\": [{\"id\": null, \"max\": null, \"min\": null, \"tip\": null, \"uid\": \"d21a0a21-5dd5-4870-ac79-e6c6074bb7fa\", \"name\": null, \"size\": null, \"step\": null, \"type\": \"craft\\\\fieldlayoutelements\\\\TitleField\", \"class\": null, \"label\": null, \"title\": null, \"width\": 100, \"warning\": null, \"disabled\": false, \"readonly\": false, \"inputType\": null, \"requirable\": false, \"autocorrect\": true, \"orientation\": null, \"placeholder\": null, \"autocomplete\": false, \"instructions\": null, \"userCondition\": null, \"autocapitalize\": true, \"includeInCards\": false, \"providesThumbs\": false, \"labelAttributes\": [], \"elementCondition\": null, \"containerAttributes\": [], \"inputContainerAttributes\": []}, {\"tip\": null, \"uid\": \"2c9046d9-e329-4fa5-bd5c-edde72c8ae70\", \"type\": \"verbb\\\\navigation\\\\fieldlayoutelements\\\\NodeTypeElements\", \"label\": null, \"warning\": null, \"required\": false, \"instructions\": null, \"userCondition\": null, \"includeInCards\": false, \"providesThumbs\": false, \"elementCondition\": null}, {\"id\": null, \"tip\": null, \"uid\": \"d1ed6fdf-a839-49be-a5ca-57430631d881\", \"type\": \"verbb\\\\navigation\\\\fieldlayoutelements\\\\NewWindowField\", \"label\": null, \"width\": 100, \"warning\": null, \"required\": false, \"attribute\": \"newWindow\", \"mandatory\": false, \"requirable\": true, \"orientation\": null, \"instructions\": null, \"translatable\": false, \"userCondition\": null, \"includeInCards\": false, \"providesThumbs\": false, \"labelAttributes\": [], \"elementCondition\": null, \"containerAttributes\": [], \"inputContainerAttributes\": []}], \"userCondition\": null, \"elementCondition\": null}, {\"uid\": \"c8c58a90-bf77-425b-be84-01fa2ae57675\", \"name\": \"Advanced\", \"elements\": [{\"id\": null, \"max\": null, \"min\": null, \"tip\": null, \"uid\": \"7843f4be-7062-478d-b634-4cd1b6e1badf\", \"name\": null, \"size\": null, \"step\": null, \"type\": \"verbb\\\\navigation\\\\fieldlayoutelements\\\\UrlSuffixField\", \"class\": null, \"label\": null, \"title\": null, \"width\": 100, \"warning\": null, \"disabled\": false, \"readonly\": false, \"required\": false, \"attribute\": \"urlSuffix\", \"autofocus\": false, \"inputType\": null, \"mandatory\": false, \"maxlength\": null, \"requirable\": true, \"autocorrect\": true, \"orientation\": null, \"placeholder\": null, \"autocomplete\": false, \"instructions\": null, \"translatable\": false, \"userCondition\": null, \"autocapitalize\": true, \"includeInCards\": false, \"providesThumbs\": false, \"labelAttributes\": [], \"elementCondition\": null, \"containerAttributes\": [], \"inputContainerAttributes\": []}, {\"id\": null, \"max\": null, \"min\": null, \"tip\": null, \"uid\": \"b5b4c3c2-436f-4dec-82fe-095bf7aab6ac\", \"name\": null, \"size\": null, \"step\": null, \"type\": \"verbb\\\\navigation\\\\fieldlayoutelements\\\\ClassesField\", \"class\": null, \"label\": null, \"title\": null, \"width\": 100, \"warning\": null, \"disabled\": false, \"readonly\": false, \"required\": false, \"attribute\": \"classes\", \"autofocus\": false, \"inputType\": null, \"mandatory\": false, \"maxlength\": null, \"requirable\": true, \"autocorrect\": true, \"orientation\": null, \"placeholder\": null, \"autocomplete\": false, \"instructions\": null, \"translatable\": false, \"userCondition\": null, \"autocapitalize\": true, \"includeInCards\": false, \"providesThumbs\": false, \"labelAttributes\": [], \"elementCondition\": null, \"containerAttributes\": [], \"inputContainerAttributes\": []}, {\"id\": null, \"tip\": null, \"uid\": \"a24197a3-b368-492d-8cfa-39e8065da8df\", \"type\": \"verbb\\\\navigation\\\\fieldlayoutelements\\\\CustomAttributesField\", \"label\": null, \"width\": 100, \"warning\": null, \"required\": false, \"attribute\": \"customAttributes\", \"mandatory\": false, \"requirable\": true, \"orientation\": null, \"instructions\": null, \"translatable\": false, \"userCondition\": null, \"includeInCards\": false, \"providesThumbs\": false, \"labelAttributes\": [], \"elementCondition\": null, \"containerAttributes\": [], \"inputContainerAttributes\": []}], \"userCondition\": null, \"elementCondition\": null}]}','2024-05-13 14:27:05','2024-05-13 14:27:06',NULL,'0dfb2e23-7138-47b9-acfc-6edb72ae2669'),
(2,'craft\\elements\\Category','{\"tabs\": [{\"uid\": \"6d79302b-1002-4642-bd50-3d6b8e7706ea\", \"name\": \"Content\", \"elements\": [{\"id\": null, \"max\": null, \"min\": null, \"tip\": null, \"uid\": \"4c23ebc3-65bf-4c69-a79e-6d140ed6470c\", \"name\": null, \"size\": null, \"step\": null, \"type\": \"craft\\\\fieldlayoutelements\\\\TitleField\", \"class\": null, \"label\": null, \"title\": null, \"width\": 100, \"warning\": null, \"disabled\": false, \"readonly\": false, \"inputType\": null, \"requirable\": false, \"autocorrect\": true, \"orientation\": null, \"placeholder\": null, \"autocomplete\": false, \"instructions\": null, \"userCondition\": null, \"autocapitalize\": true, \"includeInCards\": false, \"providesThumbs\": false, \"labelAttributes\": [], \"elementCondition\": null, \"containerAttributes\": [], \"inputContainerAttributes\": []}, {\"tip\": null, \"uid\": \"7402206b-f0bb-421f-a22c-9009b01dd343\", \"type\": \"craft\\\\fieldlayoutelements\\\\CustomField\", \"label\": null, \"width\": 100, \"handle\": null, \"warning\": null, \"fieldUid\": \"c3e1f755-cc27-4582-8e75-933b9812abad\", \"required\": false, \"instructions\": null, \"userCondition\": null, \"includeInCards\": false, \"providesThumbs\": false, \"elementCondition\": null}], \"userCondition\": null, \"elementCondition\": null}]}','2024-05-13 14:27:05','2024-05-13 14:27:06',NULL,'042b6ad1-a75a-4305-af7f-81fe6f2dcd6d'),
(3,'craft\\elements\\Entry','{\"tabs\": [{\"uid\": \"2847e6a7-ef85-4a38-9fb6-e21d7432dbb7\", \"name\": \"Content\", \"elements\": [{\"id\": null, \"max\": null, \"min\": null, \"tip\": null, \"uid\": \"44e19409-ce0f-421e-bf23-653741a6fa23\", \"name\": null, \"size\": null, \"step\": null, \"type\": \"craft\\\\fieldlayoutelements\\\\entries\\\\EntryTitleField\", \"class\": null, \"label\": null, \"title\": null, \"width\": 100, \"warning\": null, \"disabled\": false, \"readonly\": false, \"inputType\": null, \"requirable\": false, \"autocorrect\": true, \"orientation\": null, \"placeholder\": null, \"autocomplete\": false, \"instructions\": null, \"userCondition\": null, \"autocapitalize\": true, \"includeInCards\": false, \"providesThumbs\": false, \"labelAttributes\": [], \"elementCondition\": null, \"containerAttributes\": [], \"inputContainerAttributes\": []}, {\"tip\": null, \"uid\": \"f0b73076-0c1e-446a-affe-7c3dec4ef948\", \"type\": \"craft\\\\fieldlayoutelements\\\\CustomField\", \"label\": \"TOTY Sponsor Link\", \"width\": 100, \"handle\": \"totySponsorLink\", \"warning\": null, \"fieldUid\": \"a85e4dc1-904b-42b2-a6f9-2d8c5534f5d3\", \"required\": false, \"instructions\": null, \"userCondition\": null, \"includeInCards\": false, \"providesThumbs\": false, \"elementCondition\": null}, {\"tip\": null, \"uid\": \"7b7fe796-4314-43e3-b6bd-073f576ea5dc\", \"type\": \"craft\\\\fieldlayoutelements\\\\CustomField\", \"label\": \"TOTY Sponsor Logo\", \"width\": 100, \"handle\": \"totySponsorLogo\", \"warning\": null, \"fieldUid\": \"c3e1f755-cc27-4582-8e75-933b9812abad\", \"required\": false, \"instructions\": null, \"userCondition\": null, \"includeInCards\": false, \"providesThumbs\": false, \"elementCondition\": null}], \"userCondition\": null, \"elementCondition\": null}]}','2024-05-13 14:27:05','2024-05-13 14:27:06',NULL,'0dfcf56a-cc95-41c0-afe0-c02a954d5315'),
(4,'craft\\elements\\Entry','{\"tabs\":[{\"name\":\"Content\",\"uid\":\"ed51159d-f3fc-4d91-9c8b-7ad7117e51ab\",\"userCondition\":null,\"elementCondition\":null,\"elements\":[{\"type\":\"craft\\\\fieldlayoutelements\\\\entries\\\\EntryTitleField\",\"inputType\":null,\"autocomplete\":false,\"class\":null,\"size\":null,\"name\":null,\"autocorrect\":true,\"autocapitalize\":true,\"disabled\":false,\"readonly\":false,\"title\":null,\"placeholder\":null,\"step\":null,\"min\":null,\"max\":null,\"id\":null,\"containerAttributes\":[],\"inputContainerAttributes\":[],\"labelAttributes\":[],\"orientation\":null,\"label\":null,\"instructions\":null,\"tip\":null,\"warning\":null,\"providesThumbs\":false,\"includeInCards\":false,\"width\":50,\"dateAdded\":\"2025-03-14T16:22:42+00:00\",\"uid\":\"a909a743-dd13-49fb-94f6-ad1cfa16f7ca\",\"userCondition\":null,\"elementCondition\":null,\"required\":true},{\"type\":\"craft\\\\fieldlayoutelements\\\\CustomField\",\"handle\":\"featuredContentTop\",\"label\":\"Featured Content Top\",\"instructions\":null,\"tip\":null,\"warning\":null,\"required\":false,\"providesThumbs\":false,\"includeInCards\":false,\"width\":100,\"dateAdded\":\"2025-03-14T16:22:42+00:00\",\"uid\":\"55510914-f2fa-4f51-b863-7c4177ed8b88\",\"userCondition\":null,\"elementCondition\":null,\"fieldUid\":\"8c1da397-dded-4767-b3c9-14405e70d49f\"},{\"type\":\"craft\\\\fieldlayoutelements\\\\CustomField\",\"handle\":\"imageGallery\",\"label\":\"Image Gallery\",\"instructions\":null,\"tip\":null,\"warning\":null,\"required\":false,\"providesThumbs\":false,\"includeInCards\":false,\"width\":100,\"dateAdded\":\"2025-03-14T16:24:52+00:00\",\"uid\":\"b1cea98b-3e0e-4f2a-a53d-2cd90a78138e\",\"userCondition\":null,\"elementCondition\":null,\"fieldUid\":\"3a21ffb5-1a24-4208-8bec-e56337460119\"}]}],\"cardView\":[]}','2024-05-13 14:27:05','2025-03-14 16:24:52',NULL,'1f2abba2-53b1-4f93-87fd-886285b0762c'),
(5,'craft\\elements\\Entry','{\"tabs\": [{\"uid\": \"a42b577c-07d5-472b-b314-33a0ebcbec2f\", \"name\": \"Content\", \"elements\": [{\"id\": null, \"max\": null, \"min\": null, \"tip\": null, \"uid\": \"dc643d55-363e-4c3c-8712-ab20809db805\", \"name\": null, \"size\": null, \"step\": null, \"type\": \"craft\\\\fieldlayoutelements\\\\entries\\\\EntryTitleField\", \"class\": null, \"label\": null, \"title\": null, \"width\": 100, \"warning\": null, \"disabled\": false, \"readonly\": false, \"inputType\": null, \"requirable\": false, \"autocorrect\": true, \"orientation\": null, \"placeholder\": null, \"autocomplete\": false, \"instructions\": null, \"userCondition\": null, \"autocapitalize\": true, \"includeInCards\": false, \"providesThumbs\": false, \"labelAttributes\": [], \"elementCondition\": null, \"containerAttributes\": [], \"inputContainerAttributes\": []}, {\"tip\": null, \"uid\": \"f3d0494e-62c5-48a1-a887-b99f6b632fa7\", \"type\": \"craft\\\\fieldlayoutelements\\\\CustomField\", \"label\": \"TOTY-Winners-HTML\", \"width\": 100, \"handle\": \"totyWinnersHTML\", \"warning\": null, \"fieldUid\": \"8c1da397-dded-4767-b3c9-14405e70d49f\", \"required\": false, \"instructions\": null, \"userCondition\": null, \"includeInCards\": false, \"providesThumbs\": false, \"elementCondition\": null}, {\"tip\": null, \"uid\": \"0dbd5218-eded-4d26-a251-6842cf891278\", \"type\": \"craft\\\\fieldlayoutelements\\\\CustomField\", \"label\": \"TOTY-Winners-JS\", \"width\": 100, \"handle\": \"totyWinnersJS\", \"warning\": null, \"fieldUid\": \"8c1da397-dded-4767-b3c9-14405e70d49f\", \"required\": false, \"instructions\": null, \"userCondition\": null, \"includeInCards\": false, \"providesThumbs\": false, \"elementCondition\": null}, {\"tip\": null, \"uid\": \"58fa6a40-a5c4-4777-97bc-0122b23fb19a\", \"type\": \"craft\\\\fieldlayoutelements\\\\CustomField\", \"label\": null, \"width\": 100, \"handle\": null, \"warning\": null, \"fieldUid\": \"0e0a6d24-b1f7-49af-af02-e7644edf9bd2\", \"required\": false, \"instructions\": null, \"userCondition\": null, \"includeInCards\": false, \"providesThumbs\": false, \"elementCondition\": null}], \"userCondition\": null, \"elementCondition\": null}]}','2024-05-13 14:27:05','2024-05-13 14:27:06',NULL,'bde01b15-3be9-4050-bb15-7f5276363629'),
(6,'craft\\elements\\Entry','{\"tabs\": [{\"uid\": \"22b6300e-e94a-4e06-8876-0c0b38136d4c\", \"name\": \"Content\", \"elements\": [{\"id\": null, \"max\": null, \"min\": null, \"tip\": null, \"uid\": \"79d0ef60-889d-438f-95a3-65d5ba735e47\", \"name\": null, \"size\": null, \"step\": null, \"type\": \"craft\\\\fieldlayoutelements\\\\entries\\\\EntryTitleField\", \"class\": null, \"label\": null, \"title\": null, \"width\": 100, \"warning\": null, \"disabled\": false, \"readonly\": false, \"inputType\": null, \"requirable\": false, \"autocorrect\": true, \"orientation\": null, \"placeholder\": null, \"autocomplete\": false, \"instructions\": null, \"userCondition\": null, \"autocapitalize\": true, \"includeInCards\": false, \"providesThumbs\": false, \"labelAttributes\": [], \"elementCondition\": null, \"containerAttributes\": [], \"inputContainerAttributes\": []}, {\"tip\": null, \"uid\": \"ad19730a-ec98-4b57-91dc-7ac3df071908\", \"type\": \"craft\\\\fieldlayoutelements\\\\CustomField\", \"label\": \"TOTY-News Article Abstract\", \"width\": 100, \"handle\": \"totyNewsArticleAbstract\", \"warning\": null, \"fieldUid\": \"c23a6f83-b41c-44b1-b1ec-ec87a8e12936\", \"required\": false, \"instructions\": null, \"userCondition\": null, \"includeInCards\": false, \"providesThumbs\": false, \"elementCondition\": null}, {\"tip\": null, \"uid\": \"7418a520-65c4-4f67-a4d3-e560d2f5f28d\", \"type\": \"craft\\\\fieldlayoutelements\\\\CustomField\", \"label\": \"TOTY-News Article Text\", \"width\": 100, \"handle\": \"totyNewsArticle\", \"warning\": null, \"fieldUid\": \"8c1da397-dded-4767-b3c9-14405e70d49f\", \"required\": false, \"instructions\": null, \"userCondition\": null, \"includeInCards\": false, \"providesThumbs\": false, \"elementCondition\": null}], \"userCondition\": null, \"elementCondition\": null}]}','2024-05-13 14:27:05','2024-05-13 14:27:06',NULL,'8b6dff1c-7de7-4ae4-8679-24ef6f90aca9'),
(7,'craft\\elements\\Entry','{\"tabs\": [{\"uid\": \"8e456330-351a-4c02-a03f-61ea45a801e1\", \"name\": \"Content\", \"elements\": [{\"id\": null, \"max\": null, \"min\": null, \"tip\": null, \"uid\": \"e59a5935-48fa-45d3-b7f9-5762f9369c23\", \"name\": null, \"size\": null, \"step\": null, \"type\": \"craft\\\\fieldlayoutelements\\\\entries\\\\EntryTitleField\", \"class\": null, \"label\": null, \"title\": null, \"width\": 100, \"warning\": null, \"disabled\": false, \"readonly\": false, \"inputType\": null, \"requirable\": false, \"autocorrect\": true, \"orientation\": null, \"placeholder\": null, \"autocomplete\": false, \"instructions\": null, \"userCondition\": null, \"autocapitalize\": true, \"includeInCards\": false, \"providesThumbs\": false, \"labelAttributes\": [], \"elementCondition\": null, \"containerAttributes\": [], \"inputContainerAttributes\": []}], \"userCondition\": null, \"elementCondition\": null}]}','2024-05-13 14:27:05','2024-05-13 14:27:06',NULL,'d32138dc-a2fd-458c-b769-70d6e5f59f84'),
(8,'craft\\elements\\GlobalSet','{\"tabs\": [{\"uid\": \"1c9a4e6a-fe49-431e-ac65-d95bebef41ad\", \"name\": \"Footer\", \"elements\": [{\"tip\": null, \"uid\": \"346bcd09-ee71-4c33-8aea-e5b031eea5bd\", \"type\": \"craft\\\\fieldlayoutelements\\\\CustomField\", \"label\": null, \"width\": 100, \"handle\": null, \"warning\": null, \"fieldUid\": \"8c1da397-dded-4767-b3c9-14405e70d49f\", \"required\": false, \"instructions\": null, \"userCondition\": null, \"includeInCards\": false, \"providesThumbs\": false, \"elementCondition\": null}, {\"tip\": null, \"uid\": \"7aad9259-dfee-4506-9ff5-82dcf8377017\", \"type\": \"craft\\\\fieldlayoutelements\\\\CustomField\", \"label\": \"Footer Text\", \"width\": 100, \"handle\": \"footerText\", \"warning\": null, \"fieldUid\": \"8c1da397-dded-4767-b3c9-14405e70d49f\", \"required\": false, \"instructions\": null, \"userCondition\": null, \"includeInCards\": false, \"providesThumbs\": false, \"elementCondition\": null}, {\"tip\": null, \"uid\": \"6a0dc292-7ec2-49c0-a585-688277ce4c8a\", \"type\": \"craft\\\\fieldlayoutelements\\\\CustomField\", \"label\": \"Footer Legal\", \"width\": 100, \"handle\": \"footerLegal\", \"warning\": null, \"fieldUid\": \"c23a6f83-b41c-44b1-b1ec-ec87a8e12936\", \"required\": false, \"instructions\": null, \"userCondition\": null, \"includeInCards\": false, \"providesThumbs\": false, \"elementCondition\": null}], \"userCondition\": null, \"elementCondition\": null}, {\"uid\": \"937c09c7-901a-416a-ae23-9cfa13125b58\", \"name\": \"News\", \"elements\": [{\"tip\": null, \"uid\": \"5cbb5c61-134e-44e4-ac10-940c0d684720\", \"type\": \"craft\\\\fieldlayoutelements\\\\CustomField\", \"label\": \"News Homepage Title\", \"width\": 100, \"handle\": \"newsHomepageTitle\", \"warning\": null, \"fieldUid\": \"8c1da397-dded-4767-b3c9-14405e70d49f\", \"required\": false, \"instructions\": null, \"userCondition\": null, \"includeInCards\": false, \"providesThumbs\": false, \"elementCondition\": null}, {\"tip\": null, \"uid\": \"4ff07ed0-94e0-418a-9583-d811e8a7925d\", \"type\": \"craft\\\\fieldlayoutelements\\\\CustomField\", \"label\": \"News Subpage Title\", \"width\": 100, \"handle\": \"totyNewsSubpageTitle\", \"warning\": null, \"fieldUid\": \"8c1da397-dded-4767-b3c9-14405e70d49f\", \"required\": false, \"instructions\": \"Use H5\", \"userCondition\": null, \"includeInCards\": false, \"providesThumbs\": false, \"elementCondition\": null}, {\"tip\": null, \"uid\": \"c4a45a82-9aa3-4997-b667-82b29d0d3493\", \"type\": \"craft\\\\fieldlayoutelements\\\\CustomField\", \"label\": \"News Article Link Text\", \"width\": 100, \"handle\": \"newsArticleLinkText\", \"warning\": null, \"fieldUid\": \"c23a6f83-b41c-44b1-b1ec-ec87a8e12936\", \"required\": false, \"instructions\": null, \"userCondition\": null, \"includeInCards\": false, \"providesThumbs\": false, \"elementCondition\": null}], \"userCondition\": null, \"elementCondition\": null}, {\"uid\": \"c380cfc5-fcaa-47b7-a501-f7c8ca9704b8\", \"name\": \"Sponsors\", \"elements\": [{\"tip\": null, \"uid\": \"f2102891-a853-477e-8d0c-7b950e181fc0\", \"type\": \"craft\\\\fieldlayoutelements\\\\CustomField\", \"label\": \"TOTY Sponsored Headline\", \"width\": 100, \"handle\": \"totySponsoredHeadline\", \"warning\": null, \"fieldUid\": \"8c1da397-dded-4767-b3c9-14405e70d49f\", \"required\": false, \"instructions\": null, \"userCondition\": null, \"includeInCards\": false, \"providesThumbs\": false, \"elementCondition\": null}, {\"tip\": null, \"uid\": \"e4cc27a4-7f6d-468f-a5da-0b66130b70ab\", \"type\": \"craft\\\\fieldlayoutelements\\\\CustomField\", \"label\": null, \"width\": 100, \"handle\": null, \"warning\": null, \"fieldUid\": \"c5ce6e01-a43d-4e48-8955-856e95062c71\", \"required\": false, \"instructions\": null, \"userCondition\": null, \"includeInCards\": false, \"providesThumbs\": false, \"elementCondition\": null}], \"userCondition\": null, \"elementCondition\": null}]}','2024-05-13 14:27:05','2024-05-13 14:27:06',NULL,'f669aaf6-c201-408e-be19-f664074995f7'),
(9,'craft\\elements\\Asset','{\"tabs\": [{\"uid\": \"75678582-1c9d-468a-95fc-ba54620741fd\", \"name\": \"Content\", \"elements\": [{\"id\": null, \"max\": null, \"min\": null, \"tip\": null, \"uid\": \"ed3db2e1-e3aa-4695-9951-9b9884704f5d\", \"name\": null, \"size\": null, \"step\": null, \"type\": \"craft\\\\fieldlayoutelements\\\\assets\\\\AssetTitleField\", \"class\": null, \"label\": null, \"title\": null, \"width\": 100, \"warning\": null, \"disabled\": false, \"readonly\": false, \"inputType\": null, \"requirable\": false, \"autocorrect\": true, \"orientation\": null, \"placeholder\": null, \"autocomplete\": false, \"instructions\": null, \"userCondition\": null, \"autocapitalize\": true, \"includeInCards\": false, \"providesThumbs\": false, \"labelAttributes\": [], \"elementCondition\": null, \"containerAttributes\": [], \"inputContainerAttributes\": []}], \"userCondition\": null, \"elementCondition\": null}]}','2024-05-13 14:27:05','2024-05-13 14:27:06',NULL,'d0306a82-8a8f-4ade-a6bf-e1ad80c2717a'),
(10,'craft\\elements\\Asset','{\"tabs\":[{\"name\":\"Content\",\"uid\":\"f9f95545-bc4a-4ba8-b797-dd7d964d7c7a\",\"userCondition\":null,\"elementCondition\":null,\"elements\":[{\"type\":\"craft\\\\fieldlayoutelements\\\\assets\\\\AssetTitleField\",\"inputType\":null,\"autocomplete\":false,\"class\":null,\"size\":null,\"name\":null,\"autocorrect\":true,\"autocapitalize\":true,\"disabled\":false,\"readonly\":false,\"title\":null,\"placeholder\":null,\"step\":null,\"min\":null,\"max\":null,\"requirable\":false,\"id\":null,\"containerAttributes\":[],\"inputContainerAttributes\":[],\"labelAttributes\":[],\"orientation\":null,\"label\":null,\"instructions\":null,\"tip\":null,\"warning\":null,\"providesThumbs\":false,\"includeInCards\":false,\"width\":100,\"dateAdded\":\"2025-03-14T16:22:07+00:00\",\"uid\":\"0bc6f648-0f6f-497d-ba7d-e32683115d6f\",\"userCondition\":null,\"elementCondition\":null}]}],\"cardView\":[]}','2025-03-14 16:23:36','2025-03-14 16:23:36',NULL,'e0821d72-dd66-4965-8c3f-fb60cb9d4fba');
commit;

--
-- Dumping data for table `fields`
--

set autocommit=0;
INSERT INTO `fields` VALUES
(1,'Generic Code','genericCode','global',NULL,NULL,0,'none',NULL,'craft\\fields\\PlainText','{\"byteLimit\":null,\"charLimit\":null,\"code\":false,\"initialRows\":32,\"multiline\":true,\"placeholder\":null,\"uiMode\":\"normal\"}','2024-05-13 14:27:05','2024-05-13 14:27:05',NULL,'0e0a6d24-b1f7-49af-af02-e7644edf9bd2'),
(2,'TOTY Sponsor List','totySponsorList','global',NULL,NULL,0,'site',NULL,'craft\\fields\\Matrix','{\"createButtonLabel\":null,\"entryTypes\":[\"2771cc09-e416-463d-8f6d-80b16024deb6\"],\"includeTableView\":false,\"maxEntries\":null,\"minEntries\":null,\"pageSize\":50,\"propagationKeyFormat\":null,\"propagationMethod\":\"all\",\"showCardsInGrid\":false,\"viewMode\":\"cards\"}','2024-05-13 14:27:05','2024-05-13 14:27:05',NULL,'c5ce6e01-a43d-4e48-8955-856e95062c71'),
(3,'TOTY-Year','totyYear','global',NULL,NULL,0,'site',NULL,'craft\\fields\\Categories','{\"allowSelfRelations\":false,\"branchLimit\":null,\"localizeRelations\":false,\"maintainHierarchy\":false,\"maxRelations\":null,\"minRelations\":null,\"selectionLabel\":null,\"showCardsInGrid\":false,\"showSiteMenu\":false,\"source\":\"group:f860ec3d-757a-46aa-aec8-006e5014872a\",\"targetSiteId\":null,\"validateRelatedElements\":false,\"viewMode\":\"list\"}','2024-05-13 14:27:05','2024-05-13 14:27:05',NULL,'5a828afc-b609-4281-8a76-2757d6ced8ec'),
(4,'Generic Text','genericText','global',NULL,NULL,0,'none',NULL,'craft\\fields\\PlainText','{\"byteLimit\":null,\"charLimit\":null,\"code\":false,\"initialRows\":4,\"multiline\":false,\"placeholder\":null,\"uiMode\":\"normal\"}','2024-05-13 14:27:05','2024-05-13 14:27:05',NULL,'a85e4dc1-904b-42b2-a6f9-2d8c5534f5d3'),
(5,'ChangeableText','changeabletext','global',NULL,NULL,0,'none',NULL,'craft\\ckeditor\\Field','{\"availableTransforms\":\"\",\"availableVolumes\":\"*\",\"ckeConfig\":\"799587c0-e7f6-4dd8-afa5-cead8788c1b2\",\"createButtonLabel\":null,\"defaultTransform\":null,\"enableSourceEditingForNonAdmins\":true,\"purifierConfig\":null,\"purifyHtml\":true,\"showUnpermittedFiles\":false,\"showUnpermittedVolumes\":false,\"showWordCount\":false,\"wordLimit\":null}','2024-05-13 14:27:05','2024-05-13 14:27:05',NULL,'c23a6f83-b41c-44b1-b1ec-ec87a8e12936'),
(6,'Company Logo','companyLogo','global',NULL,NULL,0,'site',NULL,'craft\\fields\\Assets','{\"allowSelfRelations\":false,\"allowSubfolders\":false,\"allowUploads\":true,\"allowedKinds\":[\"image\"],\"branchLimit\":null,\"defaultUploadLocationSource\":\"volume:6a4f30dc-6d98-4a51-abbb-2d34ce013074\",\"defaultUploadLocationSubpath\":null,\"localizeRelations\":false,\"maintainHierarchy\":false,\"maxRelations\":null,\"minRelations\":null,\"previewMode\":\"full\",\"restrictFiles\":true,\"restrictLocation\":true,\"restrictedDefaultUploadSubpath\":null,\"restrictedLocationSource\":\"volume:6a4f30dc-6d98-4a51-abbb-2d34ce013074\",\"restrictedLocationSubpath\":null,\"selectionLabel\":null,\"showCardsInGrid\":false,\"showSiteMenu\":false,\"showUnpermittedFiles\":false,\"showUnpermittedVolumes\":false,\"sources\":[\"volume:6a4f30dc-6d98-4a51-abbb-2d34ce013074\"],\"targetSiteId\":null,\"validateRelatedElements\":false,\"viewMode\":\"list\"}','2024-05-13 14:27:05','2024-05-13 14:27:05',NULL,'c3e1f755-cc27-4582-8e75-933b9812abad'),
(7,'Generic Simple Text','genericSimpleText','global',NULL,NULL,0,'none',NULL,'craft\\fields\\PlainText','{\"byteLimit\":null,\"charLimit\":null,\"code\":false,\"initialRows\":4,\"multiline\":false,\"placeholder\":null,\"uiMode\":\"normal\"}','2024-05-13 14:27:05','2024-05-13 14:27:05',NULL,'3645fb62-849c-4fad-bedf-a9b16905678d'),
(8,'Footer Headline','footerHeadline','global',NULL,'Use H1',0,'none',NULL,'craft\\ckeditor\\Field','{\"ckeConfig\":\"9081c6cf-d1f7-490f-af39-7b41b46c5880\",\"wordLimit\":null,\"showWordCount\":false,\"availableVolumes\":\"*\",\"availableTransforms\":\"\",\"defaultTransform\":null,\"enableSourceEditingForNonAdmins\":true,\"showUnpermittedVolumes\":false,\"showUnpermittedFiles\":false,\"createButtonLabel\":null,\"purifierConfig\":null,\"purifyHtml\":true,\"entryTypes\":[]}','2024-05-13 14:27:05','2024-05-19 00:10:23',NULL,'8c1da397-dded-4767-b3c9-14405e70d49f'),
(9,'Generic Image','genericImage','global',NULL,NULL,0,'none',NULL,'craft\\fields\\Assets','{\"allowSelfRelations\":false,\"allowSubfolders\":false,\"allowUploads\":true,\"allowedKinds\":[\"image\"],\"branchLimit\":null,\"defaultUploadLocationSource\":\"volume:aff98301-f901-451b-9ae8-e947b8486f72\",\"defaultUploadLocationSubpath\":null,\"maintainHierarchy\":false,\"maxRelations\":null,\"minRelations\":null,\"previewMode\":\"full\",\"restrictFiles\":true,\"restrictLocation\":false,\"restrictedDefaultUploadSubpath\":null,\"restrictedLocationSource\":\"volume:6a4f30dc-6d98-4a51-abbb-2d34ce013074\",\"restrictedLocationSubpath\":null,\"selectionLabel\":null,\"showCardsInGrid\":false,\"showSiteMenu\":false,\"showUnpermittedFiles\":false,\"showUnpermittedVolumes\":false,\"sources\":\"*\",\"targetSiteId\":null,\"validateRelatedElements\":false,\"viewMode\":\"large\"}','2025-03-14 16:24:18','2025-03-14 17:09:15',NULL,'3a21ffb5-1a24-4208-8bec-e56337460119');
commit;

--
-- Dumping data for table `globalsets`
--

set autocommit=0;
INSERT INTO `globalsets` VALUES
(1,'TOTY','toty',8,1,'2024-05-13 14:27:05','2024-05-13 14:27:05','fc8f160e-7247-4a54-b0c3-7d4503de2523');
commit;

--
-- Dumping data for table `gqlschemas`
--

set autocommit=0;
INSERT INTO `gqlschemas` VALUES
(1,'Public Schema','[]',1,'2024-05-13 14:27:06','2024-05-13 14:27:06','3ebb4f2a-0a35-4741-9bb2-890fcd36496a');
commit;

--
-- Dumping data for table `gqltokens`
--

set autocommit=0;
commit;

--
-- Dumping data for table `imagetransforms`
--

set autocommit=0;
INSERT INTO `imagetransforms` VALUES
(1,'transformHeightReduce','transformheightreduce','crop','center-center',NULL,300,NULL,NULL,'none',NULL,1,'2025-03-14 17:10:52','2025-03-14 16:26:46','2025-03-14 17:10:52','f4adb1a2-5a76-4c42-81ad-521182021fa0');
commit;

--
-- Dumping data for table `info`
--

set autocommit=0;
INSERT INTO `info` VALUES
(1,'5.5.9','5.5.0.0',1,'rakitzlvzobp','3@ybehufjmey','2024-05-13 14:27:04','2025-04-18 12:36:58','e0dc2453-daf9-48b6-b77a-5613cd553a41');
commit;

--
-- Dumping data for table `migrations`
--

set autocommit=0;
INSERT INTO `migrations` VALUES
(1,'plugin:ckeditor','Install','2024-05-13 14:27:04','2024-05-13 14:27:04','2024-05-13 14:27:04','6893202b-f47b-42e4-a528-ec0052f1474e'),
(2,'plugin:ckeditor','m230408_163704_v3_upgrade','2024-05-13 14:27:04','2024-05-13 14:27:04','2024-05-13 14:27:04','1e52d83e-f97e-43ba-a92a-20be8c23a9b0'),
(29,'craft','Install','2024-05-13 14:27:06','2024-05-13 14:27:06','2024-05-13 14:27:06','e774cca8-fed7-41bd-803d-3c4dbbaba33f'),
(30,'craft','m221101_115859_create_entries_authors_table','2024-05-13 14:27:06','2024-05-13 14:27:06','2024-05-13 14:27:06','802e5be5-7f37-4a51-804f-1303f1aba256'),
(31,'craft','m221107_112121_add_max_authors_to_sections','2024-05-13 14:27:06','2024-05-13 14:27:06','2024-05-13 14:27:06','e42df98d-45ee-4862-96e8-6d219a39cd83'),
(32,'craft','m221205_082005_translatable_asset_alt_text','2024-05-13 14:27:06','2024-05-13 14:27:06','2024-05-13 14:27:06','fbd45eb6-293a-48bf-a4f8-308009459de8'),
(33,'craft','m230314_110309_add_authenticator_table','2024-05-13 14:27:06','2024-05-13 14:27:06','2024-05-13 14:27:06','1763d475-b43f-4d2f-a145-0817ee3f254f'),
(34,'craft','m230314_111234_add_webauthn_table','2024-05-13 14:27:06','2024-05-13 14:27:06','2024-05-13 14:27:06','f4c3c8ba-aaac-4c0c-abd0-8514e1bcdf0b'),
(35,'craft','m230503_120303_add_recoverycodes_table','2024-05-13 14:27:06','2024-05-13 14:27:06','2024-05-13 14:27:06','bcdee187-19c0-418a-80ae-8c40f69fb74e'),
(36,'craft','m230511_000000_field_layout_configs','2024-05-13 14:27:06','2024-05-13 14:27:06','2024-05-13 14:27:06','c8e67f2a-2430-49f1-b9d4-46892db40a64'),
(37,'craft','m230511_215903_content_refactor','2024-05-13 14:27:06','2024-05-13 14:27:06','2024-05-13 14:27:06','b4fa0b1b-fbee-4a2e-b0d0-4ffb08fd7cb7'),
(38,'craft','m230524_000000_add_entry_type_show_slug_field','2024-05-13 14:27:06','2024-05-13 14:27:06','2024-05-13 14:27:06','15ed23be-82eb-4a07-9fe7-27d76296d93f'),
(39,'craft','m230524_000001_entry_type_icons','2024-05-13 14:27:06','2024-05-13 14:27:06','2024-05-13 14:27:06','9cd6fd68-1740-455a-bf44-955d790a188b'),
(40,'craft','m230524_000002_entry_type_colors','2024-05-13 14:27:06','2024-05-13 14:27:06','2024-05-13 14:27:06','d9a6aabe-e1a3-42b2-af89-c61258ab7034'),
(41,'craft','m230524_220029_global_entry_types','2024-05-13 14:27:06','2024-05-13 14:27:06','2024-05-13 14:27:06','27cb971d-ecfb-4fc7-8fab-33f629c92bd9'),
(42,'craft','m230531_123004_add_entry_type_show_status_field','2024-05-13 14:27:06','2024-05-13 14:27:06','2024-05-13 14:27:06','75254fd7-a3f5-46f0-b3ca-3b175b89bf9f'),
(43,'craft','m230607_102049_add_entrytype_slug_translation_columns','2024-05-13 14:27:06','2024-05-13 14:27:06','2024-05-13 14:27:06','f61a7e31-801f-4cb1-b60b-115fc45cfffc'),
(44,'craft','m230616_173810_kill_field_groups','2024-05-13 14:27:06','2024-05-13 14:27:06','2024-05-13 14:27:06','1a328ef6-b4fe-45e2-ada1-e082210afce8'),
(45,'craft','m230616_183820_remove_field_name_limit','2024-05-13 14:27:06','2024-05-13 14:27:06','2024-05-13 14:27:06','ed5e9152-c1ea-46cc-ba34-f90b932691e7'),
(46,'craft','m230617_070415_entrify_matrix_blocks','2024-05-13 14:27:06','2024-05-13 14:27:06','2024-05-13 14:27:06','cea3069a-d835-4994-8d30-4608c78da10e'),
(47,'craft','m230710_162700_element_activity','2024-05-13 14:27:06','2024-05-13 14:27:06','2024-05-13 14:27:06','16c0f5cb-6b4a-471a-b18c-75c3bb4a2f08'),
(48,'craft','m230820_162023_fix_cache_id_type','2024-05-13 14:27:06','2024-05-13 14:27:06','2024-05-13 14:27:06','d24e7594-ead8-46f4-b4ce-47cc776db0e2'),
(49,'craft','m230826_094050_fix_session_id_type','2024-05-13 14:27:06','2024-05-13 14:27:06','2024-05-13 14:27:06','b82b72cb-1bc0-470d-a7c1-2d375a98b73d'),
(50,'craft','m230904_190356_address_fields','2024-05-13 14:27:06','2024-05-13 14:27:06','2024-05-13 14:27:06','a4616608-864e-4519-bc06-e24d6187515d'),
(51,'craft','m230928_144045_add_subpath_to_volumes','2024-05-13 14:27:06','2024-05-13 14:27:06','2024-05-13 14:27:06','0387fd57-d9e0-4746-bf74-725afac7d0cb'),
(52,'craft','m231013_185640_changedfields_amend_primary_key','2024-05-13 14:27:06','2024-05-13 14:27:06','2024-05-13 14:27:06','a8eb1f54-bced-4fd7-97e7-2d6e01d8a4ed'),
(53,'craft','m231213_030600_element_bulk_ops','2024-05-13 14:27:06','2024-05-13 14:27:06','2024-05-13 14:27:06','572f79e3-c3b5-45b4-8b40-5049169a3132'),
(54,'craft','m240129_150719_sites_language_amend_length','2024-05-13 14:27:06','2024-05-13 14:27:06','2024-05-13 14:27:06','b5a3984d-538e-476f-a4ce-30522303fa41'),
(55,'craft','m240206_035135_convert_json_columns','2024-05-13 14:27:06','2024-05-13 14:27:06','2024-05-13 14:27:06','091ec178-b689-48d8-9c78-04818bf4eb22'),
(56,'craft','m240207_182452_address_line_3','2024-05-13 14:27:06','2024-05-13 14:27:06','2024-05-13 14:27:06','4c137e1e-0ec0-4616-9bfa-91e80d5585f7'),
(57,'craft','m240302_212719_solo_preview_targets','2024-05-13 14:27:06','2024-05-13 14:27:06','2024-05-13 14:27:06','e75d7479-3b9e-435c-a0b1-692008b3118f'),
(58,'craft','m240619_091352_add_auth_2fa_timestamp','2025-01-13 20:36:52','2025-01-13 20:36:52','2025-01-13 20:36:52','4f1d2d3c-4b5c-4820-a47d-0095009499d0'),
(59,'craft','m240723_214330_drop_bulkop_fk','2025-01-13 20:36:52','2025-01-13 20:36:52','2025-01-13 20:36:52','695d9628-8a4c-4b6d-8d13-9750e650c454'),
(60,'craft','m240731_053543_soft_delete_fields','2025-01-13 20:36:52','2025-01-13 20:36:52','2025-01-13 20:36:52','b2990c16-8f5e-40e4-91e0-23d77b0d9ca4'),
(61,'craft','m240805_154041_sso_identities','2025-01-13 20:36:52','2025-01-13 20:36:52','2025-01-13 20:36:52','fd531ca5-ed3a-478b-85cb-037183191b37'),
(62,'craft','m240926_202248_track_entries_deleted_with_section','2025-01-13 20:36:52','2025-01-13 20:36:52','2025-01-13 20:36:52','b4b9481a-5d73-4d69-9fdb-68956e3d4731');
commit;

--
-- Dumping data for table `plugins`
--

set autocommit=0;
INSERT INTO `plugins` VALUES
(1,'ckeditor','4.0.6','3.0.0.0','2024-05-13 14:27:04','2024-05-13 14:27:04','2024-05-19 00:03:55','9a83f679-1cc5-4fd9-81a6-2543d3e1ab0b');
commit;

--
-- Dumping data for table `projectconfig`
--

set autocommit=0;
INSERT INTO `projectconfig` VALUES
('categoryGroups.3badd6c8-5419-4a60-807b-78af194e1c83.defaultPlacement','\"end\"'),
('categoryGroups.3badd6c8-5419-4a60-807b-78af194e1c83.fieldLayouts.042b6ad1-a75a-4305-af7f-81fe6f2dcd6d.tabs.0.elementCondition','null'),
('categoryGroups.3badd6c8-5419-4a60-807b-78af194e1c83.fieldLayouts.042b6ad1-a75a-4305-af7f-81fe6f2dcd6d.tabs.0.elements.0.autocapitalize','true'),
('categoryGroups.3badd6c8-5419-4a60-807b-78af194e1c83.fieldLayouts.042b6ad1-a75a-4305-af7f-81fe6f2dcd6d.tabs.0.elements.0.autocomplete','false'),
('categoryGroups.3badd6c8-5419-4a60-807b-78af194e1c83.fieldLayouts.042b6ad1-a75a-4305-af7f-81fe6f2dcd6d.tabs.0.elements.0.autocorrect','true'),
('categoryGroups.3badd6c8-5419-4a60-807b-78af194e1c83.fieldLayouts.042b6ad1-a75a-4305-af7f-81fe6f2dcd6d.tabs.0.elements.0.class','null'),
('categoryGroups.3badd6c8-5419-4a60-807b-78af194e1c83.fieldLayouts.042b6ad1-a75a-4305-af7f-81fe6f2dcd6d.tabs.0.elements.0.disabled','false'),
('categoryGroups.3badd6c8-5419-4a60-807b-78af194e1c83.fieldLayouts.042b6ad1-a75a-4305-af7f-81fe6f2dcd6d.tabs.0.elements.0.elementCondition','null'),
('categoryGroups.3badd6c8-5419-4a60-807b-78af194e1c83.fieldLayouts.042b6ad1-a75a-4305-af7f-81fe6f2dcd6d.tabs.0.elements.0.id','null'),
('categoryGroups.3badd6c8-5419-4a60-807b-78af194e1c83.fieldLayouts.042b6ad1-a75a-4305-af7f-81fe6f2dcd6d.tabs.0.elements.0.includeInCards','false'),
('categoryGroups.3badd6c8-5419-4a60-807b-78af194e1c83.fieldLayouts.042b6ad1-a75a-4305-af7f-81fe6f2dcd6d.tabs.0.elements.0.inputType','null'),
('categoryGroups.3badd6c8-5419-4a60-807b-78af194e1c83.fieldLayouts.042b6ad1-a75a-4305-af7f-81fe6f2dcd6d.tabs.0.elements.0.instructions','null'),
('categoryGroups.3badd6c8-5419-4a60-807b-78af194e1c83.fieldLayouts.042b6ad1-a75a-4305-af7f-81fe6f2dcd6d.tabs.0.elements.0.label','null'),
('categoryGroups.3badd6c8-5419-4a60-807b-78af194e1c83.fieldLayouts.042b6ad1-a75a-4305-af7f-81fe6f2dcd6d.tabs.0.elements.0.max','null'),
('categoryGroups.3badd6c8-5419-4a60-807b-78af194e1c83.fieldLayouts.042b6ad1-a75a-4305-af7f-81fe6f2dcd6d.tabs.0.elements.0.min','null'),
('categoryGroups.3badd6c8-5419-4a60-807b-78af194e1c83.fieldLayouts.042b6ad1-a75a-4305-af7f-81fe6f2dcd6d.tabs.0.elements.0.name','null'),
('categoryGroups.3badd6c8-5419-4a60-807b-78af194e1c83.fieldLayouts.042b6ad1-a75a-4305-af7f-81fe6f2dcd6d.tabs.0.elements.0.orientation','null'),
('categoryGroups.3badd6c8-5419-4a60-807b-78af194e1c83.fieldLayouts.042b6ad1-a75a-4305-af7f-81fe6f2dcd6d.tabs.0.elements.0.placeholder','null'),
('categoryGroups.3badd6c8-5419-4a60-807b-78af194e1c83.fieldLayouts.042b6ad1-a75a-4305-af7f-81fe6f2dcd6d.tabs.0.elements.0.providesThumbs','false'),
('categoryGroups.3badd6c8-5419-4a60-807b-78af194e1c83.fieldLayouts.042b6ad1-a75a-4305-af7f-81fe6f2dcd6d.tabs.0.elements.0.readonly','false'),
('categoryGroups.3badd6c8-5419-4a60-807b-78af194e1c83.fieldLayouts.042b6ad1-a75a-4305-af7f-81fe6f2dcd6d.tabs.0.elements.0.requirable','false'),
('categoryGroups.3badd6c8-5419-4a60-807b-78af194e1c83.fieldLayouts.042b6ad1-a75a-4305-af7f-81fe6f2dcd6d.tabs.0.elements.0.size','null'),
('categoryGroups.3badd6c8-5419-4a60-807b-78af194e1c83.fieldLayouts.042b6ad1-a75a-4305-af7f-81fe6f2dcd6d.tabs.0.elements.0.step','null'),
('categoryGroups.3badd6c8-5419-4a60-807b-78af194e1c83.fieldLayouts.042b6ad1-a75a-4305-af7f-81fe6f2dcd6d.tabs.0.elements.0.tip','null'),
('categoryGroups.3badd6c8-5419-4a60-807b-78af194e1c83.fieldLayouts.042b6ad1-a75a-4305-af7f-81fe6f2dcd6d.tabs.0.elements.0.title','null'),
('categoryGroups.3badd6c8-5419-4a60-807b-78af194e1c83.fieldLayouts.042b6ad1-a75a-4305-af7f-81fe6f2dcd6d.tabs.0.elements.0.type','\"craft\\\\fieldlayoutelements\\\\TitleField\"'),
('categoryGroups.3badd6c8-5419-4a60-807b-78af194e1c83.fieldLayouts.042b6ad1-a75a-4305-af7f-81fe6f2dcd6d.tabs.0.elements.0.uid','\"4c23ebc3-65bf-4c69-a79e-6d140ed6470c\"'),
('categoryGroups.3badd6c8-5419-4a60-807b-78af194e1c83.fieldLayouts.042b6ad1-a75a-4305-af7f-81fe6f2dcd6d.tabs.0.elements.0.userCondition','null'),
('categoryGroups.3badd6c8-5419-4a60-807b-78af194e1c83.fieldLayouts.042b6ad1-a75a-4305-af7f-81fe6f2dcd6d.tabs.0.elements.0.warning','null'),
('categoryGroups.3badd6c8-5419-4a60-807b-78af194e1c83.fieldLayouts.042b6ad1-a75a-4305-af7f-81fe6f2dcd6d.tabs.0.elements.0.width','100'),
('categoryGroups.3badd6c8-5419-4a60-807b-78af194e1c83.fieldLayouts.042b6ad1-a75a-4305-af7f-81fe6f2dcd6d.tabs.0.elements.1.elementCondition','null'),
('categoryGroups.3badd6c8-5419-4a60-807b-78af194e1c83.fieldLayouts.042b6ad1-a75a-4305-af7f-81fe6f2dcd6d.tabs.0.elements.1.fieldUid','\"c3e1f755-cc27-4582-8e75-933b9812abad\"'),
('categoryGroups.3badd6c8-5419-4a60-807b-78af194e1c83.fieldLayouts.042b6ad1-a75a-4305-af7f-81fe6f2dcd6d.tabs.0.elements.1.handle','null'),
('categoryGroups.3badd6c8-5419-4a60-807b-78af194e1c83.fieldLayouts.042b6ad1-a75a-4305-af7f-81fe6f2dcd6d.tabs.0.elements.1.includeInCards','false'),
('categoryGroups.3badd6c8-5419-4a60-807b-78af194e1c83.fieldLayouts.042b6ad1-a75a-4305-af7f-81fe6f2dcd6d.tabs.0.elements.1.instructions','null'),
('categoryGroups.3badd6c8-5419-4a60-807b-78af194e1c83.fieldLayouts.042b6ad1-a75a-4305-af7f-81fe6f2dcd6d.tabs.0.elements.1.label','null'),
('categoryGroups.3badd6c8-5419-4a60-807b-78af194e1c83.fieldLayouts.042b6ad1-a75a-4305-af7f-81fe6f2dcd6d.tabs.0.elements.1.providesThumbs','false'),
('categoryGroups.3badd6c8-5419-4a60-807b-78af194e1c83.fieldLayouts.042b6ad1-a75a-4305-af7f-81fe6f2dcd6d.tabs.0.elements.1.required','false'),
('categoryGroups.3badd6c8-5419-4a60-807b-78af194e1c83.fieldLayouts.042b6ad1-a75a-4305-af7f-81fe6f2dcd6d.tabs.0.elements.1.tip','null'),
('categoryGroups.3badd6c8-5419-4a60-807b-78af194e1c83.fieldLayouts.042b6ad1-a75a-4305-af7f-81fe6f2dcd6d.tabs.0.elements.1.type','\"craft\\\\fieldlayoutelements\\\\CustomField\"'),
('categoryGroups.3badd6c8-5419-4a60-807b-78af194e1c83.fieldLayouts.042b6ad1-a75a-4305-af7f-81fe6f2dcd6d.tabs.0.elements.1.uid','\"7402206b-f0bb-421f-a22c-9009b01dd343\"'),
('categoryGroups.3badd6c8-5419-4a60-807b-78af194e1c83.fieldLayouts.042b6ad1-a75a-4305-af7f-81fe6f2dcd6d.tabs.0.elements.1.userCondition','null'),
('categoryGroups.3badd6c8-5419-4a60-807b-78af194e1c83.fieldLayouts.042b6ad1-a75a-4305-af7f-81fe6f2dcd6d.tabs.0.elements.1.warning','null'),
('categoryGroups.3badd6c8-5419-4a60-807b-78af194e1c83.fieldLayouts.042b6ad1-a75a-4305-af7f-81fe6f2dcd6d.tabs.0.elements.1.width','100'),
('categoryGroups.3badd6c8-5419-4a60-807b-78af194e1c83.fieldLayouts.042b6ad1-a75a-4305-af7f-81fe6f2dcd6d.tabs.0.name','\"Content\"'),
('categoryGroups.3badd6c8-5419-4a60-807b-78af194e1c83.fieldLayouts.042b6ad1-a75a-4305-af7f-81fe6f2dcd6d.tabs.0.uid','\"6d79302b-1002-4642-bd50-3d6b8e7706ea\"'),
('categoryGroups.3badd6c8-5419-4a60-807b-78af194e1c83.fieldLayouts.042b6ad1-a75a-4305-af7f-81fe6f2dcd6d.tabs.0.userCondition','null'),
('categoryGroups.3badd6c8-5419-4a60-807b-78af194e1c83.handle','\"companies\"'),
('categoryGroups.3badd6c8-5419-4a60-807b-78af194e1c83.name','\"Companies\"'),
('categoryGroups.3badd6c8-5419-4a60-807b-78af194e1c83.siteSettings.73134061-c1fd-408b-b8f6-0e2f3a7980ac.hasUrls','false'),
('categoryGroups.3badd6c8-5419-4a60-807b-78af194e1c83.siteSettings.73134061-c1fd-408b-b8f6-0e2f3a7980ac.template','null'),
('categoryGroups.3badd6c8-5419-4a60-807b-78af194e1c83.siteSettings.73134061-c1fd-408b-b8f6-0e2f3a7980ac.uriFormat','null'),
('categoryGroups.3badd6c8-5419-4a60-807b-78af194e1c83.siteSettings.b5b3e019-569e-4193-8e86-a2611d84816a.hasUrls','false'),
('categoryGroups.3badd6c8-5419-4a60-807b-78af194e1c83.siteSettings.b5b3e019-569e-4193-8e86-a2611d84816a.template','null'),
('categoryGroups.3badd6c8-5419-4a60-807b-78af194e1c83.siteSettings.b5b3e019-569e-4193-8e86-a2611d84816a.uriFormat','null'),
('categoryGroups.3badd6c8-5419-4a60-807b-78af194e1c83.structure.maxLevels','null'),
('categoryGroups.3badd6c8-5419-4a60-807b-78af194e1c83.structure.uid','\"5ad5ad6d-8126-4864-905e-3c415d7ebf9f\"'),
('ckeditor.configs.799587c0-e7f6-4dd8-afa5-cead8788c1b2.headingLevels','false'),
('ckeditor.configs.799587c0-e7f6-4dd8-afa5-cead8788c1b2.name','\"Changeable\"'),
('ckeditor.configs.799587c0-e7f6-4dd8-afa5-cead8788c1b2.toolbar.0','\"sourceEditing\"'),
('ckeditor.configs.799587c0-e7f6-4dd8-afa5-cead8788c1b2.toolbar.1','\"|\"'),
('ckeditor.configs.799587c0-e7f6-4dd8-afa5-cead8788c1b2.toolbar.2','\"bold\"'),
('ckeditor.configs.799587c0-e7f6-4dd8-afa5-cead8788c1b2.toolbar.3','\"italic\"'),
('ckeditor.configs.799587c0-e7f6-4dd8-afa5-cead8788c1b2.toolbar.4','\"link\"'),
('ckeditor.configs.9081c6cf-d1f7-490f-af39-7b41b46c5880.headingLevels.0','1'),
('ckeditor.configs.9081c6cf-d1f7-490f-af39-7b41b46c5880.headingLevels.1','2'),
('ckeditor.configs.9081c6cf-d1f7-490f-af39-7b41b46c5880.headingLevels.2','3'),
('ckeditor.configs.9081c6cf-d1f7-490f-af39-7b41b46c5880.headingLevels.3','4'),
('ckeditor.configs.9081c6cf-d1f7-490f-af39-7b41b46c5880.headingLevels.4','5'),
('ckeditor.configs.9081c6cf-d1f7-490f-af39-7b41b46c5880.headingLevels.5','6'),
('ckeditor.configs.9081c6cf-d1f7-490f-af39-7b41b46c5880.name','\"ASTOUND General Text\"'),
('ckeditor.configs.9081c6cf-d1f7-490f-af39-7b41b46c5880.options.style.definitions.0.classes.0','\"superHeadline\"'),
('ckeditor.configs.9081c6cf-d1f7-490f-af39-7b41b46c5880.options.style.definitions.0.element','\"h1\"'),
('ckeditor.configs.9081c6cf-d1f7-490f-af39-7b41b46c5880.options.style.definitions.0.name','\"superHeadline\"'),
('ckeditor.configs.9081c6cf-d1f7-490f-af39-7b41b46c5880.toolbar.0','\"sourceEditing\"'),
('ckeditor.configs.9081c6cf-d1f7-490f-af39-7b41b46c5880.toolbar.1','\"|\"'),
('ckeditor.configs.9081c6cf-d1f7-490f-af39-7b41b46c5880.toolbar.2','\"heading\"'),
('ckeditor.configs.9081c6cf-d1f7-490f-af39-7b41b46c5880.toolbar.3','\"|\"'),
('ckeditor.configs.9081c6cf-d1f7-490f-af39-7b41b46c5880.toolbar.4','\"bold\"'),
('ckeditor.configs.9081c6cf-d1f7-490f-af39-7b41b46c5880.toolbar.5','\"italic\"'),
('ckeditor.configs.9081c6cf-d1f7-490f-af39-7b41b46c5880.toolbar.6','\"link\"'),
('ckeditor.configs.9081c6cf-d1f7-490f-af39-7b41b46c5880.toolbar.7','\"bulletedList\"'),
('ckeditor.configs.9081c6cf-d1f7-490f-af39-7b41b46c5880.toolbar.8','\"style\"'),
('ckeditor.configs.c9d52f0e-5cfd-4c3c-86d6-58bce17a7d9d.headingLevels.0','1'),
('ckeditor.configs.c9d52f0e-5cfd-4c3c-86d6-58bce17a7d9d.headingLevels.1','2'),
('ckeditor.configs.c9d52f0e-5cfd-4c3c-86d6-58bce17a7d9d.headingLevels.2','3'),
('ckeditor.configs.c9d52f0e-5cfd-4c3c-86d6-58bce17a7d9d.headingLevels.3','4'),
('ckeditor.configs.c9d52f0e-5cfd-4c3c-86d6-58bce17a7d9d.headingLevels.4','5'),
('ckeditor.configs.c9d52f0e-5cfd-4c3c-86d6-58bce17a7d9d.headingLevels.5','6'),
('ckeditor.configs.c9d52f0e-5cfd-4c3c-86d6-58bce17a7d9d.name','\"Simple\"'),
('ckeditor.configs.c9d52f0e-5cfd-4c3c-86d6-58bce17a7d9d.toolbar.0','\"heading\"'),
('ckeditor.configs.c9d52f0e-5cfd-4c3c-86d6-58bce17a7d9d.toolbar.1','\"|\"'),
('ckeditor.configs.c9d52f0e-5cfd-4c3c-86d6-58bce17a7d9d.toolbar.2','\"bold\"'),
('ckeditor.configs.c9d52f0e-5cfd-4c3c-86d6-58bce17a7d9d.toolbar.3','\"italic\"'),
('ckeditor.configs.c9d52f0e-5cfd-4c3c-86d6-58bce17a7d9d.toolbar.4','\"link\"'),
('dateModified','1743803240'),
('elementSources.craft\\elements\\Entry.0.defaultSort.0','\"postDate\"'),
('elementSources.craft\\elements\\Entry.0.defaultSort.1','\"desc\"'),
('elementSources.craft\\elements\\Entry.0.disabled','false'),
('elementSources.craft\\elements\\Entry.0.key','\"*\"'),
('elementSources.craft\\elements\\Entry.0.tableAttributes.0','\"section\"'),
('elementSources.craft\\elements\\Entry.0.tableAttributes.1','\"postDate\"'),
('elementSources.craft\\elements\\Entry.0.tableAttributes.2','\"expiryDate\"'),
('elementSources.craft\\elements\\Entry.0.tableAttributes.3','\"link\"'),
('elementSources.craft\\elements\\Entry.0.type','\"native\"'),
('elementSources.craft\\elements\\Entry.1.defaultSort.0','\"title\"'),
('elementSources.craft\\elements\\Entry.1.defaultSort.1','\"asc\"'),
('elementSources.craft\\elements\\Entry.1.disabled','false'),
('elementSources.craft\\elements\\Entry.1.key','\"singles\"'),
('elementSources.craft\\elements\\Entry.1.tableAttributes.0','\"link\"'),
('elementSources.craft\\elements\\Entry.1.type','\"native\"'),
('elementSources.craft\\elements\\Entry.2.condition.class','\"craft\\\\elements\\\\conditions\\\\entries\\\\EntryCondition\"'),
('elementSources.craft\\elements\\Entry.2.condition.conditionRules.0.class','\"craft\\\\elements\\\\conditions\\\\entries\\\\TypeConditionRule\"'),
('elementSources.craft\\elements\\Entry.2.condition.conditionRules.0.operator','\"in\"'),
('elementSources.craft\\elements\\Entry.2.condition.conditionRules.0.uid','\"aeba4134-5633-42e3-b192-570942f7d547\"'),
('elementSources.craft\\elements\\Entry.2.condition.conditionRules.0.values.0','\"b12124a6-c5cf-4e55-af81-549991ec358b\"'),
('elementSources.craft\\elements\\Entry.2.condition.elementType','\"craft\\\\elements\\\\Entry\"'),
('elementSources.craft\\elements\\Entry.2.condition.fieldContext','\"global\"'),
('elementSources.craft\\elements\\Entry.2.key','\"custom:a4367e74-8758-4a34-a718-0fe1201b12cd\"'),
('elementSources.craft\\elements\\Entry.2.label','\"Pages\"'),
('elementSources.craft\\elements\\Entry.2.tableAttributes','\"-\"'),
('elementSources.craft\\elements\\Entry.2.type','\"custom\"'),
('elementSources.craft\\elements\\Entry.3.heading','\"\"'),
('elementSources.craft\\elements\\Entry.3.type','\"heading\"'),
('elementSources.craft\\elements\\Entry.4.defaultSort.0','\"postDate\"'),
('elementSources.craft\\elements\\Entry.4.defaultSort.1','\"desc\"'),
('elementSources.craft\\elements\\Entry.4.disabled','false'),
('elementSources.craft\\elements\\Entry.4.key','\"section:443bf834-ed35-4584-aacb-b6e821d638cf\"'),
('elementSources.craft\\elements\\Entry.4.tableAttributes.0','\"postDate\"'),
('elementSources.craft\\elements\\Entry.4.tableAttributes.1','\"expiryDate\"'),
('elementSources.craft\\elements\\Entry.4.tableAttributes.2','\"link\"'),
('elementSources.craft\\elements\\Entry.4.type','\"native\"'),
('email.fromEmail','\"rwiggins@astoundgroup.com\"'),
('email.fromName','\"astoundgroup\"'),
('email.transportType','\"craft\\\\mail\\\\transportadapters\\\\Sendmail\"'),
('entryTypes.2771cc09-e416-463d-8f6d-80b16024deb6.color','null'),
('entryTypes.2771cc09-e416-463d-8f6d-80b16024deb6.fieldLayouts.0dfcf56a-cc95-41c0-afe0-c02a954d5315.tabs.0.elementCondition','null'),
('entryTypes.2771cc09-e416-463d-8f6d-80b16024deb6.fieldLayouts.0dfcf56a-cc95-41c0-afe0-c02a954d5315.tabs.0.elements.0.autocapitalize','true'),
('entryTypes.2771cc09-e416-463d-8f6d-80b16024deb6.fieldLayouts.0dfcf56a-cc95-41c0-afe0-c02a954d5315.tabs.0.elements.0.autocomplete','false'),
('entryTypes.2771cc09-e416-463d-8f6d-80b16024deb6.fieldLayouts.0dfcf56a-cc95-41c0-afe0-c02a954d5315.tabs.0.elements.0.autocorrect','true'),
('entryTypes.2771cc09-e416-463d-8f6d-80b16024deb6.fieldLayouts.0dfcf56a-cc95-41c0-afe0-c02a954d5315.tabs.0.elements.0.class','null'),
('entryTypes.2771cc09-e416-463d-8f6d-80b16024deb6.fieldLayouts.0dfcf56a-cc95-41c0-afe0-c02a954d5315.tabs.0.elements.0.disabled','false'),
('entryTypes.2771cc09-e416-463d-8f6d-80b16024deb6.fieldLayouts.0dfcf56a-cc95-41c0-afe0-c02a954d5315.tabs.0.elements.0.elementCondition','null'),
('entryTypes.2771cc09-e416-463d-8f6d-80b16024deb6.fieldLayouts.0dfcf56a-cc95-41c0-afe0-c02a954d5315.tabs.0.elements.0.id','null'),
('entryTypes.2771cc09-e416-463d-8f6d-80b16024deb6.fieldLayouts.0dfcf56a-cc95-41c0-afe0-c02a954d5315.tabs.0.elements.0.includeInCards','false'),
('entryTypes.2771cc09-e416-463d-8f6d-80b16024deb6.fieldLayouts.0dfcf56a-cc95-41c0-afe0-c02a954d5315.tabs.0.elements.0.inputType','null'),
('entryTypes.2771cc09-e416-463d-8f6d-80b16024deb6.fieldLayouts.0dfcf56a-cc95-41c0-afe0-c02a954d5315.tabs.0.elements.0.instructions','null'),
('entryTypes.2771cc09-e416-463d-8f6d-80b16024deb6.fieldLayouts.0dfcf56a-cc95-41c0-afe0-c02a954d5315.tabs.0.elements.0.label','null'),
('entryTypes.2771cc09-e416-463d-8f6d-80b16024deb6.fieldLayouts.0dfcf56a-cc95-41c0-afe0-c02a954d5315.tabs.0.elements.0.max','null'),
('entryTypes.2771cc09-e416-463d-8f6d-80b16024deb6.fieldLayouts.0dfcf56a-cc95-41c0-afe0-c02a954d5315.tabs.0.elements.0.min','null'),
('entryTypes.2771cc09-e416-463d-8f6d-80b16024deb6.fieldLayouts.0dfcf56a-cc95-41c0-afe0-c02a954d5315.tabs.0.elements.0.name','null'),
('entryTypes.2771cc09-e416-463d-8f6d-80b16024deb6.fieldLayouts.0dfcf56a-cc95-41c0-afe0-c02a954d5315.tabs.0.elements.0.orientation','null'),
('entryTypes.2771cc09-e416-463d-8f6d-80b16024deb6.fieldLayouts.0dfcf56a-cc95-41c0-afe0-c02a954d5315.tabs.0.elements.0.placeholder','null'),
('entryTypes.2771cc09-e416-463d-8f6d-80b16024deb6.fieldLayouts.0dfcf56a-cc95-41c0-afe0-c02a954d5315.tabs.0.elements.0.providesThumbs','false'),
('entryTypes.2771cc09-e416-463d-8f6d-80b16024deb6.fieldLayouts.0dfcf56a-cc95-41c0-afe0-c02a954d5315.tabs.0.elements.0.readonly','false'),
('entryTypes.2771cc09-e416-463d-8f6d-80b16024deb6.fieldLayouts.0dfcf56a-cc95-41c0-afe0-c02a954d5315.tabs.0.elements.0.requirable','false'),
('entryTypes.2771cc09-e416-463d-8f6d-80b16024deb6.fieldLayouts.0dfcf56a-cc95-41c0-afe0-c02a954d5315.tabs.0.elements.0.size','null'),
('entryTypes.2771cc09-e416-463d-8f6d-80b16024deb6.fieldLayouts.0dfcf56a-cc95-41c0-afe0-c02a954d5315.tabs.0.elements.0.step','null'),
('entryTypes.2771cc09-e416-463d-8f6d-80b16024deb6.fieldLayouts.0dfcf56a-cc95-41c0-afe0-c02a954d5315.tabs.0.elements.0.tip','null'),
('entryTypes.2771cc09-e416-463d-8f6d-80b16024deb6.fieldLayouts.0dfcf56a-cc95-41c0-afe0-c02a954d5315.tabs.0.elements.0.title','null'),
('entryTypes.2771cc09-e416-463d-8f6d-80b16024deb6.fieldLayouts.0dfcf56a-cc95-41c0-afe0-c02a954d5315.tabs.0.elements.0.type','\"craft\\\\fieldlayoutelements\\\\entries\\\\EntryTitleField\"'),
('entryTypes.2771cc09-e416-463d-8f6d-80b16024deb6.fieldLayouts.0dfcf56a-cc95-41c0-afe0-c02a954d5315.tabs.0.elements.0.uid','\"44e19409-ce0f-421e-bf23-653741a6fa23\"'),
('entryTypes.2771cc09-e416-463d-8f6d-80b16024deb6.fieldLayouts.0dfcf56a-cc95-41c0-afe0-c02a954d5315.tabs.0.elements.0.userCondition','null'),
('entryTypes.2771cc09-e416-463d-8f6d-80b16024deb6.fieldLayouts.0dfcf56a-cc95-41c0-afe0-c02a954d5315.tabs.0.elements.0.warning','null'),
('entryTypes.2771cc09-e416-463d-8f6d-80b16024deb6.fieldLayouts.0dfcf56a-cc95-41c0-afe0-c02a954d5315.tabs.0.elements.0.width','100'),
('entryTypes.2771cc09-e416-463d-8f6d-80b16024deb6.fieldLayouts.0dfcf56a-cc95-41c0-afe0-c02a954d5315.tabs.0.elements.1.elementCondition','null'),
('entryTypes.2771cc09-e416-463d-8f6d-80b16024deb6.fieldLayouts.0dfcf56a-cc95-41c0-afe0-c02a954d5315.tabs.0.elements.1.fieldUid','\"a85e4dc1-904b-42b2-a6f9-2d8c5534f5d3\"'),
('entryTypes.2771cc09-e416-463d-8f6d-80b16024deb6.fieldLayouts.0dfcf56a-cc95-41c0-afe0-c02a954d5315.tabs.0.elements.1.handle','\"totySponsorLink\"'),
('entryTypes.2771cc09-e416-463d-8f6d-80b16024deb6.fieldLayouts.0dfcf56a-cc95-41c0-afe0-c02a954d5315.tabs.0.elements.1.includeInCards','false'),
('entryTypes.2771cc09-e416-463d-8f6d-80b16024deb6.fieldLayouts.0dfcf56a-cc95-41c0-afe0-c02a954d5315.tabs.0.elements.1.instructions','null'),
('entryTypes.2771cc09-e416-463d-8f6d-80b16024deb6.fieldLayouts.0dfcf56a-cc95-41c0-afe0-c02a954d5315.tabs.0.elements.1.label','\"TOTY Sponsor Link\"'),
('entryTypes.2771cc09-e416-463d-8f6d-80b16024deb6.fieldLayouts.0dfcf56a-cc95-41c0-afe0-c02a954d5315.tabs.0.elements.1.providesThumbs','false'),
('entryTypes.2771cc09-e416-463d-8f6d-80b16024deb6.fieldLayouts.0dfcf56a-cc95-41c0-afe0-c02a954d5315.tabs.0.elements.1.required','false'),
('entryTypes.2771cc09-e416-463d-8f6d-80b16024deb6.fieldLayouts.0dfcf56a-cc95-41c0-afe0-c02a954d5315.tabs.0.elements.1.tip','null'),
('entryTypes.2771cc09-e416-463d-8f6d-80b16024deb6.fieldLayouts.0dfcf56a-cc95-41c0-afe0-c02a954d5315.tabs.0.elements.1.type','\"craft\\\\fieldlayoutelements\\\\CustomField\"'),
('entryTypes.2771cc09-e416-463d-8f6d-80b16024deb6.fieldLayouts.0dfcf56a-cc95-41c0-afe0-c02a954d5315.tabs.0.elements.1.uid','\"f0b73076-0c1e-446a-affe-7c3dec4ef948\"'),
('entryTypes.2771cc09-e416-463d-8f6d-80b16024deb6.fieldLayouts.0dfcf56a-cc95-41c0-afe0-c02a954d5315.tabs.0.elements.1.userCondition','null'),
('entryTypes.2771cc09-e416-463d-8f6d-80b16024deb6.fieldLayouts.0dfcf56a-cc95-41c0-afe0-c02a954d5315.tabs.0.elements.1.warning','null'),
('entryTypes.2771cc09-e416-463d-8f6d-80b16024deb6.fieldLayouts.0dfcf56a-cc95-41c0-afe0-c02a954d5315.tabs.0.elements.1.width','100'),
('entryTypes.2771cc09-e416-463d-8f6d-80b16024deb6.fieldLayouts.0dfcf56a-cc95-41c0-afe0-c02a954d5315.tabs.0.elements.2.elementCondition','null'),
('entryTypes.2771cc09-e416-463d-8f6d-80b16024deb6.fieldLayouts.0dfcf56a-cc95-41c0-afe0-c02a954d5315.tabs.0.elements.2.fieldUid','\"c3e1f755-cc27-4582-8e75-933b9812abad\"'),
('entryTypes.2771cc09-e416-463d-8f6d-80b16024deb6.fieldLayouts.0dfcf56a-cc95-41c0-afe0-c02a954d5315.tabs.0.elements.2.handle','\"totySponsorLogo\"'),
('entryTypes.2771cc09-e416-463d-8f6d-80b16024deb6.fieldLayouts.0dfcf56a-cc95-41c0-afe0-c02a954d5315.tabs.0.elements.2.includeInCards','false'),
('entryTypes.2771cc09-e416-463d-8f6d-80b16024deb6.fieldLayouts.0dfcf56a-cc95-41c0-afe0-c02a954d5315.tabs.0.elements.2.instructions','null'),
('entryTypes.2771cc09-e416-463d-8f6d-80b16024deb6.fieldLayouts.0dfcf56a-cc95-41c0-afe0-c02a954d5315.tabs.0.elements.2.label','\"TOTY Sponsor Logo\"'),
('entryTypes.2771cc09-e416-463d-8f6d-80b16024deb6.fieldLayouts.0dfcf56a-cc95-41c0-afe0-c02a954d5315.tabs.0.elements.2.providesThumbs','false'),
('entryTypes.2771cc09-e416-463d-8f6d-80b16024deb6.fieldLayouts.0dfcf56a-cc95-41c0-afe0-c02a954d5315.tabs.0.elements.2.required','false'),
('entryTypes.2771cc09-e416-463d-8f6d-80b16024deb6.fieldLayouts.0dfcf56a-cc95-41c0-afe0-c02a954d5315.tabs.0.elements.2.tip','null'),
('entryTypes.2771cc09-e416-463d-8f6d-80b16024deb6.fieldLayouts.0dfcf56a-cc95-41c0-afe0-c02a954d5315.tabs.0.elements.2.type','\"craft\\\\fieldlayoutelements\\\\CustomField\"'),
('entryTypes.2771cc09-e416-463d-8f6d-80b16024deb6.fieldLayouts.0dfcf56a-cc95-41c0-afe0-c02a954d5315.tabs.0.elements.2.uid','\"7b7fe796-4314-43e3-b6bd-073f576ea5dc\"'),
('entryTypes.2771cc09-e416-463d-8f6d-80b16024deb6.fieldLayouts.0dfcf56a-cc95-41c0-afe0-c02a954d5315.tabs.0.elements.2.userCondition','null'),
('entryTypes.2771cc09-e416-463d-8f6d-80b16024deb6.fieldLayouts.0dfcf56a-cc95-41c0-afe0-c02a954d5315.tabs.0.elements.2.warning','null'),
('entryTypes.2771cc09-e416-463d-8f6d-80b16024deb6.fieldLayouts.0dfcf56a-cc95-41c0-afe0-c02a954d5315.tabs.0.elements.2.width','100'),
('entryTypes.2771cc09-e416-463d-8f6d-80b16024deb6.fieldLayouts.0dfcf56a-cc95-41c0-afe0-c02a954d5315.tabs.0.name','\"Content\"'),
('entryTypes.2771cc09-e416-463d-8f6d-80b16024deb6.fieldLayouts.0dfcf56a-cc95-41c0-afe0-c02a954d5315.tabs.0.uid','\"2847e6a7-ef85-4a38-9fb6-e21d7432dbb7\"'),
('entryTypes.2771cc09-e416-463d-8f6d-80b16024deb6.fieldLayouts.0dfcf56a-cc95-41c0-afe0-c02a954d5315.tabs.0.userCondition','null'),
('entryTypes.2771cc09-e416-463d-8f6d-80b16024deb6.handle','\"totySponsor\"'),
('entryTypes.2771cc09-e416-463d-8f6d-80b16024deb6.hasTitleField','true'),
('entryTypes.2771cc09-e416-463d-8f6d-80b16024deb6.icon','\"\"'),
('entryTypes.2771cc09-e416-463d-8f6d-80b16024deb6.name','\"TOTY Sponsor\"'),
('entryTypes.2771cc09-e416-463d-8f6d-80b16024deb6.showSlugField','true'),
('entryTypes.2771cc09-e416-463d-8f6d-80b16024deb6.showStatusField','true'),
('entryTypes.2771cc09-e416-463d-8f6d-80b16024deb6.slugTranslationKeyFormat','\"\"'),
('entryTypes.2771cc09-e416-463d-8f6d-80b16024deb6.slugTranslationMethod','\"site\"'),
('entryTypes.2771cc09-e416-463d-8f6d-80b16024deb6.titleFormat','\"\"'),
('entryTypes.2771cc09-e416-463d-8f6d-80b16024deb6.titleTranslationKeyFormat','\"\"'),
('entryTypes.2771cc09-e416-463d-8f6d-80b16024deb6.titleTranslationMethod','\"site\"'),
('entryTypes.2d30775d-a573-452b-b5f0-43bbc608c003.color','null'),
('entryTypes.2d30775d-a573-452b-b5f0-43bbc608c003.fieldLayouts.bde01b15-3be9-4050-bb15-7f5276363629.tabs.0.elementCondition','null'),
('entryTypes.2d30775d-a573-452b-b5f0-43bbc608c003.fieldLayouts.bde01b15-3be9-4050-bb15-7f5276363629.tabs.0.elements.0.autocapitalize','true'),
('entryTypes.2d30775d-a573-452b-b5f0-43bbc608c003.fieldLayouts.bde01b15-3be9-4050-bb15-7f5276363629.tabs.0.elements.0.autocomplete','false'),
('entryTypes.2d30775d-a573-452b-b5f0-43bbc608c003.fieldLayouts.bde01b15-3be9-4050-bb15-7f5276363629.tabs.0.elements.0.autocorrect','true'),
('entryTypes.2d30775d-a573-452b-b5f0-43bbc608c003.fieldLayouts.bde01b15-3be9-4050-bb15-7f5276363629.tabs.0.elements.0.class','null'),
('entryTypes.2d30775d-a573-452b-b5f0-43bbc608c003.fieldLayouts.bde01b15-3be9-4050-bb15-7f5276363629.tabs.0.elements.0.disabled','false'),
('entryTypes.2d30775d-a573-452b-b5f0-43bbc608c003.fieldLayouts.bde01b15-3be9-4050-bb15-7f5276363629.tabs.0.elements.0.elementCondition','null'),
('entryTypes.2d30775d-a573-452b-b5f0-43bbc608c003.fieldLayouts.bde01b15-3be9-4050-bb15-7f5276363629.tabs.0.elements.0.id','null'),
('entryTypes.2d30775d-a573-452b-b5f0-43bbc608c003.fieldLayouts.bde01b15-3be9-4050-bb15-7f5276363629.tabs.0.elements.0.includeInCards','false'),
('entryTypes.2d30775d-a573-452b-b5f0-43bbc608c003.fieldLayouts.bde01b15-3be9-4050-bb15-7f5276363629.tabs.0.elements.0.inputType','null'),
('entryTypes.2d30775d-a573-452b-b5f0-43bbc608c003.fieldLayouts.bde01b15-3be9-4050-bb15-7f5276363629.tabs.0.elements.0.instructions','null'),
('entryTypes.2d30775d-a573-452b-b5f0-43bbc608c003.fieldLayouts.bde01b15-3be9-4050-bb15-7f5276363629.tabs.0.elements.0.label','null'),
('entryTypes.2d30775d-a573-452b-b5f0-43bbc608c003.fieldLayouts.bde01b15-3be9-4050-bb15-7f5276363629.tabs.0.elements.0.max','null'),
('entryTypes.2d30775d-a573-452b-b5f0-43bbc608c003.fieldLayouts.bde01b15-3be9-4050-bb15-7f5276363629.tabs.0.elements.0.min','null'),
('entryTypes.2d30775d-a573-452b-b5f0-43bbc608c003.fieldLayouts.bde01b15-3be9-4050-bb15-7f5276363629.tabs.0.elements.0.name','null'),
('entryTypes.2d30775d-a573-452b-b5f0-43bbc608c003.fieldLayouts.bde01b15-3be9-4050-bb15-7f5276363629.tabs.0.elements.0.orientation','null'),
('entryTypes.2d30775d-a573-452b-b5f0-43bbc608c003.fieldLayouts.bde01b15-3be9-4050-bb15-7f5276363629.tabs.0.elements.0.placeholder','null'),
('entryTypes.2d30775d-a573-452b-b5f0-43bbc608c003.fieldLayouts.bde01b15-3be9-4050-bb15-7f5276363629.tabs.0.elements.0.providesThumbs','false'),
('entryTypes.2d30775d-a573-452b-b5f0-43bbc608c003.fieldLayouts.bde01b15-3be9-4050-bb15-7f5276363629.tabs.0.elements.0.readonly','false'),
('entryTypes.2d30775d-a573-452b-b5f0-43bbc608c003.fieldLayouts.bde01b15-3be9-4050-bb15-7f5276363629.tabs.0.elements.0.requirable','false'),
('entryTypes.2d30775d-a573-452b-b5f0-43bbc608c003.fieldLayouts.bde01b15-3be9-4050-bb15-7f5276363629.tabs.0.elements.0.size','null'),
('entryTypes.2d30775d-a573-452b-b5f0-43bbc608c003.fieldLayouts.bde01b15-3be9-4050-bb15-7f5276363629.tabs.0.elements.0.step','null'),
('entryTypes.2d30775d-a573-452b-b5f0-43bbc608c003.fieldLayouts.bde01b15-3be9-4050-bb15-7f5276363629.tabs.0.elements.0.tip','null'),
('entryTypes.2d30775d-a573-452b-b5f0-43bbc608c003.fieldLayouts.bde01b15-3be9-4050-bb15-7f5276363629.tabs.0.elements.0.title','null'),
('entryTypes.2d30775d-a573-452b-b5f0-43bbc608c003.fieldLayouts.bde01b15-3be9-4050-bb15-7f5276363629.tabs.0.elements.0.type','\"craft\\\\fieldlayoutelements\\\\entries\\\\EntryTitleField\"'),
('entryTypes.2d30775d-a573-452b-b5f0-43bbc608c003.fieldLayouts.bde01b15-3be9-4050-bb15-7f5276363629.tabs.0.elements.0.uid','\"dc643d55-363e-4c3c-8712-ab20809db805\"'),
('entryTypes.2d30775d-a573-452b-b5f0-43bbc608c003.fieldLayouts.bde01b15-3be9-4050-bb15-7f5276363629.tabs.0.elements.0.userCondition','null'),
('entryTypes.2d30775d-a573-452b-b5f0-43bbc608c003.fieldLayouts.bde01b15-3be9-4050-bb15-7f5276363629.tabs.0.elements.0.warning','null'),
('entryTypes.2d30775d-a573-452b-b5f0-43bbc608c003.fieldLayouts.bde01b15-3be9-4050-bb15-7f5276363629.tabs.0.elements.0.width','100'),
('entryTypes.2d30775d-a573-452b-b5f0-43bbc608c003.fieldLayouts.bde01b15-3be9-4050-bb15-7f5276363629.tabs.0.elements.1.elementCondition','null'),
('entryTypes.2d30775d-a573-452b-b5f0-43bbc608c003.fieldLayouts.bde01b15-3be9-4050-bb15-7f5276363629.tabs.0.elements.1.fieldUid','\"8c1da397-dded-4767-b3c9-14405e70d49f\"'),
('entryTypes.2d30775d-a573-452b-b5f0-43bbc608c003.fieldLayouts.bde01b15-3be9-4050-bb15-7f5276363629.tabs.0.elements.1.handle','\"totyWinnersHTML\"'),
('entryTypes.2d30775d-a573-452b-b5f0-43bbc608c003.fieldLayouts.bde01b15-3be9-4050-bb15-7f5276363629.tabs.0.elements.1.includeInCards','false'),
('entryTypes.2d30775d-a573-452b-b5f0-43bbc608c003.fieldLayouts.bde01b15-3be9-4050-bb15-7f5276363629.tabs.0.elements.1.instructions','null'),
('entryTypes.2d30775d-a573-452b-b5f0-43bbc608c003.fieldLayouts.bde01b15-3be9-4050-bb15-7f5276363629.tabs.0.elements.1.label','\"TOTY-Winners-HTML\"'),
('entryTypes.2d30775d-a573-452b-b5f0-43bbc608c003.fieldLayouts.bde01b15-3be9-4050-bb15-7f5276363629.tabs.0.elements.1.providesThumbs','false'),
('entryTypes.2d30775d-a573-452b-b5f0-43bbc608c003.fieldLayouts.bde01b15-3be9-4050-bb15-7f5276363629.tabs.0.elements.1.required','false'),
('entryTypes.2d30775d-a573-452b-b5f0-43bbc608c003.fieldLayouts.bde01b15-3be9-4050-bb15-7f5276363629.tabs.0.elements.1.tip','null'),
('entryTypes.2d30775d-a573-452b-b5f0-43bbc608c003.fieldLayouts.bde01b15-3be9-4050-bb15-7f5276363629.tabs.0.elements.1.type','\"craft\\\\fieldlayoutelements\\\\CustomField\"'),
('entryTypes.2d30775d-a573-452b-b5f0-43bbc608c003.fieldLayouts.bde01b15-3be9-4050-bb15-7f5276363629.tabs.0.elements.1.uid','\"f3d0494e-62c5-48a1-a887-b99f6b632fa7\"'),
('entryTypes.2d30775d-a573-452b-b5f0-43bbc608c003.fieldLayouts.bde01b15-3be9-4050-bb15-7f5276363629.tabs.0.elements.1.userCondition','null'),
('entryTypes.2d30775d-a573-452b-b5f0-43bbc608c003.fieldLayouts.bde01b15-3be9-4050-bb15-7f5276363629.tabs.0.elements.1.warning','null'),
('entryTypes.2d30775d-a573-452b-b5f0-43bbc608c003.fieldLayouts.bde01b15-3be9-4050-bb15-7f5276363629.tabs.0.elements.1.width','100'),
('entryTypes.2d30775d-a573-452b-b5f0-43bbc608c003.fieldLayouts.bde01b15-3be9-4050-bb15-7f5276363629.tabs.0.elements.2.elementCondition','null'),
('entryTypes.2d30775d-a573-452b-b5f0-43bbc608c003.fieldLayouts.bde01b15-3be9-4050-bb15-7f5276363629.tabs.0.elements.2.fieldUid','\"8c1da397-dded-4767-b3c9-14405e70d49f\"'),
('entryTypes.2d30775d-a573-452b-b5f0-43bbc608c003.fieldLayouts.bde01b15-3be9-4050-bb15-7f5276363629.tabs.0.elements.2.handle','\"totyWinnersJS\"'),
('entryTypes.2d30775d-a573-452b-b5f0-43bbc608c003.fieldLayouts.bde01b15-3be9-4050-bb15-7f5276363629.tabs.0.elements.2.includeInCards','false'),
('entryTypes.2d30775d-a573-452b-b5f0-43bbc608c003.fieldLayouts.bde01b15-3be9-4050-bb15-7f5276363629.tabs.0.elements.2.instructions','null'),
('entryTypes.2d30775d-a573-452b-b5f0-43bbc608c003.fieldLayouts.bde01b15-3be9-4050-bb15-7f5276363629.tabs.0.elements.2.label','\"TOTY-Winners-JS\"'),
('entryTypes.2d30775d-a573-452b-b5f0-43bbc608c003.fieldLayouts.bde01b15-3be9-4050-bb15-7f5276363629.tabs.0.elements.2.providesThumbs','false'),
('entryTypes.2d30775d-a573-452b-b5f0-43bbc608c003.fieldLayouts.bde01b15-3be9-4050-bb15-7f5276363629.tabs.0.elements.2.required','false'),
('entryTypes.2d30775d-a573-452b-b5f0-43bbc608c003.fieldLayouts.bde01b15-3be9-4050-bb15-7f5276363629.tabs.0.elements.2.tip','null'),
('entryTypes.2d30775d-a573-452b-b5f0-43bbc608c003.fieldLayouts.bde01b15-3be9-4050-bb15-7f5276363629.tabs.0.elements.2.type','\"craft\\\\fieldlayoutelements\\\\CustomField\"'),
('entryTypes.2d30775d-a573-452b-b5f0-43bbc608c003.fieldLayouts.bde01b15-3be9-4050-bb15-7f5276363629.tabs.0.elements.2.uid','\"0dbd5218-eded-4d26-a251-6842cf891278\"'),
('entryTypes.2d30775d-a573-452b-b5f0-43bbc608c003.fieldLayouts.bde01b15-3be9-4050-bb15-7f5276363629.tabs.0.elements.2.userCondition','null'),
('entryTypes.2d30775d-a573-452b-b5f0-43bbc608c003.fieldLayouts.bde01b15-3be9-4050-bb15-7f5276363629.tabs.0.elements.2.warning','null'),
('entryTypes.2d30775d-a573-452b-b5f0-43bbc608c003.fieldLayouts.bde01b15-3be9-4050-bb15-7f5276363629.tabs.0.elements.2.width','100'),
('entryTypes.2d30775d-a573-452b-b5f0-43bbc608c003.fieldLayouts.bde01b15-3be9-4050-bb15-7f5276363629.tabs.0.elements.3.elementCondition','null'),
('entryTypes.2d30775d-a573-452b-b5f0-43bbc608c003.fieldLayouts.bde01b15-3be9-4050-bb15-7f5276363629.tabs.0.elements.3.fieldUid','\"0e0a6d24-b1f7-49af-af02-e7644edf9bd2\"'),
('entryTypes.2d30775d-a573-452b-b5f0-43bbc608c003.fieldLayouts.bde01b15-3be9-4050-bb15-7f5276363629.tabs.0.elements.3.handle','null'),
('entryTypes.2d30775d-a573-452b-b5f0-43bbc608c003.fieldLayouts.bde01b15-3be9-4050-bb15-7f5276363629.tabs.0.elements.3.includeInCards','false'),
('entryTypes.2d30775d-a573-452b-b5f0-43bbc608c003.fieldLayouts.bde01b15-3be9-4050-bb15-7f5276363629.tabs.0.elements.3.instructions','null'),
('entryTypes.2d30775d-a573-452b-b5f0-43bbc608c003.fieldLayouts.bde01b15-3be9-4050-bb15-7f5276363629.tabs.0.elements.3.label','null'),
('entryTypes.2d30775d-a573-452b-b5f0-43bbc608c003.fieldLayouts.bde01b15-3be9-4050-bb15-7f5276363629.tabs.0.elements.3.providesThumbs','false'),
('entryTypes.2d30775d-a573-452b-b5f0-43bbc608c003.fieldLayouts.bde01b15-3be9-4050-bb15-7f5276363629.tabs.0.elements.3.required','false'),
('entryTypes.2d30775d-a573-452b-b5f0-43bbc608c003.fieldLayouts.bde01b15-3be9-4050-bb15-7f5276363629.tabs.0.elements.3.tip','null'),
('entryTypes.2d30775d-a573-452b-b5f0-43bbc608c003.fieldLayouts.bde01b15-3be9-4050-bb15-7f5276363629.tabs.0.elements.3.type','\"craft\\\\fieldlayoutelements\\\\CustomField\"'),
('entryTypes.2d30775d-a573-452b-b5f0-43bbc608c003.fieldLayouts.bde01b15-3be9-4050-bb15-7f5276363629.tabs.0.elements.3.uid','\"58fa6a40-a5c4-4777-97bc-0122b23fb19a\"'),
('entryTypes.2d30775d-a573-452b-b5f0-43bbc608c003.fieldLayouts.bde01b15-3be9-4050-bb15-7f5276363629.tabs.0.elements.3.userCondition','null'),
('entryTypes.2d30775d-a573-452b-b5f0-43bbc608c003.fieldLayouts.bde01b15-3be9-4050-bb15-7f5276363629.tabs.0.elements.3.warning','null'),
('entryTypes.2d30775d-a573-452b-b5f0-43bbc608c003.fieldLayouts.bde01b15-3be9-4050-bb15-7f5276363629.tabs.0.elements.3.width','100'),
('entryTypes.2d30775d-a573-452b-b5f0-43bbc608c003.fieldLayouts.bde01b15-3be9-4050-bb15-7f5276363629.tabs.0.name','\"Content\"'),
('entryTypes.2d30775d-a573-452b-b5f0-43bbc608c003.fieldLayouts.bde01b15-3be9-4050-bb15-7f5276363629.tabs.0.uid','\"a42b577c-07d5-472b-b314-33a0ebcbec2f\"'),
('entryTypes.2d30775d-a573-452b-b5f0-43bbc608c003.fieldLayouts.bde01b15-3be9-4050-bb15-7f5276363629.tabs.0.userCondition','null'),
('entryTypes.2d30775d-a573-452b-b5f0-43bbc608c003.handle','\"totyWinners\"'),
('entryTypes.2d30775d-a573-452b-b5f0-43bbc608c003.hasTitleField','true'),
('entryTypes.2d30775d-a573-452b-b5f0-43bbc608c003.icon','\"\"'),
('entryTypes.2d30775d-a573-452b-b5f0-43bbc608c003.name','\"TOTY-Winners\"'),
('entryTypes.2d30775d-a573-452b-b5f0-43bbc608c003.showSlugField','true'),
('entryTypes.2d30775d-a573-452b-b5f0-43bbc608c003.showStatusField','true'),
('entryTypes.2d30775d-a573-452b-b5f0-43bbc608c003.slugTranslationKeyFormat','\"\"'),
('entryTypes.2d30775d-a573-452b-b5f0-43bbc608c003.slugTranslationMethod','\"site\"'),
('entryTypes.2d30775d-a573-452b-b5f0-43bbc608c003.titleFormat','\"\"'),
('entryTypes.2d30775d-a573-452b-b5f0-43bbc608c003.titleTranslationKeyFormat','\"\"'),
('entryTypes.2d30775d-a573-452b-b5f0-43bbc608c003.titleTranslationMethod','\"site\"'),
('entryTypes.b12124a6-c5cf-4e55-af81-549991ec358b.color','null'),
('entryTypes.b12124a6-c5cf-4e55-af81-549991ec358b.fieldLayouts.1f2abba2-53b1-4f93-87fd-886285b0762c.tabs.0.elementCondition','null'),
('entryTypes.b12124a6-c5cf-4e55-af81-549991ec358b.fieldLayouts.1f2abba2-53b1-4f93-87fd-886285b0762c.tabs.0.elements.0.autocapitalize','true'),
('entryTypes.b12124a6-c5cf-4e55-af81-549991ec358b.fieldLayouts.1f2abba2-53b1-4f93-87fd-886285b0762c.tabs.0.elements.0.autocomplete','false'),
('entryTypes.b12124a6-c5cf-4e55-af81-549991ec358b.fieldLayouts.1f2abba2-53b1-4f93-87fd-886285b0762c.tabs.0.elements.0.autocorrect','true'),
('entryTypes.b12124a6-c5cf-4e55-af81-549991ec358b.fieldLayouts.1f2abba2-53b1-4f93-87fd-886285b0762c.tabs.0.elements.0.class','null'),
('entryTypes.b12124a6-c5cf-4e55-af81-549991ec358b.fieldLayouts.1f2abba2-53b1-4f93-87fd-886285b0762c.tabs.0.elements.0.dateAdded','\"2025-03-14T16:22:42+00:00\"'),
('entryTypes.b12124a6-c5cf-4e55-af81-549991ec358b.fieldLayouts.1f2abba2-53b1-4f93-87fd-886285b0762c.tabs.0.elements.0.disabled','false'),
('entryTypes.b12124a6-c5cf-4e55-af81-549991ec358b.fieldLayouts.1f2abba2-53b1-4f93-87fd-886285b0762c.tabs.0.elements.0.elementCondition','null'),
('entryTypes.b12124a6-c5cf-4e55-af81-549991ec358b.fieldLayouts.1f2abba2-53b1-4f93-87fd-886285b0762c.tabs.0.elements.0.id','null'),
('entryTypes.b12124a6-c5cf-4e55-af81-549991ec358b.fieldLayouts.1f2abba2-53b1-4f93-87fd-886285b0762c.tabs.0.elements.0.includeInCards','false'),
('entryTypes.b12124a6-c5cf-4e55-af81-549991ec358b.fieldLayouts.1f2abba2-53b1-4f93-87fd-886285b0762c.tabs.0.elements.0.inputType','null'),
('entryTypes.b12124a6-c5cf-4e55-af81-549991ec358b.fieldLayouts.1f2abba2-53b1-4f93-87fd-886285b0762c.tabs.0.elements.0.instructions','null'),
('entryTypes.b12124a6-c5cf-4e55-af81-549991ec358b.fieldLayouts.1f2abba2-53b1-4f93-87fd-886285b0762c.tabs.0.elements.0.label','null'),
('entryTypes.b12124a6-c5cf-4e55-af81-549991ec358b.fieldLayouts.1f2abba2-53b1-4f93-87fd-886285b0762c.tabs.0.elements.0.max','null'),
('entryTypes.b12124a6-c5cf-4e55-af81-549991ec358b.fieldLayouts.1f2abba2-53b1-4f93-87fd-886285b0762c.tabs.0.elements.0.min','null'),
('entryTypes.b12124a6-c5cf-4e55-af81-549991ec358b.fieldLayouts.1f2abba2-53b1-4f93-87fd-886285b0762c.tabs.0.elements.0.name','null'),
('entryTypes.b12124a6-c5cf-4e55-af81-549991ec358b.fieldLayouts.1f2abba2-53b1-4f93-87fd-886285b0762c.tabs.0.elements.0.orientation','null'),
('entryTypes.b12124a6-c5cf-4e55-af81-549991ec358b.fieldLayouts.1f2abba2-53b1-4f93-87fd-886285b0762c.tabs.0.elements.0.placeholder','null'),
('entryTypes.b12124a6-c5cf-4e55-af81-549991ec358b.fieldLayouts.1f2abba2-53b1-4f93-87fd-886285b0762c.tabs.0.elements.0.providesThumbs','false'),
('entryTypes.b12124a6-c5cf-4e55-af81-549991ec358b.fieldLayouts.1f2abba2-53b1-4f93-87fd-886285b0762c.tabs.0.elements.0.readonly','false'),
('entryTypes.b12124a6-c5cf-4e55-af81-549991ec358b.fieldLayouts.1f2abba2-53b1-4f93-87fd-886285b0762c.tabs.0.elements.0.required','true'),
('entryTypes.b12124a6-c5cf-4e55-af81-549991ec358b.fieldLayouts.1f2abba2-53b1-4f93-87fd-886285b0762c.tabs.0.elements.0.size','null'),
('entryTypes.b12124a6-c5cf-4e55-af81-549991ec358b.fieldLayouts.1f2abba2-53b1-4f93-87fd-886285b0762c.tabs.0.elements.0.step','null'),
('entryTypes.b12124a6-c5cf-4e55-af81-549991ec358b.fieldLayouts.1f2abba2-53b1-4f93-87fd-886285b0762c.tabs.0.elements.0.tip','null'),
('entryTypes.b12124a6-c5cf-4e55-af81-549991ec358b.fieldLayouts.1f2abba2-53b1-4f93-87fd-886285b0762c.tabs.0.elements.0.title','null'),
('entryTypes.b12124a6-c5cf-4e55-af81-549991ec358b.fieldLayouts.1f2abba2-53b1-4f93-87fd-886285b0762c.tabs.0.elements.0.type','\"craft\\\\fieldlayoutelements\\\\entries\\\\EntryTitleField\"'),
('entryTypes.b12124a6-c5cf-4e55-af81-549991ec358b.fieldLayouts.1f2abba2-53b1-4f93-87fd-886285b0762c.tabs.0.elements.0.uid','\"a909a743-dd13-49fb-94f6-ad1cfa16f7ca\"'),
('entryTypes.b12124a6-c5cf-4e55-af81-549991ec358b.fieldLayouts.1f2abba2-53b1-4f93-87fd-886285b0762c.tabs.0.elements.0.userCondition','null'),
('entryTypes.b12124a6-c5cf-4e55-af81-549991ec358b.fieldLayouts.1f2abba2-53b1-4f93-87fd-886285b0762c.tabs.0.elements.0.warning','null'),
('entryTypes.b12124a6-c5cf-4e55-af81-549991ec358b.fieldLayouts.1f2abba2-53b1-4f93-87fd-886285b0762c.tabs.0.elements.0.width','50'),
('entryTypes.b12124a6-c5cf-4e55-af81-549991ec358b.fieldLayouts.1f2abba2-53b1-4f93-87fd-886285b0762c.tabs.0.elements.1.dateAdded','\"2025-03-14T16:22:42+00:00\"'),
('entryTypes.b12124a6-c5cf-4e55-af81-549991ec358b.fieldLayouts.1f2abba2-53b1-4f93-87fd-886285b0762c.tabs.0.elements.1.elementCondition','null'),
('entryTypes.b12124a6-c5cf-4e55-af81-549991ec358b.fieldLayouts.1f2abba2-53b1-4f93-87fd-886285b0762c.tabs.0.elements.1.fieldUid','\"8c1da397-dded-4767-b3c9-14405e70d49f\"'),
('entryTypes.b12124a6-c5cf-4e55-af81-549991ec358b.fieldLayouts.1f2abba2-53b1-4f93-87fd-886285b0762c.tabs.0.elements.1.handle','\"featuredContentTop\"'),
('entryTypes.b12124a6-c5cf-4e55-af81-549991ec358b.fieldLayouts.1f2abba2-53b1-4f93-87fd-886285b0762c.tabs.0.elements.1.includeInCards','false'),
('entryTypes.b12124a6-c5cf-4e55-af81-549991ec358b.fieldLayouts.1f2abba2-53b1-4f93-87fd-886285b0762c.tabs.0.elements.1.instructions','null'),
('entryTypes.b12124a6-c5cf-4e55-af81-549991ec358b.fieldLayouts.1f2abba2-53b1-4f93-87fd-886285b0762c.tabs.0.elements.1.label','\"Featured Content Top\"'),
('entryTypes.b12124a6-c5cf-4e55-af81-549991ec358b.fieldLayouts.1f2abba2-53b1-4f93-87fd-886285b0762c.tabs.0.elements.1.providesThumbs','false'),
('entryTypes.b12124a6-c5cf-4e55-af81-549991ec358b.fieldLayouts.1f2abba2-53b1-4f93-87fd-886285b0762c.tabs.0.elements.1.required','false'),
('entryTypes.b12124a6-c5cf-4e55-af81-549991ec358b.fieldLayouts.1f2abba2-53b1-4f93-87fd-886285b0762c.tabs.0.elements.1.tip','null'),
('entryTypes.b12124a6-c5cf-4e55-af81-549991ec358b.fieldLayouts.1f2abba2-53b1-4f93-87fd-886285b0762c.tabs.0.elements.1.type','\"craft\\\\fieldlayoutelements\\\\CustomField\"'),
('entryTypes.b12124a6-c5cf-4e55-af81-549991ec358b.fieldLayouts.1f2abba2-53b1-4f93-87fd-886285b0762c.tabs.0.elements.1.uid','\"55510914-f2fa-4f51-b863-7c4177ed8b88\"'),
('entryTypes.b12124a6-c5cf-4e55-af81-549991ec358b.fieldLayouts.1f2abba2-53b1-4f93-87fd-886285b0762c.tabs.0.elements.1.userCondition','null'),
('entryTypes.b12124a6-c5cf-4e55-af81-549991ec358b.fieldLayouts.1f2abba2-53b1-4f93-87fd-886285b0762c.tabs.0.elements.1.warning','null'),
('entryTypes.b12124a6-c5cf-4e55-af81-549991ec358b.fieldLayouts.1f2abba2-53b1-4f93-87fd-886285b0762c.tabs.0.elements.1.width','100'),
('entryTypes.b12124a6-c5cf-4e55-af81-549991ec358b.fieldLayouts.1f2abba2-53b1-4f93-87fd-886285b0762c.tabs.0.elements.2.dateAdded','\"2025-03-14T16:24:52+00:00\"'),
('entryTypes.b12124a6-c5cf-4e55-af81-549991ec358b.fieldLayouts.1f2abba2-53b1-4f93-87fd-886285b0762c.tabs.0.elements.2.elementCondition','null'),
('entryTypes.b12124a6-c5cf-4e55-af81-549991ec358b.fieldLayouts.1f2abba2-53b1-4f93-87fd-886285b0762c.tabs.0.elements.2.fieldUid','\"3a21ffb5-1a24-4208-8bec-e56337460119\"'),
('entryTypes.b12124a6-c5cf-4e55-af81-549991ec358b.fieldLayouts.1f2abba2-53b1-4f93-87fd-886285b0762c.tabs.0.elements.2.handle','\"imageGallery\"'),
('entryTypes.b12124a6-c5cf-4e55-af81-549991ec358b.fieldLayouts.1f2abba2-53b1-4f93-87fd-886285b0762c.tabs.0.elements.2.includeInCards','false'),
('entryTypes.b12124a6-c5cf-4e55-af81-549991ec358b.fieldLayouts.1f2abba2-53b1-4f93-87fd-886285b0762c.tabs.0.elements.2.instructions','null'),
('entryTypes.b12124a6-c5cf-4e55-af81-549991ec358b.fieldLayouts.1f2abba2-53b1-4f93-87fd-886285b0762c.tabs.0.elements.2.label','\"Image Gallery\"'),
('entryTypes.b12124a6-c5cf-4e55-af81-549991ec358b.fieldLayouts.1f2abba2-53b1-4f93-87fd-886285b0762c.tabs.0.elements.2.providesThumbs','false'),
('entryTypes.b12124a6-c5cf-4e55-af81-549991ec358b.fieldLayouts.1f2abba2-53b1-4f93-87fd-886285b0762c.tabs.0.elements.2.required','false'),
('entryTypes.b12124a6-c5cf-4e55-af81-549991ec358b.fieldLayouts.1f2abba2-53b1-4f93-87fd-886285b0762c.tabs.0.elements.2.tip','null'),
('entryTypes.b12124a6-c5cf-4e55-af81-549991ec358b.fieldLayouts.1f2abba2-53b1-4f93-87fd-886285b0762c.tabs.0.elements.2.type','\"craft\\\\fieldlayoutelements\\\\CustomField\"'),
('entryTypes.b12124a6-c5cf-4e55-af81-549991ec358b.fieldLayouts.1f2abba2-53b1-4f93-87fd-886285b0762c.tabs.0.elements.2.uid','\"b1cea98b-3e0e-4f2a-a53d-2cd90a78138e\"'),
('entryTypes.b12124a6-c5cf-4e55-af81-549991ec358b.fieldLayouts.1f2abba2-53b1-4f93-87fd-886285b0762c.tabs.0.elements.2.userCondition','null'),
('entryTypes.b12124a6-c5cf-4e55-af81-549991ec358b.fieldLayouts.1f2abba2-53b1-4f93-87fd-886285b0762c.tabs.0.elements.2.warning','null'),
('entryTypes.b12124a6-c5cf-4e55-af81-549991ec358b.fieldLayouts.1f2abba2-53b1-4f93-87fd-886285b0762c.tabs.0.elements.2.width','100'),
('entryTypes.b12124a6-c5cf-4e55-af81-549991ec358b.fieldLayouts.1f2abba2-53b1-4f93-87fd-886285b0762c.tabs.0.name','\"Content\"'),
('entryTypes.b12124a6-c5cf-4e55-af81-549991ec358b.fieldLayouts.1f2abba2-53b1-4f93-87fd-886285b0762c.tabs.0.uid','\"ed51159d-f3fc-4d91-9c8b-7ad7117e51ab\"'),
('entryTypes.b12124a6-c5cf-4e55-af81-549991ec358b.fieldLayouts.1f2abba2-53b1-4f93-87fd-886285b0762c.tabs.0.userCondition','null'),
('entryTypes.b12124a6-c5cf-4e55-af81-549991ec358b.handle','\"totyhome\"'),
('entryTypes.b12124a6-c5cf-4e55-af81-549991ec358b.hasTitleField','true'),
('entryTypes.b12124a6-c5cf-4e55-af81-549991ec358b.icon','\"bookmark\"'),
('entryTypes.b12124a6-c5cf-4e55-af81-549991ec358b.name','\"TOTY-Home\"'),
('entryTypes.b12124a6-c5cf-4e55-af81-549991ec358b.showSlugField','true'),
('entryTypes.b12124a6-c5cf-4e55-af81-549991ec358b.showStatusField','true'),
('entryTypes.b12124a6-c5cf-4e55-af81-549991ec358b.slugTranslationKeyFormat','null'),
('entryTypes.b12124a6-c5cf-4e55-af81-549991ec358b.slugTranslationMethod','\"site\"'),
('entryTypes.b12124a6-c5cf-4e55-af81-549991ec358b.titleFormat','null'),
('entryTypes.b12124a6-c5cf-4e55-af81-549991ec358b.titleTranslationKeyFormat','null'),
('entryTypes.b12124a6-c5cf-4e55-af81-549991ec358b.titleTranslationMethod','\"site\"'),
('entryTypes.d35c0b9a-f451-4076-8e42-852458029808.color','null'),
('entryTypes.d35c0b9a-f451-4076-8e42-852458029808.fieldLayouts.8b6dff1c-7de7-4ae4-8679-24ef6f90aca9.tabs.0.elementCondition','null'),
('entryTypes.d35c0b9a-f451-4076-8e42-852458029808.fieldLayouts.8b6dff1c-7de7-4ae4-8679-24ef6f90aca9.tabs.0.elements.0.autocapitalize','true'),
('entryTypes.d35c0b9a-f451-4076-8e42-852458029808.fieldLayouts.8b6dff1c-7de7-4ae4-8679-24ef6f90aca9.tabs.0.elements.0.autocomplete','false'),
('entryTypes.d35c0b9a-f451-4076-8e42-852458029808.fieldLayouts.8b6dff1c-7de7-4ae4-8679-24ef6f90aca9.tabs.0.elements.0.autocorrect','true'),
('entryTypes.d35c0b9a-f451-4076-8e42-852458029808.fieldLayouts.8b6dff1c-7de7-4ae4-8679-24ef6f90aca9.tabs.0.elements.0.class','null'),
('entryTypes.d35c0b9a-f451-4076-8e42-852458029808.fieldLayouts.8b6dff1c-7de7-4ae4-8679-24ef6f90aca9.tabs.0.elements.0.disabled','false'),
('entryTypes.d35c0b9a-f451-4076-8e42-852458029808.fieldLayouts.8b6dff1c-7de7-4ae4-8679-24ef6f90aca9.tabs.0.elements.0.elementCondition','null'),
('entryTypes.d35c0b9a-f451-4076-8e42-852458029808.fieldLayouts.8b6dff1c-7de7-4ae4-8679-24ef6f90aca9.tabs.0.elements.0.id','null'),
('entryTypes.d35c0b9a-f451-4076-8e42-852458029808.fieldLayouts.8b6dff1c-7de7-4ae4-8679-24ef6f90aca9.tabs.0.elements.0.includeInCards','false'),
('entryTypes.d35c0b9a-f451-4076-8e42-852458029808.fieldLayouts.8b6dff1c-7de7-4ae4-8679-24ef6f90aca9.tabs.0.elements.0.inputType','null'),
('entryTypes.d35c0b9a-f451-4076-8e42-852458029808.fieldLayouts.8b6dff1c-7de7-4ae4-8679-24ef6f90aca9.tabs.0.elements.0.instructions','null'),
('entryTypes.d35c0b9a-f451-4076-8e42-852458029808.fieldLayouts.8b6dff1c-7de7-4ae4-8679-24ef6f90aca9.tabs.0.elements.0.label','null'),
('entryTypes.d35c0b9a-f451-4076-8e42-852458029808.fieldLayouts.8b6dff1c-7de7-4ae4-8679-24ef6f90aca9.tabs.0.elements.0.max','null'),
('entryTypes.d35c0b9a-f451-4076-8e42-852458029808.fieldLayouts.8b6dff1c-7de7-4ae4-8679-24ef6f90aca9.tabs.0.elements.0.min','null'),
('entryTypes.d35c0b9a-f451-4076-8e42-852458029808.fieldLayouts.8b6dff1c-7de7-4ae4-8679-24ef6f90aca9.tabs.0.elements.0.name','null'),
('entryTypes.d35c0b9a-f451-4076-8e42-852458029808.fieldLayouts.8b6dff1c-7de7-4ae4-8679-24ef6f90aca9.tabs.0.elements.0.orientation','null'),
('entryTypes.d35c0b9a-f451-4076-8e42-852458029808.fieldLayouts.8b6dff1c-7de7-4ae4-8679-24ef6f90aca9.tabs.0.elements.0.placeholder','null'),
('entryTypes.d35c0b9a-f451-4076-8e42-852458029808.fieldLayouts.8b6dff1c-7de7-4ae4-8679-24ef6f90aca9.tabs.0.elements.0.providesThumbs','false'),
('entryTypes.d35c0b9a-f451-4076-8e42-852458029808.fieldLayouts.8b6dff1c-7de7-4ae4-8679-24ef6f90aca9.tabs.0.elements.0.readonly','false'),
('entryTypes.d35c0b9a-f451-4076-8e42-852458029808.fieldLayouts.8b6dff1c-7de7-4ae4-8679-24ef6f90aca9.tabs.0.elements.0.requirable','false'),
('entryTypes.d35c0b9a-f451-4076-8e42-852458029808.fieldLayouts.8b6dff1c-7de7-4ae4-8679-24ef6f90aca9.tabs.0.elements.0.size','null'),
('entryTypes.d35c0b9a-f451-4076-8e42-852458029808.fieldLayouts.8b6dff1c-7de7-4ae4-8679-24ef6f90aca9.tabs.0.elements.0.step','null'),
('entryTypes.d35c0b9a-f451-4076-8e42-852458029808.fieldLayouts.8b6dff1c-7de7-4ae4-8679-24ef6f90aca9.tabs.0.elements.0.tip','null'),
('entryTypes.d35c0b9a-f451-4076-8e42-852458029808.fieldLayouts.8b6dff1c-7de7-4ae4-8679-24ef6f90aca9.tabs.0.elements.0.title','null'),
('entryTypes.d35c0b9a-f451-4076-8e42-852458029808.fieldLayouts.8b6dff1c-7de7-4ae4-8679-24ef6f90aca9.tabs.0.elements.0.type','\"craft\\\\fieldlayoutelements\\\\entries\\\\EntryTitleField\"'),
('entryTypes.d35c0b9a-f451-4076-8e42-852458029808.fieldLayouts.8b6dff1c-7de7-4ae4-8679-24ef6f90aca9.tabs.0.elements.0.uid','\"79d0ef60-889d-438f-95a3-65d5ba735e47\"'),
('entryTypes.d35c0b9a-f451-4076-8e42-852458029808.fieldLayouts.8b6dff1c-7de7-4ae4-8679-24ef6f90aca9.tabs.0.elements.0.userCondition','null'),
('entryTypes.d35c0b9a-f451-4076-8e42-852458029808.fieldLayouts.8b6dff1c-7de7-4ae4-8679-24ef6f90aca9.tabs.0.elements.0.warning','null'),
('entryTypes.d35c0b9a-f451-4076-8e42-852458029808.fieldLayouts.8b6dff1c-7de7-4ae4-8679-24ef6f90aca9.tabs.0.elements.0.width','100'),
('entryTypes.d35c0b9a-f451-4076-8e42-852458029808.fieldLayouts.8b6dff1c-7de7-4ae4-8679-24ef6f90aca9.tabs.0.elements.1.elementCondition','null'),
('entryTypes.d35c0b9a-f451-4076-8e42-852458029808.fieldLayouts.8b6dff1c-7de7-4ae4-8679-24ef6f90aca9.tabs.0.elements.1.fieldUid','\"c23a6f83-b41c-44b1-b1ec-ec87a8e12936\"'),
('entryTypes.d35c0b9a-f451-4076-8e42-852458029808.fieldLayouts.8b6dff1c-7de7-4ae4-8679-24ef6f90aca9.tabs.0.elements.1.handle','\"totyNewsArticleAbstract\"'),
('entryTypes.d35c0b9a-f451-4076-8e42-852458029808.fieldLayouts.8b6dff1c-7de7-4ae4-8679-24ef6f90aca9.tabs.0.elements.1.includeInCards','false'),
('entryTypes.d35c0b9a-f451-4076-8e42-852458029808.fieldLayouts.8b6dff1c-7de7-4ae4-8679-24ef6f90aca9.tabs.0.elements.1.instructions','null'),
('entryTypes.d35c0b9a-f451-4076-8e42-852458029808.fieldLayouts.8b6dff1c-7de7-4ae4-8679-24ef6f90aca9.tabs.0.elements.1.label','\"TOTY-News Article Abstract\"'),
('entryTypes.d35c0b9a-f451-4076-8e42-852458029808.fieldLayouts.8b6dff1c-7de7-4ae4-8679-24ef6f90aca9.tabs.0.elements.1.providesThumbs','false'),
('entryTypes.d35c0b9a-f451-4076-8e42-852458029808.fieldLayouts.8b6dff1c-7de7-4ae4-8679-24ef6f90aca9.tabs.0.elements.1.required','false'),
('entryTypes.d35c0b9a-f451-4076-8e42-852458029808.fieldLayouts.8b6dff1c-7de7-4ae4-8679-24ef6f90aca9.tabs.0.elements.1.tip','null'),
('entryTypes.d35c0b9a-f451-4076-8e42-852458029808.fieldLayouts.8b6dff1c-7de7-4ae4-8679-24ef6f90aca9.tabs.0.elements.1.type','\"craft\\\\fieldlayoutelements\\\\CustomField\"'),
('entryTypes.d35c0b9a-f451-4076-8e42-852458029808.fieldLayouts.8b6dff1c-7de7-4ae4-8679-24ef6f90aca9.tabs.0.elements.1.uid','\"ad19730a-ec98-4b57-91dc-7ac3df071908\"'),
('entryTypes.d35c0b9a-f451-4076-8e42-852458029808.fieldLayouts.8b6dff1c-7de7-4ae4-8679-24ef6f90aca9.tabs.0.elements.1.userCondition','null'),
('entryTypes.d35c0b9a-f451-4076-8e42-852458029808.fieldLayouts.8b6dff1c-7de7-4ae4-8679-24ef6f90aca9.tabs.0.elements.1.warning','null'),
('entryTypes.d35c0b9a-f451-4076-8e42-852458029808.fieldLayouts.8b6dff1c-7de7-4ae4-8679-24ef6f90aca9.tabs.0.elements.1.width','100'),
('entryTypes.d35c0b9a-f451-4076-8e42-852458029808.fieldLayouts.8b6dff1c-7de7-4ae4-8679-24ef6f90aca9.tabs.0.elements.2.elementCondition','null'),
('entryTypes.d35c0b9a-f451-4076-8e42-852458029808.fieldLayouts.8b6dff1c-7de7-4ae4-8679-24ef6f90aca9.tabs.0.elements.2.fieldUid','\"8c1da397-dded-4767-b3c9-14405e70d49f\"'),
('entryTypes.d35c0b9a-f451-4076-8e42-852458029808.fieldLayouts.8b6dff1c-7de7-4ae4-8679-24ef6f90aca9.tabs.0.elements.2.handle','\"totyNewsArticle\"'),
('entryTypes.d35c0b9a-f451-4076-8e42-852458029808.fieldLayouts.8b6dff1c-7de7-4ae4-8679-24ef6f90aca9.tabs.0.elements.2.includeInCards','false'),
('entryTypes.d35c0b9a-f451-4076-8e42-852458029808.fieldLayouts.8b6dff1c-7de7-4ae4-8679-24ef6f90aca9.tabs.0.elements.2.instructions','null'),
('entryTypes.d35c0b9a-f451-4076-8e42-852458029808.fieldLayouts.8b6dff1c-7de7-4ae4-8679-24ef6f90aca9.tabs.0.elements.2.label','\"TOTY-News Article Text\"'),
('entryTypes.d35c0b9a-f451-4076-8e42-852458029808.fieldLayouts.8b6dff1c-7de7-4ae4-8679-24ef6f90aca9.tabs.0.elements.2.providesThumbs','false'),
('entryTypes.d35c0b9a-f451-4076-8e42-852458029808.fieldLayouts.8b6dff1c-7de7-4ae4-8679-24ef6f90aca9.tabs.0.elements.2.required','false'),
('entryTypes.d35c0b9a-f451-4076-8e42-852458029808.fieldLayouts.8b6dff1c-7de7-4ae4-8679-24ef6f90aca9.tabs.0.elements.2.tip','null'),
('entryTypes.d35c0b9a-f451-4076-8e42-852458029808.fieldLayouts.8b6dff1c-7de7-4ae4-8679-24ef6f90aca9.tabs.0.elements.2.type','\"craft\\\\fieldlayoutelements\\\\CustomField\"'),
('entryTypes.d35c0b9a-f451-4076-8e42-852458029808.fieldLayouts.8b6dff1c-7de7-4ae4-8679-24ef6f90aca9.tabs.0.elements.2.uid','\"7418a520-65c4-4f67-a4d3-e560d2f5f28d\"'),
('entryTypes.d35c0b9a-f451-4076-8e42-852458029808.fieldLayouts.8b6dff1c-7de7-4ae4-8679-24ef6f90aca9.tabs.0.elements.2.userCondition','null'),
('entryTypes.d35c0b9a-f451-4076-8e42-852458029808.fieldLayouts.8b6dff1c-7de7-4ae4-8679-24ef6f90aca9.tabs.0.elements.2.warning','null'),
('entryTypes.d35c0b9a-f451-4076-8e42-852458029808.fieldLayouts.8b6dff1c-7de7-4ae4-8679-24ef6f90aca9.tabs.0.elements.2.width','100'),
('entryTypes.d35c0b9a-f451-4076-8e42-852458029808.fieldLayouts.8b6dff1c-7de7-4ae4-8679-24ef6f90aca9.tabs.0.name','\"Content\"'),
('entryTypes.d35c0b9a-f451-4076-8e42-852458029808.fieldLayouts.8b6dff1c-7de7-4ae4-8679-24ef6f90aca9.tabs.0.uid','\"22b6300e-e94a-4e06-8876-0c0b38136d4c\"'),
('entryTypes.d35c0b9a-f451-4076-8e42-852458029808.fieldLayouts.8b6dff1c-7de7-4ae4-8679-24ef6f90aca9.tabs.0.userCondition','null'),
('entryTypes.d35c0b9a-f451-4076-8e42-852458029808.handle','\"totyNewsArticle\"'),
('entryTypes.d35c0b9a-f451-4076-8e42-852458029808.hasTitleField','true'),
('entryTypes.d35c0b9a-f451-4076-8e42-852458029808.icon','\"\"'),
('entryTypes.d35c0b9a-f451-4076-8e42-852458029808.name','\"TOTY-News Article\"'),
('entryTypes.d35c0b9a-f451-4076-8e42-852458029808.showSlugField','true'),
('entryTypes.d35c0b9a-f451-4076-8e42-852458029808.showStatusField','true'),
('entryTypes.d35c0b9a-f451-4076-8e42-852458029808.slugTranslationKeyFormat','\"\"'),
('entryTypes.d35c0b9a-f451-4076-8e42-852458029808.slugTranslationMethod','\"site\"'),
('entryTypes.d35c0b9a-f451-4076-8e42-852458029808.titleFormat','\"\"'),
('entryTypes.d35c0b9a-f451-4076-8e42-852458029808.titleTranslationKeyFormat','\"\"'),
('entryTypes.d35c0b9a-f451-4076-8e42-852458029808.titleTranslationMethod','\"site\"'),
('entryTypes.dc2835de-6f5d-4318-bb02-5cf8b19ec412.color','null'),
('entryTypes.dc2835de-6f5d-4318-bb02-5cf8b19ec412.fieldLayouts.d32138dc-a2fd-458c-b769-70d6e5f59f84.tabs.0.elementCondition','null'),
('entryTypes.dc2835de-6f5d-4318-bb02-5cf8b19ec412.fieldLayouts.d32138dc-a2fd-458c-b769-70d6e5f59f84.tabs.0.elements.0.autocapitalize','true'),
('entryTypes.dc2835de-6f5d-4318-bb02-5cf8b19ec412.fieldLayouts.d32138dc-a2fd-458c-b769-70d6e5f59f84.tabs.0.elements.0.autocomplete','false'),
('entryTypes.dc2835de-6f5d-4318-bb02-5cf8b19ec412.fieldLayouts.d32138dc-a2fd-458c-b769-70d6e5f59f84.tabs.0.elements.0.autocorrect','true'),
('entryTypes.dc2835de-6f5d-4318-bb02-5cf8b19ec412.fieldLayouts.d32138dc-a2fd-458c-b769-70d6e5f59f84.tabs.0.elements.0.class','null'),
('entryTypes.dc2835de-6f5d-4318-bb02-5cf8b19ec412.fieldLayouts.d32138dc-a2fd-458c-b769-70d6e5f59f84.tabs.0.elements.0.disabled','false'),
('entryTypes.dc2835de-6f5d-4318-bb02-5cf8b19ec412.fieldLayouts.d32138dc-a2fd-458c-b769-70d6e5f59f84.tabs.0.elements.0.elementCondition','null'),
('entryTypes.dc2835de-6f5d-4318-bb02-5cf8b19ec412.fieldLayouts.d32138dc-a2fd-458c-b769-70d6e5f59f84.tabs.0.elements.0.id','null'),
('entryTypes.dc2835de-6f5d-4318-bb02-5cf8b19ec412.fieldLayouts.d32138dc-a2fd-458c-b769-70d6e5f59f84.tabs.0.elements.0.includeInCards','false'),
('entryTypes.dc2835de-6f5d-4318-bb02-5cf8b19ec412.fieldLayouts.d32138dc-a2fd-458c-b769-70d6e5f59f84.tabs.0.elements.0.inputType','null'),
('entryTypes.dc2835de-6f5d-4318-bb02-5cf8b19ec412.fieldLayouts.d32138dc-a2fd-458c-b769-70d6e5f59f84.tabs.0.elements.0.instructions','null'),
('entryTypes.dc2835de-6f5d-4318-bb02-5cf8b19ec412.fieldLayouts.d32138dc-a2fd-458c-b769-70d6e5f59f84.tabs.0.elements.0.label','null'),
('entryTypes.dc2835de-6f5d-4318-bb02-5cf8b19ec412.fieldLayouts.d32138dc-a2fd-458c-b769-70d6e5f59f84.tabs.0.elements.0.max','null'),
('entryTypes.dc2835de-6f5d-4318-bb02-5cf8b19ec412.fieldLayouts.d32138dc-a2fd-458c-b769-70d6e5f59f84.tabs.0.elements.0.min','null'),
('entryTypes.dc2835de-6f5d-4318-bb02-5cf8b19ec412.fieldLayouts.d32138dc-a2fd-458c-b769-70d6e5f59f84.tabs.0.elements.0.name','null'),
('entryTypes.dc2835de-6f5d-4318-bb02-5cf8b19ec412.fieldLayouts.d32138dc-a2fd-458c-b769-70d6e5f59f84.tabs.0.elements.0.orientation','null'),
('entryTypes.dc2835de-6f5d-4318-bb02-5cf8b19ec412.fieldLayouts.d32138dc-a2fd-458c-b769-70d6e5f59f84.tabs.0.elements.0.placeholder','null'),
('entryTypes.dc2835de-6f5d-4318-bb02-5cf8b19ec412.fieldLayouts.d32138dc-a2fd-458c-b769-70d6e5f59f84.tabs.0.elements.0.providesThumbs','false'),
('entryTypes.dc2835de-6f5d-4318-bb02-5cf8b19ec412.fieldLayouts.d32138dc-a2fd-458c-b769-70d6e5f59f84.tabs.0.elements.0.readonly','false'),
('entryTypes.dc2835de-6f5d-4318-bb02-5cf8b19ec412.fieldLayouts.d32138dc-a2fd-458c-b769-70d6e5f59f84.tabs.0.elements.0.requirable','false'),
('entryTypes.dc2835de-6f5d-4318-bb02-5cf8b19ec412.fieldLayouts.d32138dc-a2fd-458c-b769-70d6e5f59f84.tabs.0.elements.0.size','null'),
('entryTypes.dc2835de-6f5d-4318-bb02-5cf8b19ec412.fieldLayouts.d32138dc-a2fd-458c-b769-70d6e5f59f84.tabs.0.elements.0.step','null'),
('entryTypes.dc2835de-6f5d-4318-bb02-5cf8b19ec412.fieldLayouts.d32138dc-a2fd-458c-b769-70d6e5f59f84.tabs.0.elements.0.tip','null'),
('entryTypes.dc2835de-6f5d-4318-bb02-5cf8b19ec412.fieldLayouts.d32138dc-a2fd-458c-b769-70d6e5f59f84.tabs.0.elements.0.title','null'),
('entryTypes.dc2835de-6f5d-4318-bb02-5cf8b19ec412.fieldLayouts.d32138dc-a2fd-458c-b769-70d6e5f59f84.tabs.0.elements.0.type','\"craft\\\\fieldlayoutelements\\\\entries\\\\EntryTitleField\"'),
('entryTypes.dc2835de-6f5d-4318-bb02-5cf8b19ec412.fieldLayouts.d32138dc-a2fd-458c-b769-70d6e5f59f84.tabs.0.elements.0.uid','\"e59a5935-48fa-45d3-b7f9-5762f9369c23\"'),
('entryTypes.dc2835de-6f5d-4318-bb02-5cf8b19ec412.fieldLayouts.d32138dc-a2fd-458c-b769-70d6e5f59f84.tabs.0.elements.0.userCondition','null'),
('entryTypes.dc2835de-6f5d-4318-bb02-5cf8b19ec412.fieldLayouts.d32138dc-a2fd-458c-b769-70d6e5f59f84.tabs.0.elements.0.warning','null'),
('entryTypes.dc2835de-6f5d-4318-bb02-5cf8b19ec412.fieldLayouts.d32138dc-a2fd-458c-b769-70d6e5f59f84.tabs.0.elements.0.width','100'),
('entryTypes.dc2835de-6f5d-4318-bb02-5cf8b19ec412.fieldLayouts.d32138dc-a2fd-458c-b769-70d6e5f59f84.tabs.0.name','\"Content\"'),
('entryTypes.dc2835de-6f5d-4318-bb02-5cf8b19ec412.fieldLayouts.d32138dc-a2fd-458c-b769-70d6e5f59f84.tabs.0.uid','\"8e456330-351a-4c02-a03f-61ea45a801e1\"'),
('entryTypes.dc2835de-6f5d-4318-bb02-5cf8b19ec412.fieldLayouts.d32138dc-a2fd-458c-b769-70d6e5f59f84.tabs.0.userCondition','null'),
('entryTypes.dc2835de-6f5d-4318-bb02-5cf8b19ec412.handle','\"totyNewslist\"'),
('entryTypes.dc2835de-6f5d-4318-bb02-5cf8b19ec412.hasTitleField','true'),
('entryTypes.dc2835de-6f5d-4318-bb02-5cf8b19ec412.icon','\"\"'),
('entryTypes.dc2835de-6f5d-4318-bb02-5cf8b19ec412.name','\"TOTY-NewsList\"'),
('entryTypes.dc2835de-6f5d-4318-bb02-5cf8b19ec412.showSlugField','true'),
('entryTypes.dc2835de-6f5d-4318-bb02-5cf8b19ec412.showStatusField','true'),
('entryTypes.dc2835de-6f5d-4318-bb02-5cf8b19ec412.slugTranslationKeyFormat','\"\"'),
('entryTypes.dc2835de-6f5d-4318-bb02-5cf8b19ec412.slugTranslationMethod','\"site\"'),
('entryTypes.dc2835de-6f5d-4318-bb02-5cf8b19ec412.titleFormat','\"\"'),
('entryTypes.dc2835de-6f5d-4318-bb02-5cf8b19ec412.titleTranslationKeyFormat','\"\"'),
('entryTypes.dc2835de-6f5d-4318-bb02-5cf8b19ec412.titleTranslationMethod','\"site\"'),
('fields.0e0a6d24-b1f7-49af-af02-e7644edf9bd2.columnSuffix','null'),
('fields.0e0a6d24-b1f7-49af-af02-e7644edf9bd2.handle','\"genericCode\"'),
('fields.0e0a6d24-b1f7-49af-af02-e7644edf9bd2.instructions','null'),
('fields.0e0a6d24-b1f7-49af-af02-e7644edf9bd2.name','\"Generic Code\"'),
('fields.0e0a6d24-b1f7-49af-af02-e7644edf9bd2.searchable','false'),
('fields.0e0a6d24-b1f7-49af-af02-e7644edf9bd2.settings.byteLimit','null'),
('fields.0e0a6d24-b1f7-49af-af02-e7644edf9bd2.settings.charLimit','null'),
('fields.0e0a6d24-b1f7-49af-af02-e7644edf9bd2.settings.code','false'),
('fields.0e0a6d24-b1f7-49af-af02-e7644edf9bd2.settings.initialRows','32'),
('fields.0e0a6d24-b1f7-49af-af02-e7644edf9bd2.settings.multiline','true'),
('fields.0e0a6d24-b1f7-49af-af02-e7644edf9bd2.settings.placeholder','null'),
('fields.0e0a6d24-b1f7-49af-af02-e7644edf9bd2.settings.uiMode','\"normal\"'),
('fields.0e0a6d24-b1f7-49af-af02-e7644edf9bd2.translationKeyFormat','null'),
('fields.0e0a6d24-b1f7-49af-af02-e7644edf9bd2.translationMethod','\"none\"'),
('fields.0e0a6d24-b1f7-49af-af02-e7644edf9bd2.type','\"craft\\\\fields\\\\PlainText\"'),
('fields.3645fb62-849c-4fad-bedf-a9b16905678d.columnSuffix','null'),
('fields.3645fb62-849c-4fad-bedf-a9b16905678d.handle','\"genericSimpleText\"'),
('fields.3645fb62-849c-4fad-bedf-a9b16905678d.instructions','null'),
('fields.3645fb62-849c-4fad-bedf-a9b16905678d.name','\"Generic Simple Text\"'),
('fields.3645fb62-849c-4fad-bedf-a9b16905678d.searchable','false'),
('fields.3645fb62-849c-4fad-bedf-a9b16905678d.settings.byteLimit','null'),
('fields.3645fb62-849c-4fad-bedf-a9b16905678d.settings.charLimit','null'),
('fields.3645fb62-849c-4fad-bedf-a9b16905678d.settings.code','false'),
('fields.3645fb62-849c-4fad-bedf-a9b16905678d.settings.initialRows','4'),
('fields.3645fb62-849c-4fad-bedf-a9b16905678d.settings.multiline','false'),
('fields.3645fb62-849c-4fad-bedf-a9b16905678d.settings.placeholder','null'),
('fields.3645fb62-849c-4fad-bedf-a9b16905678d.settings.uiMode','\"normal\"'),
('fields.3645fb62-849c-4fad-bedf-a9b16905678d.translationKeyFormat','null'),
('fields.3645fb62-849c-4fad-bedf-a9b16905678d.translationMethod','\"none\"'),
('fields.3645fb62-849c-4fad-bedf-a9b16905678d.type','\"craft\\\\fields\\\\PlainText\"'),
('fields.3a21ffb5-1a24-4208-8bec-e56337460119.columnSuffix','null'),
('fields.3a21ffb5-1a24-4208-8bec-e56337460119.handle','\"genericImage\"'),
('fields.3a21ffb5-1a24-4208-8bec-e56337460119.instructions','null'),
('fields.3a21ffb5-1a24-4208-8bec-e56337460119.name','\"Generic Image\"'),
('fields.3a21ffb5-1a24-4208-8bec-e56337460119.searchable','false'),
('fields.3a21ffb5-1a24-4208-8bec-e56337460119.settings.allowedKinds.0','\"image\"'),
('fields.3a21ffb5-1a24-4208-8bec-e56337460119.settings.allowSelfRelations','false'),
('fields.3a21ffb5-1a24-4208-8bec-e56337460119.settings.allowSubfolders','false'),
('fields.3a21ffb5-1a24-4208-8bec-e56337460119.settings.allowUploads','true'),
('fields.3a21ffb5-1a24-4208-8bec-e56337460119.settings.branchLimit','null'),
('fields.3a21ffb5-1a24-4208-8bec-e56337460119.settings.defaultUploadLocationSource','\"volume:aff98301-f901-451b-9ae8-e947b8486f72\"'),
('fields.3a21ffb5-1a24-4208-8bec-e56337460119.settings.defaultUploadLocationSubpath','null'),
('fields.3a21ffb5-1a24-4208-8bec-e56337460119.settings.maintainHierarchy','false'),
('fields.3a21ffb5-1a24-4208-8bec-e56337460119.settings.maxRelations','null'),
('fields.3a21ffb5-1a24-4208-8bec-e56337460119.settings.minRelations','null'),
('fields.3a21ffb5-1a24-4208-8bec-e56337460119.settings.previewMode','\"full\"'),
('fields.3a21ffb5-1a24-4208-8bec-e56337460119.settings.restrictedDefaultUploadSubpath','null'),
('fields.3a21ffb5-1a24-4208-8bec-e56337460119.settings.restrictedLocationSource','\"volume:6a4f30dc-6d98-4a51-abbb-2d34ce013074\"'),
('fields.3a21ffb5-1a24-4208-8bec-e56337460119.settings.restrictedLocationSubpath','null'),
('fields.3a21ffb5-1a24-4208-8bec-e56337460119.settings.restrictFiles','true'),
('fields.3a21ffb5-1a24-4208-8bec-e56337460119.settings.restrictLocation','false'),
('fields.3a21ffb5-1a24-4208-8bec-e56337460119.settings.selectionLabel','null'),
('fields.3a21ffb5-1a24-4208-8bec-e56337460119.settings.showCardsInGrid','false'),
('fields.3a21ffb5-1a24-4208-8bec-e56337460119.settings.showSiteMenu','false'),
('fields.3a21ffb5-1a24-4208-8bec-e56337460119.settings.showUnpermittedFiles','false'),
('fields.3a21ffb5-1a24-4208-8bec-e56337460119.settings.showUnpermittedVolumes','false'),
('fields.3a21ffb5-1a24-4208-8bec-e56337460119.settings.sources','\"*\"'),
('fields.3a21ffb5-1a24-4208-8bec-e56337460119.settings.targetSiteId','null'),
('fields.3a21ffb5-1a24-4208-8bec-e56337460119.settings.validateRelatedElements','false'),
('fields.3a21ffb5-1a24-4208-8bec-e56337460119.settings.viewMode','\"large\"'),
('fields.3a21ffb5-1a24-4208-8bec-e56337460119.translationKeyFormat','null'),
('fields.3a21ffb5-1a24-4208-8bec-e56337460119.translationMethod','\"none\"'),
('fields.3a21ffb5-1a24-4208-8bec-e56337460119.type','\"craft\\\\fields\\\\Assets\"'),
('fields.5a828afc-b609-4281-8a76-2757d6ced8ec.columnSuffix','null'),
('fields.5a828afc-b609-4281-8a76-2757d6ced8ec.handle','\"totyYear\"'),
('fields.5a828afc-b609-4281-8a76-2757d6ced8ec.instructions','null'),
('fields.5a828afc-b609-4281-8a76-2757d6ced8ec.name','\"TOTY-Year\"'),
('fields.5a828afc-b609-4281-8a76-2757d6ced8ec.searchable','false'),
('fields.5a828afc-b609-4281-8a76-2757d6ced8ec.settings.allowSelfRelations','false'),
('fields.5a828afc-b609-4281-8a76-2757d6ced8ec.settings.branchLimit','null'),
('fields.5a828afc-b609-4281-8a76-2757d6ced8ec.settings.localizeRelations','false'),
('fields.5a828afc-b609-4281-8a76-2757d6ced8ec.settings.maintainHierarchy','false'),
('fields.5a828afc-b609-4281-8a76-2757d6ced8ec.settings.maxRelations','null'),
('fields.5a828afc-b609-4281-8a76-2757d6ced8ec.settings.minRelations','null'),
('fields.5a828afc-b609-4281-8a76-2757d6ced8ec.settings.selectionLabel','null'),
('fields.5a828afc-b609-4281-8a76-2757d6ced8ec.settings.showCardsInGrid','false'),
('fields.5a828afc-b609-4281-8a76-2757d6ced8ec.settings.showSiteMenu','false'),
('fields.5a828afc-b609-4281-8a76-2757d6ced8ec.settings.source','\"group:f860ec3d-757a-46aa-aec8-006e5014872a\"'),
('fields.5a828afc-b609-4281-8a76-2757d6ced8ec.settings.targetSiteId','null'),
('fields.5a828afc-b609-4281-8a76-2757d6ced8ec.settings.validateRelatedElements','false'),
('fields.5a828afc-b609-4281-8a76-2757d6ced8ec.settings.viewMode','\"list\"'),
('fields.5a828afc-b609-4281-8a76-2757d6ced8ec.translationKeyFormat','null'),
('fields.5a828afc-b609-4281-8a76-2757d6ced8ec.translationMethod','\"site\"'),
('fields.5a828afc-b609-4281-8a76-2757d6ced8ec.type','\"craft\\\\fields\\\\Categories\"'),
('fields.8c1da397-dded-4767-b3c9-14405e70d49f.columnSuffix','null'),
('fields.8c1da397-dded-4767-b3c9-14405e70d49f.handle','\"footerHeadline\"'),
('fields.8c1da397-dded-4767-b3c9-14405e70d49f.instructions','\"Use H1\"'),
('fields.8c1da397-dded-4767-b3c9-14405e70d49f.name','\"Footer Headline\"'),
('fields.8c1da397-dded-4767-b3c9-14405e70d49f.searchable','false'),
('fields.8c1da397-dded-4767-b3c9-14405e70d49f.settings.availableTransforms','\"\"'),
('fields.8c1da397-dded-4767-b3c9-14405e70d49f.settings.availableVolumes','\"*\"'),
('fields.8c1da397-dded-4767-b3c9-14405e70d49f.settings.ckeConfig','\"9081c6cf-d1f7-490f-af39-7b41b46c5880\"'),
('fields.8c1da397-dded-4767-b3c9-14405e70d49f.settings.createButtonLabel','null'),
('fields.8c1da397-dded-4767-b3c9-14405e70d49f.settings.defaultTransform','null'),
('fields.8c1da397-dded-4767-b3c9-14405e70d49f.settings.enableSourceEditingForNonAdmins','true'),
('fields.8c1da397-dded-4767-b3c9-14405e70d49f.settings.purifierConfig','null'),
('fields.8c1da397-dded-4767-b3c9-14405e70d49f.settings.purifyHtml','true'),
('fields.8c1da397-dded-4767-b3c9-14405e70d49f.settings.showUnpermittedFiles','false'),
('fields.8c1da397-dded-4767-b3c9-14405e70d49f.settings.showUnpermittedVolumes','false'),
('fields.8c1da397-dded-4767-b3c9-14405e70d49f.settings.showWordCount','false'),
('fields.8c1da397-dded-4767-b3c9-14405e70d49f.settings.wordLimit','null'),
('fields.8c1da397-dded-4767-b3c9-14405e70d49f.translationKeyFormat','null'),
('fields.8c1da397-dded-4767-b3c9-14405e70d49f.translationMethod','\"none\"'),
('fields.8c1da397-dded-4767-b3c9-14405e70d49f.type','\"craft\\\\ckeditor\\\\Field\"'),
('fields.a85e4dc1-904b-42b2-a6f9-2d8c5534f5d3.columnSuffix','null'),
('fields.a85e4dc1-904b-42b2-a6f9-2d8c5534f5d3.handle','\"genericText\"'),
('fields.a85e4dc1-904b-42b2-a6f9-2d8c5534f5d3.instructions','null'),
('fields.a85e4dc1-904b-42b2-a6f9-2d8c5534f5d3.name','\"Generic Text\"'),
('fields.a85e4dc1-904b-42b2-a6f9-2d8c5534f5d3.searchable','false'),
('fields.a85e4dc1-904b-42b2-a6f9-2d8c5534f5d3.settings.byteLimit','null'),
('fields.a85e4dc1-904b-42b2-a6f9-2d8c5534f5d3.settings.charLimit','null'),
('fields.a85e4dc1-904b-42b2-a6f9-2d8c5534f5d3.settings.code','false'),
('fields.a85e4dc1-904b-42b2-a6f9-2d8c5534f5d3.settings.initialRows','4'),
('fields.a85e4dc1-904b-42b2-a6f9-2d8c5534f5d3.settings.multiline','false'),
('fields.a85e4dc1-904b-42b2-a6f9-2d8c5534f5d3.settings.placeholder','null'),
('fields.a85e4dc1-904b-42b2-a6f9-2d8c5534f5d3.settings.uiMode','\"normal\"'),
('fields.a85e4dc1-904b-42b2-a6f9-2d8c5534f5d3.translationKeyFormat','null'),
('fields.a85e4dc1-904b-42b2-a6f9-2d8c5534f5d3.translationMethod','\"none\"'),
('fields.a85e4dc1-904b-42b2-a6f9-2d8c5534f5d3.type','\"craft\\\\fields\\\\PlainText\"'),
('fields.c23a6f83-b41c-44b1-b1ec-ec87a8e12936.columnSuffix','null'),
('fields.c23a6f83-b41c-44b1-b1ec-ec87a8e12936.handle','\"changeabletext\"'),
('fields.c23a6f83-b41c-44b1-b1ec-ec87a8e12936.instructions','null'),
('fields.c23a6f83-b41c-44b1-b1ec-ec87a8e12936.name','\"ChangeableText\"'),
('fields.c23a6f83-b41c-44b1-b1ec-ec87a8e12936.searchable','false'),
('fields.c23a6f83-b41c-44b1-b1ec-ec87a8e12936.settings.availableTransforms','\"\"'),
('fields.c23a6f83-b41c-44b1-b1ec-ec87a8e12936.settings.availableVolumes','\"*\"'),
('fields.c23a6f83-b41c-44b1-b1ec-ec87a8e12936.settings.ckeConfig','\"799587c0-e7f6-4dd8-afa5-cead8788c1b2\"'),
('fields.c23a6f83-b41c-44b1-b1ec-ec87a8e12936.settings.createButtonLabel','null'),
('fields.c23a6f83-b41c-44b1-b1ec-ec87a8e12936.settings.defaultTransform','null'),
('fields.c23a6f83-b41c-44b1-b1ec-ec87a8e12936.settings.enableSourceEditingForNonAdmins','true'),
('fields.c23a6f83-b41c-44b1-b1ec-ec87a8e12936.settings.purifierConfig','null'),
('fields.c23a6f83-b41c-44b1-b1ec-ec87a8e12936.settings.purifyHtml','true'),
('fields.c23a6f83-b41c-44b1-b1ec-ec87a8e12936.settings.showUnpermittedFiles','false'),
('fields.c23a6f83-b41c-44b1-b1ec-ec87a8e12936.settings.showUnpermittedVolumes','false'),
('fields.c23a6f83-b41c-44b1-b1ec-ec87a8e12936.settings.showWordCount','false'),
('fields.c23a6f83-b41c-44b1-b1ec-ec87a8e12936.settings.wordLimit','null'),
('fields.c23a6f83-b41c-44b1-b1ec-ec87a8e12936.translationKeyFormat','null'),
('fields.c23a6f83-b41c-44b1-b1ec-ec87a8e12936.translationMethod','\"none\"'),
('fields.c23a6f83-b41c-44b1-b1ec-ec87a8e12936.type','\"craft\\\\ckeditor\\\\Field\"'),
('fields.c3e1f755-cc27-4582-8e75-933b9812abad.columnSuffix','null'),
('fields.c3e1f755-cc27-4582-8e75-933b9812abad.handle','\"companyLogo\"'),
('fields.c3e1f755-cc27-4582-8e75-933b9812abad.instructions','null'),
('fields.c3e1f755-cc27-4582-8e75-933b9812abad.name','\"Company Logo\"'),
('fields.c3e1f755-cc27-4582-8e75-933b9812abad.searchable','false'),
('fields.c3e1f755-cc27-4582-8e75-933b9812abad.settings.allowedKinds.0','\"image\"'),
('fields.c3e1f755-cc27-4582-8e75-933b9812abad.settings.allowSelfRelations','false'),
('fields.c3e1f755-cc27-4582-8e75-933b9812abad.settings.allowSubfolders','false'),
('fields.c3e1f755-cc27-4582-8e75-933b9812abad.settings.allowUploads','true'),
('fields.c3e1f755-cc27-4582-8e75-933b9812abad.settings.branchLimit','null'),
('fields.c3e1f755-cc27-4582-8e75-933b9812abad.settings.defaultUploadLocationSource','\"volume:6a4f30dc-6d98-4a51-abbb-2d34ce013074\"'),
('fields.c3e1f755-cc27-4582-8e75-933b9812abad.settings.defaultUploadLocationSubpath','null'),
('fields.c3e1f755-cc27-4582-8e75-933b9812abad.settings.localizeRelations','false'),
('fields.c3e1f755-cc27-4582-8e75-933b9812abad.settings.maintainHierarchy','false'),
('fields.c3e1f755-cc27-4582-8e75-933b9812abad.settings.maxRelations','null'),
('fields.c3e1f755-cc27-4582-8e75-933b9812abad.settings.minRelations','null'),
('fields.c3e1f755-cc27-4582-8e75-933b9812abad.settings.previewMode','\"full\"'),
('fields.c3e1f755-cc27-4582-8e75-933b9812abad.settings.restrictedDefaultUploadSubpath','null'),
('fields.c3e1f755-cc27-4582-8e75-933b9812abad.settings.restrictedLocationSource','\"volume:6a4f30dc-6d98-4a51-abbb-2d34ce013074\"'),
('fields.c3e1f755-cc27-4582-8e75-933b9812abad.settings.restrictedLocationSubpath','null'),
('fields.c3e1f755-cc27-4582-8e75-933b9812abad.settings.restrictFiles','true'),
('fields.c3e1f755-cc27-4582-8e75-933b9812abad.settings.restrictLocation','true'),
('fields.c3e1f755-cc27-4582-8e75-933b9812abad.settings.selectionLabel','null'),
('fields.c3e1f755-cc27-4582-8e75-933b9812abad.settings.showCardsInGrid','false'),
('fields.c3e1f755-cc27-4582-8e75-933b9812abad.settings.showSiteMenu','false'),
('fields.c3e1f755-cc27-4582-8e75-933b9812abad.settings.showUnpermittedFiles','false'),
('fields.c3e1f755-cc27-4582-8e75-933b9812abad.settings.showUnpermittedVolumes','false'),
('fields.c3e1f755-cc27-4582-8e75-933b9812abad.settings.sources.0','\"volume:6a4f30dc-6d98-4a51-abbb-2d34ce013074\"'),
('fields.c3e1f755-cc27-4582-8e75-933b9812abad.settings.targetSiteId','null'),
('fields.c3e1f755-cc27-4582-8e75-933b9812abad.settings.validateRelatedElements','false'),
('fields.c3e1f755-cc27-4582-8e75-933b9812abad.settings.viewMode','\"list\"'),
('fields.c3e1f755-cc27-4582-8e75-933b9812abad.translationKeyFormat','null'),
('fields.c3e1f755-cc27-4582-8e75-933b9812abad.translationMethod','\"site\"'),
('fields.c3e1f755-cc27-4582-8e75-933b9812abad.type','\"craft\\\\fields\\\\Assets\"'),
('fields.c5ce6e01-a43d-4e48-8955-856e95062c71.columnSuffix','null'),
('fields.c5ce6e01-a43d-4e48-8955-856e95062c71.handle','\"totySponsorList\"'),
('fields.c5ce6e01-a43d-4e48-8955-856e95062c71.instructions','null'),
('fields.c5ce6e01-a43d-4e48-8955-856e95062c71.name','\"TOTY Sponsor List\"'),
('fields.c5ce6e01-a43d-4e48-8955-856e95062c71.searchable','false'),
('fields.c5ce6e01-a43d-4e48-8955-856e95062c71.settings.createButtonLabel','null'),
('fields.c5ce6e01-a43d-4e48-8955-856e95062c71.settings.entryTypes.0','\"2771cc09-e416-463d-8f6d-80b16024deb6\"'),
('fields.c5ce6e01-a43d-4e48-8955-856e95062c71.settings.includeTableView','false'),
('fields.c5ce6e01-a43d-4e48-8955-856e95062c71.settings.maxEntries','null'),
('fields.c5ce6e01-a43d-4e48-8955-856e95062c71.settings.minEntries','null'),
('fields.c5ce6e01-a43d-4e48-8955-856e95062c71.settings.pageSize','50'),
('fields.c5ce6e01-a43d-4e48-8955-856e95062c71.settings.propagationKeyFormat','null'),
('fields.c5ce6e01-a43d-4e48-8955-856e95062c71.settings.propagationMethod','\"all\"'),
('fields.c5ce6e01-a43d-4e48-8955-856e95062c71.settings.showCardsInGrid','false'),
('fields.c5ce6e01-a43d-4e48-8955-856e95062c71.settings.viewMode','\"cards\"'),
('fields.c5ce6e01-a43d-4e48-8955-856e95062c71.translationKeyFormat','null'),
('fields.c5ce6e01-a43d-4e48-8955-856e95062c71.translationMethod','\"site\"'),
('fields.c5ce6e01-a43d-4e48-8955-856e95062c71.type','\"craft\\\\fields\\\\Matrix\"'),
('fs.toty.hasUrls','true'),
('fs.toty.name','\"TOTY\"'),
('fs.toty.settings.path','\"@webroot/uploads/toty\"'),
('fs.toty.type','\"craft\\\\fs\\\\Local\"'),
('fs.toty.url','\"/uploads/toty\"'),
('globalSets.fc8f160e-7247-4a54-b0c3-7d4503de2523.fieldLayouts.f669aaf6-c201-408e-be19-f664074995f7.tabs.0.elementCondition','null'),
('globalSets.fc8f160e-7247-4a54-b0c3-7d4503de2523.fieldLayouts.f669aaf6-c201-408e-be19-f664074995f7.tabs.0.elements.0.elementCondition','null'),
('globalSets.fc8f160e-7247-4a54-b0c3-7d4503de2523.fieldLayouts.f669aaf6-c201-408e-be19-f664074995f7.tabs.0.elements.0.fieldUid','\"8c1da397-dded-4767-b3c9-14405e70d49f\"'),
('globalSets.fc8f160e-7247-4a54-b0c3-7d4503de2523.fieldLayouts.f669aaf6-c201-408e-be19-f664074995f7.tabs.0.elements.0.handle','null'),
('globalSets.fc8f160e-7247-4a54-b0c3-7d4503de2523.fieldLayouts.f669aaf6-c201-408e-be19-f664074995f7.tabs.0.elements.0.includeInCards','false'),
('globalSets.fc8f160e-7247-4a54-b0c3-7d4503de2523.fieldLayouts.f669aaf6-c201-408e-be19-f664074995f7.tabs.0.elements.0.instructions','null'),
('globalSets.fc8f160e-7247-4a54-b0c3-7d4503de2523.fieldLayouts.f669aaf6-c201-408e-be19-f664074995f7.tabs.0.elements.0.label','null'),
('globalSets.fc8f160e-7247-4a54-b0c3-7d4503de2523.fieldLayouts.f669aaf6-c201-408e-be19-f664074995f7.tabs.0.elements.0.providesThumbs','false'),
('globalSets.fc8f160e-7247-4a54-b0c3-7d4503de2523.fieldLayouts.f669aaf6-c201-408e-be19-f664074995f7.tabs.0.elements.0.required','false'),
('globalSets.fc8f160e-7247-4a54-b0c3-7d4503de2523.fieldLayouts.f669aaf6-c201-408e-be19-f664074995f7.tabs.0.elements.0.tip','null'),
('globalSets.fc8f160e-7247-4a54-b0c3-7d4503de2523.fieldLayouts.f669aaf6-c201-408e-be19-f664074995f7.tabs.0.elements.0.type','\"craft\\\\fieldlayoutelements\\\\CustomField\"'),
('globalSets.fc8f160e-7247-4a54-b0c3-7d4503de2523.fieldLayouts.f669aaf6-c201-408e-be19-f664074995f7.tabs.0.elements.0.uid','\"346bcd09-ee71-4c33-8aea-e5b031eea5bd\"'),
('globalSets.fc8f160e-7247-4a54-b0c3-7d4503de2523.fieldLayouts.f669aaf6-c201-408e-be19-f664074995f7.tabs.0.elements.0.userCondition','null'),
('globalSets.fc8f160e-7247-4a54-b0c3-7d4503de2523.fieldLayouts.f669aaf6-c201-408e-be19-f664074995f7.tabs.0.elements.0.warning','null'),
('globalSets.fc8f160e-7247-4a54-b0c3-7d4503de2523.fieldLayouts.f669aaf6-c201-408e-be19-f664074995f7.tabs.0.elements.0.width','100'),
('globalSets.fc8f160e-7247-4a54-b0c3-7d4503de2523.fieldLayouts.f669aaf6-c201-408e-be19-f664074995f7.tabs.0.elements.1.elementCondition','null'),
('globalSets.fc8f160e-7247-4a54-b0c3-7d4503de2523.fieldLayouts.f669aaf6-c201-408e-be19-f664074995f7.tabs.0.elements.1.fieldUid','\"8c1da397-dded-4767-b3c9-14405e70d49f\"'),
('globalSets.fc8f160e-7247-4a54-b0c3-7d4503de2523.fieldLayouts.f669aaf6-c201-408e-be19-f664074995f7.tabs.0.elements.1.handle','\"footerText\"'),
('globalSets.fc8f160e-7247-4a54-b0c3-7d4503de2523.fieldLayouts.f669aaf6-c201-408e-be19-f664074995f7.tabs.0.elements.1.includeInCards','false'),
('globalSets.fc8f160e-7247-4a54-b0c3-7d4503de2523.fieldLayouts.f669aaf6-c201-408e-be19-f664074995f7.tabs.0.elements.1.instructions','null'),
('globalSets.fc8f160e-7247-4a54-b0c3-7d4503de2523.fieldLayouts.f669aaf6-c201-408e-be19-f664074995f7.tabs.0.elements.1.label','\"Footer Text\"'),
('globalSets.fc8f160e-7247-4a54-b0c3-7d4503de2523.fieldLayouts.f669aaf6-c201-408e-be19-f664074995f7.tabs.0.elements.1.providesThumbs','false'),
('globalSets.fc8f160e-7247-4a54-b0c3-7d4503de2523.fieldLayouts.f669aaf6-c201-408e-be19-f664074995f7.tabs.0.elements.1.required','false'),
('globalSets.fc8f160e-7247-4a54-b0c3-7d4503de2523.fieldLayouts.f669aaf6-c201-408e-be19-f664074995f7.tabs.0.elements.1.tip','null'),
('globalSets.fc8f160e-7247-4a54-b0c3-7d4503de2523.fieldLayouts.f669aaf6-c201-408e-be19-f664074995f7.tabs.0.elements.1.type','\"craft\\\\fieldlayoutelements\\\\CustomField\"'),
('globalSets.fc8f160e-7247-4a54-b0c3-7d4503de2523.fieldLayouts.f669aaf6-c201-408e-be19-f664074995f7.tabs.0.elements.1.uid','\"7aad9259-dfee-4506-9ff5-82dcf8377017\"'),
('globalSets.fc8f160e-7247-4a54-b0c3-7d4503de2523.fieldLayouts.f669aaf6-c201-408e-be19-f664074995f7.tabs.0.elements.1.userCondition','null'),
('globalSets.fc8f160e-7247-4a54-b0c3-7d4503de2523.fieldLayouts.f669aaf6-c201-408e-be19-f664074995f7.tabs.0.elements.1.warning','null'),
('globalSets.fc8f160e-7247-4a54-b0c3-7d4503de2523.fieldLayouts.f669aaf6-c201-408e-be19-f664074995f7.tabs.0.elements.1.width','100'),
('globalSets.fc8f160e-7247-4a54-b0c3-7d4503de2523.fieldLayouts.f669aaf6-c201-408e-be19-f664074995f7.tabs.0.elements.2.elementCondition','null'),
('globalSets.fc8f160e-7247-4a54-b0c3-7d4503de2523.fieldLayouts.f669aaf6-c201-408e-be19-f664074995f7.tabs.0.elements.2.fieldUid','\"c23a6f83-b41c-44b1-b1ec-ec87a8e12936\"'),
('globalSets.fc8f160e-7247-4a54-b0c3-7d4503de2523.fieldLayouts.f669aaf6-c201-408e-be19-f664074995f7.tabs.0.elements.2.handle','\"footerLegal\"'),
('globalSets.fc8f160e-7247-4a54-b0c3-7d4503de2523.fieldLayouts.f669aaf6-c201-408e-be19-f664074995f7.tabs.0.elements.2.includeInCards','false'),
('globalSets.fc8f160e-7247-4a54-b0c3-7d4503de2523.fieldLayouts.f669aaf6-c201-408e-be19-f664074995f7.tabs.0.elements.2.instructions','null'),
('globalSets.fc8f160e-7247-4a54-b0c3-7d4503de2523.fieldLayouts.f669aaf6-c201-408e-be19-f664074995f7.tabs.0.elements.2.label','\"Footer Legal\"'),
('globalSets.fc8f160e-7247-4a54-b0c3-7d4503de2523.fieldLayouts.f669aaf6-c201-408e-be19-f664074995f7.tabs.0.elements.2.providesThumbs','false'),
('globalSets.fc8f160e-7247-4a54-b0c3-7d4503de2523.fieldLayouts.f669aaf6-c201-408e-be19-f664074995f7.tabs.0.elements.2.required','false'),
('globalSets.fc8f160e-7247-4a54-b0c3-7d4503de2523.fieldLayouts.f669aaf6-c201-408e-be19-f664074995f7.tabs.0.elements.2.tip','null'),
('globalSets.fc8f160e-7247-4a54-b0c3-7d4503de2523.fieldLayouts.f669aaf6-c201-408e-be19-f664074995f7.tabs.0.elements.2.type','\"craft\\\\fieldlayoutelements\\\\CustomField\"'),
('globalSets.fc8f160e-7247-4a54-b0c3-7d4503de2523.fieldLayouts.f669aaf6-c201-408e-be19-f664074995f7.tabs.0.elements.2.uid','\"6a0dc292-7ec2-49c0-a585-688277ce4c8a\"'),
('globalSets.fc8f160e-7247-4a54-b0c3-7d4503de2523.fieldLayouts.f669aaf6-c201-408e-be19-f664074995f7.tabs.0.elements.2.userCondition','null'),
('globalSets.fc8f160e-7247-4a54-b0c3-7d4503de2523.fieldLayouts.f669aaf6-c201-408e-be19-f664074995f7.tabs.0.elements.2.warning','null'),
('globalSets.fc8f160e-7247-4a54-b0c3-7d4503de2523.fieldLayouts.f669aaf6-c201-408e-be19-f664074995f7.tabs.0.elements.2.width','100'),
('globalSets.fc8f160e-7247-4a54-b0c3-7d4503de2523.fieldLayouts.f669aaf6-c201-408e-be19-f664074995f7.tabs.0.name','\"Footer\"'),
('globalSets.fc8f160e-7247-4a54-b0c3-7d4503de2523.fieldLayouts.f669aaf6-c201-408e-be19-f664074995f7.tabs.0.uid','\"1c9a4e6a-fe49-431e-ac65-d95bebef41ad\"'),
('globalSets.fc8f160e-7247-4a54-b0c3-7d4503de2523.fieldLayouts.f669aaf6-c201-408e-be19-f664074995f7.tabs.0.userCondition','null'),
('globalSets.fc8f160e-7247-4a54-b0c3-7d4503de2523.fieldLayouts.f669aaf6-c201-408e-be19-f664074995f7.tabs.1.elementCondition','null'),
('globalSets.fc8f160e-7247-4a54-b0c3-7d4503de2523.fieldLayouts.f669aaf6-c201-408e-be19-f664074995f7.tabs.1.elements.0.elementCondition','null'),
('globalSets.fc8f160e-7247-4a54-b0c3-7d4503de2523.fieldLayouts.f669aaf6-c201-408e-be19-f664074995f7.tabs.1.elements.0.fieldUid','\"8c1da397-dded-4767-b3c9-14405e70d49f\"'),
('globalSets.fc8f160e-7247-4a54-b0c3-7d4503de2523.fieldLayouts.f669aaf6-c201-408e-be19-f664074995f7.tabs.1.elements.0.handle','\"newsHomepageTitle\"'),
('globalSets.fc8f160e-7247-4a54-b0c3-7d4503de2523.fieldLayouts.f669aaf6-c201-408e-be19-f664074995f7.tabs.1.elements.0.includeInCards','false'),
('globalSets.fc8f160e-7247-4a54-b0c3-7d4503de2523.fieldLayouts.f669aaf6-c201-408e-be19-f664074995f7.tabs.1.elements.0.instructions','null'),
('globalSets.fc8f160e-7247-4a54-b0c3-7d4503de2523.fieldLayouts.f669aaf6-c201-408e-be19-f664074995f7.tabs.1.elements.0.label','\"News Homepage Title\"'),
('globalSets.fc8f160e-7247-4a54-b0c3-7d4503de2523.fieldLayouts.f669aaf6-c201-408e-be19-f664074995f7.tabs.1.elements.0.providesThumbs','false'),
('globalSets.fc8f160e-7247-4a54-b0c3-7d4503de2523.fieldLayouts.f669aaf6-c201-408e-be19-f664074995f7.tabs.1.elements.0.required','false'),
('globalSets.fc8f160e-7247-4a54-b0c3-7d4503de2523.fieldLayouts.f669aaf6-c201-408e-be19-f664074995f7.tabs.1.elements.0.tip','null'),
('globalSets.fc8f160e-7247-4a54-b0c3-7d4503de2523.fieldLayouts.f669aaf6-c201-408e-be19-f664074995f7.tabs.1.elements.0.type','\"craft\\\\fieldlayoutelements\\\\CustomField\"'),
('globalSets.fc8f160e-7247-4a54-b0c3-7d4503de2523.fieldLayouts.f669aaf6-c201-408e-be19-f664074995f7.tabs.1.elements.0.uid','\"5cbb5c61-134e-44e4-ac10-940c0d684720\"'),
('globalSets.fc8f160e-7247-4a54-b0c3-7d4503de2523.fieldLayouts.f669aaf6-c201-408e-be19-f664074995f7.tabs.1.elements.0.userCondition','null'),
('globalSets.fc8f160e-7247-4a54-b0c3-7d4503de2523.fieldLayouts.f669aaf6-c201-408e-be19-f664074995f7.tabs.1.elements.0.warning','null'),
('globalSets.fc8f160e-7247-4a54-b0c3-7d4503de2523.fieldLayouts.f669aaf6-c201-408e-be19-f664074995f7.tabs.1.elements.0.width','100'),
('globalSets.fc8f160e-7247-4a54-b0c3-7d4503de2523.fieldLayouts.f669aaf6-c201-408e-be19-f664074995f7.tabs.1.elements.1.elementCondition','null'),
('globalSets.fc8f160e-7247-4a54-b0c3-7d4503de2523.fieldLayouts.f669aaf6-c201-408e-be19-f664074995f7.tabs.1.elements.1.fieldUid','\"8c1da397-dded-4767-b3c9-14405e70d49f\"'),
('globalSets.fc8f160e-7247-4a54-b0c3-7d4503de2523.fieldLayouts.f669aaf6-c201-408e-be19-f664074995f7.tabs.1.elements.1.handle','\"totyNewsSubpageTitle\"'),
('globalSets.fc8f160e-7247-4a54-b0c3-7d4503de2523.fieldLayouts.f669aaf6-c201-408e-be19-f664074995f7.tabs.1.elements.1.includeInCards','false'),
('globalSets.fc8f160e-7247-4a54-b0c3-7d4503de2523.fieldLayouts.f669aaf6-c201-408e-be19-f664074995f7.tabs.1.elements.1.instructions','\"Use H5\"'),
('globalSets.fc8f160e-7247-4a54-b0c3-7d4503de2523.fieldLayouts.f669aaf6-c201-408e-be19-f664074995f7.tabs.1.elements.1.label','\"News Subpage Title\"'),
('globalSets.fc8f160e-7247-4a54-b0c3-7d4503de2523.fieldLayouts.f669aaf6-c201-408e-be19-f664074995f7.tabs.1.elements.1.providesThumbs','false'),
('globalSets.fc8f160e-7247-4a54-b0c3-7d4503de2523.fieldLayouts.f669aaf6-c201-408e-be19-f664074995f7.tabs.1.elements.1.required','false'),
('globalSets.fc8f160e-7247-4a54-b0c3-7d4503de2523.fieldLayouts.f669aaf6-c201-408e-be19-f664074995f7.tabs.1.elements.1.tip','null'),
('globalSets.fc8f160e-7247-4a54-b0c3-7d4503de2523.fieldLayouts.f669aaf6-c201-408e-be19-f664074995f7.tabs.1.elements.1.type','\"craft\\\\fieldlayoutelements\\\\CustomField\"'),
('globalSets.fc8f160e-7247-4a54-b0c3-7d4503de2523.fieldLayouts.f669aaf6-c201-408e-be19-f664074995f7.tabs.1.elements.1.uid','\"4ff07ed0-94e0-418a-9583-d811e8a7925d\"'),
('globalSets.fc8f160e-7247-4a54-b0c3-7d4503de2523.fieldLayouts.f669aaf6-c201-408e-be19-f664074995f7.tabs.1.elements.1.userCondition','null'),
('globalSets.fc8f160e-7247-4a54-b0c3-7d4503de2523.fieldLayouts.f669aaf6-c201-408e-be19-f664074995f7.tabs.1.elements.1.warning','null'),
('globalSets.fc8f160e-7247-4a54-b0c3-7d4503de2523.fieldLayouts.f669aaf6-c201-408e-be19-f664074995f7.tabs.1.elements.1.width','100'),
('globalSets.fc8f160e-7247-4a54-b0c3-7d4503de2523.fieldLayouts.f669aaf6-c201-408e-be19-f664074995f7.tabs.1.elements.2.elementCondition','null'),
('globalSets.fc8f160e-7247-4a54-b0c3-7d4503de2523.fieldLayouts.f669aaf6-c201-408e-be19-f664074995f7.tabs.1.elements.2.fieldUid','\"c23a6f83-b41c-44b1-b1ec-ec87a8e12936\"'),
('globalSets.fc8f160e-7247-4a54-b0c3-7d4503de2523.fieldLayouts.f669aaf6-c201-408e-be19-f664074995f7.tabs.1.elements.2.handle','\"newsArticleLinkText\"'),
('globalSets.fc8f160e-7247-4a54-b0c3-7d4503de2523.fieldLayouts.f669aaf6-c201-408e-be19-f664074995f7.tabs.1.elements.2.includeInCards','false'),
('globalSets.fc8f160e-7247-4a54-b0c3-7d4503de2523.fieldLayouts.f669aaf6-c201-408e-be19-f664074995f7.tabs.1.elements.2.instructions','null'),
('globalSets.fc8f160e-7247-4a54-b0c3-7d4503de2523.fieldLayouts.f669aaf6-c201-408e-be19-f664074995f7.tabs.1.elements.2.label','\"News Article Link Text\"'),
('globalSets.fc8f160e-7247-4a54-b0c3-7d4503de2523.fieldLayouts.f669aaf6-c201-408e-be19-f664074995f7.tabs.1.elements.2.providesThumbs','false'),
('globalSets.fc8f160e-7247-4a54-b0c3-7d4503de2523.fieldLayouts.f669aaf6-c201-408e-be19-f664074995f7.tabs.1.elements.2.required','false'),
('globalSets.fc8f160e-7247-4a54-b0c3-7d4503de2523.fieldLayouts.f669aaf6-c201-408e-be19-f664074995f7.tabs.1.elements.2.tip','null'),
('globalSets.fc8f160e-7247-4a54-b0c3-7d4503de2523.fieldLayouts.f669aaf6-c201-408e-be19-f664074995f7.tabs.1.elements.2.type','\"craft\\\\fieldlayoutelements\\\\CustomField\"'),
('globalSets.fc8f160e-7247-4a54-b0c3-7d4503de2523.fieldLayouts.f669aaf6-c201-408e-be19-f664074995f7.tabs.1.elements.2.uid','\"c4a45a82-9aa3-4997-b667-82b29d0d3493\"'),
('globalSets.fc8f160e-7247-4a54-b0c3-7d4503de2523.fieldLayouts.f669aaf6-c201-408e-be19-f664074995f7.tabs.1.elements.2.userCondition','null'),
('globalSets.fc8f160e-7247-4a54-b0c3-7d4503de2523.fieldLayouts.f669aaf6-c201-408e-be19-f664074995f7.tabs.1.elements.2.warning','null'),
('globalSets.fc8f160e-7247-4a54-b0c3-7d4503de2523.fieldLayouts.f669aaf6-c201-408e-be19-f664074995f7.tabs.1.elements.2.width','100'),
('globalSets.fc8f160e-7247-4a54-b0c3-7d4503de2523.fieldLayouts.f669aaf6-c201-408e-be19-f664074995f7.tabs.1.name','\"News\"'),
('globalSets.fc8f160e-7247-4a54-b0c3-7d4503de2523.fieldLayouts.f669aaf6-c201-408e-be19-f664074995f7.tabs.1.uid','\"937c09c7-901a-416a-ae23-9cfa13125b58\"'),
('globalSets.fc8f160e-7247-4a54-b0c3-7d4503de2523.fieldLayouts.f669aaf6-c201-408e-be19-f664074995f7.tabs.1.userCondition','null'),
('globalSets.fc8f160e-7247-4a54-b0c3-7d4503de2523.fieldLayouts.f669aaf6-c201-408e-be19-f664074995f7.tabs.2.elementCondition','null'),
('globalSets.fc8f160e-7247-4a54-b0c3-7d4503de2523.fieldLayouts.f669aaf6-c201-408e-be19-f664074995f7.tabs.2.elements.0.elementCondition','null'),
('globalSets.fc8f160e-7247-4a54-b0c3-7d4503de2523.fieldLayouts.f669aaf6-c201-408e-be19-f664074995f7.tabs.2.elements.0.fieldUid','\"8c1da397-dded-4767-b3c9-14405e70d49f\"'),
('globalSets.fc8f160e-7247-4a54-b0c3-7d4503de2523.fieldLayouts.f669aaf6-c201-408e-be19-f664074995f7.tabs.2.elements.0.handle','\"totySponsoredHeadline\"'),
('globalSets.fc8f160e-7247-4a54-b0c3-7d4503de2523.fieldLayouts.f669aaf6-c201-408e-be19-f664074995f7.tabs.2.elements.0.includeInCards','false'),
('globalSets.fc8f160e-7247-4a54-b0c3-7d4503de2523.fieldLayouts.f669aaf6-c201-408e-be19-f664074995f7.tabs.2.elements.0.instructions','null'),
('globalSets.fc8f160e-7247-4a54-b0c3-7d4503de2523.fieldLayouts.f669aaf6-c201-408e-be19-f664074995f7.tabs.2.elements.0.label','\"TOTY Sponsored Headline\"'),
('globalSets.fc8f160e-7247-4a54-b0c3-7d4503de2523.fieldLayouts.f669aaf6-c201-408e-be19-f664074995f7.tabs.2.elements.0.providesThumbs','false'),
('globalSets.fc8f160e-7247-4a54-b0c3-7d4503de2523.fieldLayouts.f669aaf6-c201-408e-be19-f664074995f7.tabs.2.elements.0.required','false'),
('globalSets.fc8f160e-7247-4a54-b0c3-7d4503de2523.fieldLayouts.f669aaf6-c201-408e-be19-f664074995f7.tabs.2.elements.0.tip','null'),
('globalSets.fc8f160e-7247-4a54-b0c3-7d4503de2523.fieldLayouts.f669aaf6-c201-408e-be19-f664074995f7.tabs.2.elements.0.type','\"craft\\\\fieldlayoutelements\\\\CustomField\"'),
('globalSets.fc8f160e-7247-4a54-b0c3-7d4503de2523.fieldLayouts.f669aaf6-c201-408e-be19-f664074995f7.tabs.2.elements.0.uid','\"f2102891-a853-477e-8d0c-7b950e181fc0\"'),
('globalSets.fc8f160e-7247-4a54-b0c3-7d4503de2523.fieldLayouts.f669aaf6-c201-408e-be19-f664074995f7.tabs.2.elements.0.userCondition','null'),
('globalSets.fc8f160e-7247-4a54-b0c3-7d4503de2523.fieldLayouts.f669aaf6-c201-408e-be19-f664074995f7.tabs.2.elements.0.warning','null'),
('globalSets.fc8f160e-7247-4a54-b0c3-7d4503de2523.fieldLayouts.f669aaf6-c201-408e-be19-f664074995f7.tabs.2.elements.0.width','100'),
('globalSets.fc8f160e-7247-4a54-b0c3-7d4503de2523.fieldLayouts.f669aaf6-c201-408e-be19-f664074995f7.tabs.2.elements.1.elementCondition','null'),
('globalSets.fc8f160e-7247-4a54-b0c3-7d4503de2523.fieldLayouts.f669aaf6-c201-408e-be19-f664074995f7.tabs.2.elements.1.fieldUid','\"c5ce6e01-a43d-4e48-8955-856e95062c71\"'),
('globalSets.fc8f160e-7247-4a54-b0c3-7d4503de2523.fieldLayouts.f669aaf6-c201-408e-be19-f664074995f7.tabs.2.elements.1.handle','null'),
('globalSets.fc8f160e-7247-4a54-b0c3-7d4503de2523.fieldLayouts.f669aaf6-c201-408e-be19-f664074995f7.tabs.2.elements.1.includeInCards','false'),
('globalSets.fc8f160e-7247-4a54-b0c3-7d4503de2523.fieldLayouts.f669aaf6-c201-408e-be19-f664074995f7.tabs.2.elements.1.instructions','null'),
('globalSets.fc8f160e-7247-4a54-b0c3-7d4503de2523.fieldLayouts.f669aaf6-c201-408e-be19-f664074995f7.tabs.2.elements.1.label','null'),
('globalSets.fc8f160e-7247-4a54-b0c3-7d4503de2523.fieldLayouts.f669aaf6-c201-408e-be19-f664074995f7.tabs.2.elements.1.providesThumbs','false'),
('globalSets.fc8f160e-7247-4a54-b0c3-7d4503de2523.fieldLayouts.f669aaf6-c201-408e-be19-f664074995f7.tabs.2.elements.1.required','false'),
('globalSets.fc8f160e-7247-4a54-b0c3-7d4503de2523.fieldLayouts.f669aaf6-c201-408e-be19-f664074995f7.tabs.2.elements.1.tip','null'),
('globalSets.fc8f160e-7247-4a54-b0c3-7d4503de2523.fieldLayouts.f669aaf6-c201-408e-be19-f664074995f7.tabs.2.elements.1.type','\"craft\\\\fieldlayoutelements\\\\CustomField\"'),
('globalSets.fc8f160e-7247-4a54-b0c3-7d4503de2523.fieldLayouts.f669aaf6-c201-408e-be19-f664074995f7.tabs.2.elements.1.uid','\"e4cc27a4-7f6d-468f-a5da-0b66130b70ab\"'),
('globalSets.fc8f160e-7247-4a54-b0c3-7d4503de2523.fieldLayouts.f669aaf6-c201-408e-be19-f664074995f7.tabs.2.elements.1.userCondition','null'),
('globalSets.fc8f160e-7247-4a54-b0c3-7d4503de2523.fieldLayouts.f669aaf6-c201-408e-be19-f664074995f7.tabs.2.elements.1.warning','null'),
('globalSets.fc8f160e-7247-4a54-b0c3-7d4503de2523.fieldLayouts.f669aaf6-c201-408e-be19-f664074995f7.tabs.2.elements.1.width','100'),
('globalSets.fc8f160e-7247-4a54-b0c3-7d4503de2523.fieldLayouts.f669aaf6-c201-408e-be19-f664074995f7.tabs.2.name','\"Sponsors\"'),
('globalSets.fc8f160e-7247-4a54-b0c3-7d4503de2523.fieldLayouts.f669aaf6-c201-408e-be19-f664074995f7.tabs.2.uid','\"c380cfc5-fcaa-47b7-a501-f7c8ca9704b8\"'),
('globalSets.fc8f160e-7247-4a54-b0c3-7d4503de2523.fieldLayouts.f669aaf6-c201-408e-be19-f664074995f7.tabs.2.userCondition','null'),
('globalSets.fc8f160e-7247-4a54-b0c3-7d4503de2523.handle','\"toty\"'),
('globalSets.fc8f160e-7247-4a54-b0c3-7d4503de2523.name','\"TOTY\"'),
('globalSets.fc8f160e-7247-4a54-b0c3-7d4503de2523.sortOrder','1'),
('graphql.schemas.3ebb4f2a-0a35-4741-9bb2-890fcd36496a.isPublic','true'),
('graphql.schemas.3ebb4f2a-0a35-4741-9bb2-890fcd36496a.name','\"Public Schema\"'),
('imageTransforms.f4adb1a2-5a76-4c42-81ad-521182021fa0.fill','null'),
('imageTransforms.f4adb1a2-5a76-4c42-81ad-521182021fa0.format','null'),
('imageTransforms.f4adb1a2-5a76-4c42-81ad-521182021fa0.handle','\"transformheightreduce\"'),
('imageTransforms.f4adb1a2-5a76-4c42-81ad-521182021fa0.height','300'),
('imageTransforms.f4adb1a2-5a76-4c42-81ad-521182021fa0.interlace','\"none\"'),
('imageTransforms.f4adb1a2-5a76-4c42-81ad-521182021fa0.mode','\"crop\"'),
('imageTransforms.f4adb1a2-5a76-4c42-81ad-521182021fa0.name','\"transformHeightReduce\"'),
('imageTransforms.f4adb1a2-5a76-4c42-81ad-521182021fa0.position','\"center-center\"'),
('imageTransforms.f4adb1a2-5a76-4c42-81ad-521182021fa0.quality','null'),
('imageTransforms.f4adb1a2-5a76-4c42-81ad-521182021fa0.upscale','true'),
('imageTransforms.f4adb1a2-5a76-4c42-81ad-521182021fa0.width','null'),
('meta.__names__.0e0a6d24-b1f7-49af-af02-e7644edf9bd2','\"Generic Code\"'),
('meta.__names__.2771cc09-e416-463d-8f6d-80b16024deb6','\"TOTY Sponsor\"'),
('meta.__names__.291b1495-43b4-4e8f-a840-a0185f71065d','\"Technician of the Year News\"'),
('meta.__names__.2d30775d-a573-452b-b5f0-43bbc608c003','\"TOTY-Winners\"'),
('meta.__names__.3645fb62-849c-4fad-bedf-a9b16905678d','\"Generic Simple Text\"'),
('meta.__names__.3a21ffb5-1a24-4208-8bec-e56337460119','\"Generic Image\"'),
('meta.__names__.3badd6c8-5419-4a60-807b-78af194e1c83','\"Companies\"'),
('meta.__names__.3ebb4f2a-0a35-4741-9bb2-890fcd36496a','\"Public Schema\"'),
('meta.__names__.443bf834-ed35-4584-aacb-b6e821d638cf','\"TOTY-News\"'),
('meta.__names__.49025173-23bf-4e27-ac2d-d883e2360e7d','\"Technician of the Year Winners\"'),
('meta.__names__.5a828afc-b609-4281-8a76-2757d6ced8ec','\"TOTY-Year\"'),
('meta.__names__.6a4f30dc-6d98-4a51-abbb-2d34ce013074','\"Company Logos\"'),
('meta.__names__.73134061-c1fd-408b-b8f6-0e2f3a7980ac','\"Technician of the Year\"'),
('meta.__names__.799587c0-e7f6-4dd8-afa5-cead8788c1b2','\"Changeable\"'),
('meta.__names__.8c1da397-dded-4767-b3c9-14405e70d49f','\"Footer Headline\"'),
('meta.__names__.9081c6cf-d1f7-490f-af39-7b41b46c5880','\"ASTOUND General Text\"'),
('meta.__names__.95a1adc1-9754-4084-81e0-4b06b036aa65','\"Home\"'),
('meta.__names__.a85e4dc1-904b-42b2-a6f9-2d8c5534f5d3','\"Generic Text\"'),
('meta.__names__.aff98301-f901-451b-9ae8-e947b8486f72','\"Event Images\"'),
('meta.__names__.b12124a6-c5cf-4e55-af81-549991ec358b','\"TOTY-Home\"'),
('meta.__names__.b5b3e019-569e-4193-8e86-a2611d84816a','\"Test\"'),
('meta.__names__.c23a6f83-b41c-44b1-b1ec-ec87a8e12936','\"ChangeableText\"'),
('meta.__names__.c3e1f755-cc27-4582-8e75-933b9812abad','\"Company Logo\"'),
('meta.__names__.c5ce6e01-a43d-4e48-8955-856e95062c71','\"TOTY Sponsor List\"'),
('meta.__names__.c9d52f0e-5cfd-4c3c-86d6-58bce17a7d9d','\"Simple\"'),
('meta.__names__.d35c0b9a-f451-4076-8e42-852458029808','\"TOTY-News Article\"'),
('meta.__names__.dc2835de-6f5d-4318-bb02-5cf8b19ec412','\"TOTY-NewsList\"'),
('meta.__names__.f4adb1a2-5a76-4c42-81ad-521182021fa0','\"transformHeightReduce\"'),
('meta.__names__.fc8f160e-7247-4a54-b0c3-7d4503de2523','\"TOTY\"'),
('meta.__names__.fe74c286-c747-44a7-80fd-5c0e0514bad5','\"Alliance Group\"'),
('plugins.ckeditor.edition','\"standard\"'),
('plugins.ckeditor.enabled','true'),
('plugins.ckeditor.schemaVersion','\"3.0.0.0\"'),
('sections.291b1495-43b4-4e8f-a840-a0185f71065d.defaultPlacement','\"end\"'),
('sections.291b1495-43b4-4e8f-a840-a0185f71065d.enableVersioning','true'),
('sections.291b1495-43b4-4e8f-a840-a0185f71065d.entryTypes.0','\"dc2835de-6f5d-4318-bb02-5cf8b19ec412\"'),
('sections.291b1495-43b4-4e8f-a840-a0185f71065d.handle','\"technicianOfTheYearNews\"'),
('sections.291b1495-43b4-4e8f-a840-a0185f71065d.maxAuthors','1'),
('sections.291b1495-43b4-4e8f-a840-a0185f71065d.name','\"Technician of the Year News\"'),
('sections.291b1495-43b4-4e8f-a840-a0185f71065d.previewTargets.0.__assoc__.0.0','\"label\"'),
('sections.291b1495-43b4-4e8f-a840-a0185f71065d.previewTargets.0.__assoc__.0.1','\"Primary entry page\"'),
('sections.291b1495-43b4-4e8f-a840-a0185f71065d.previewTargets.0.__assoc__.1.0','\"urlFormat\"'),
('sections.291b1495-43b4-4e8f-a840-a0185f71065d.previewTargets.0.__assoc__.1.1','\"{url}\"'),
('sections.291b1495-43b4-4e8f-a840-a0185f71065d.previewTargets.0.__assoc__.2.0','\"refresh\"'),
('sections.291b1495-43b4-4e8f-a840-a0185f71065d.previewTargets.0.__assoc__.2.1','\"1\"'),
('sections.291b1495-43b4-4e8f-a840-a0185f71065d.propagationMethod','\"all\"'),
('sections.291b1495-43b4-4e8f-a840-a0185f71065d.siteSettings.73134061-c1fd-408b-b8f6-0e2f3a7980ac.enabledByDefault','true'),
('sections.291b1495-43b4-4e8f-a840-a0185f71065d.siteSettings.73134061-c1fd-408b-b8f6-0e2f3a7980ac.hasUrls','true'),
('sections.291b1495-43b4-4e8f-a840-a0185f71065d.siteSettings.73134061-c1fd-408b-b8f6-0e2f3a7980ac.template','\"_toty/_news.twig\"'),
('sections.291b1495-43b4-4e8f-a840-a0185f71065d.siteSettings.73134061-c1fd-408b-b8f6-0e2f3a7980ac.uriFormat','\"news\"'),
('sections.291b1495-43b4-4e8f-a840-a0185f71065d.type','\"single\"'),
('sections.443bf834-ed35-4584-aacb-b6e821d638cf.defaultPlacement','\"end\"'),
('sections.443bf834-ed35-4584-aacb-b6e821d638cf.enableVersioning','true'),
('sections.443bf834-ed35-4584-aacb-b6e821d638cf.entryTypes.0','\"d35c0b9a-f451-4076-8e42-852458029808\"'),
('sections.443bf834-ed35-4584-aacb-b6e821d638cf.handle','\"totyNews\"'),
('sections.443bf834-ed35-4584-aacb-b6e821d638cf.maxAuthors','1'),
('sections.443bf834-ed35-4584-aacb-b6e821d638cf.name','\"TOTY-News\"'),
('sections.443bf834-ed35-4584-aacb-b6e821d638cf.previewTargets.0.__assoc__.0.0','\"label\"'),
('sections.443bf834-ed35-4584-aacb-b6e821d638cf.previewTargets.0.__assoc__.0.1','\"Primary entry page\"'),
('sections.443bf834-ed35-4584-aacb-b6e821d638cf.previewTargets.0.__assoc__.1.0','\"urlFormat\"'),
('sections.443bf834-ed35-4584-aacb-b6e821d638cf.previewTargets.0.__assoc__.1.1','\"{url}\"'),
('sections.443bf834-ed35-4584-aacb-b6e821d638cf.previewTargets.0.__assoc__.2.0','\"refresh\"'),
('sections.443bf834-ed35-4584-aacb-b6e821d638cf.previewTargets.0.__assoc__.2.1','\"1\"'),
('sections.443bf834-ed35-4584-aacb-b6e821d638cf.propagationMethod','\"all\"'),
('sections.443bf834-ed35-4584-aacb-b6e821d638cf.siteSettings.73134061-c1fd-408b-b8f6-0e2f3a7980ac.enabledByDefault','true'),
('sections.443bf834-ed35-4584-aacb-b6e821d638cf.siteSettings.73134061-c1fd-408b-b8f6-0e2f3a7980ac.hasUrls','true'),
('sections.443bf834-ed35-4584-aacb-b6e821d638cf.siteSettings.73134061-c1fd-408b-b8f6-0e2f3a7980ac.template','\"_toty/_newsArticle.twig\"'),
('sections.443bf834-ed35-4584-aacb-b6e821d638cf.siteSettings.73134061-c1fd-408b-b8f6-0e2f3a7980ac.uriFormat','\"news/{slug}\"'),
('sections.443bf834-ed35-4584-aacb-b6e821d638cf.type','\"channel\"'),
('sections.49025173-23bf-4e27-ac2d-d883e2360e7d.defaultPlacement','\"end\"'),
('sections.49025173-23bf-4e27-ac2d-d883e2360e7d.enableVersioning','true'),
('sections.49025173-23bf-4e27-ac2d-d883e2360e7d.entryTypes.0','\"2d30775d-a573-452b-b5f0-43bbc608c003\"'),
('sections.49025173-23bf-4e27-ac2d-d883e2360e7d.handle','\"technicianOfTheYearWinners\"'),
('sections.49025173-23bf-4e27-ac2d-d883e2360e7d.maxAuthors','1'),
('sections.49025173-23bf-4e27-ac2d-d883e2360e7d.name','\"Technician of the Year Winners\"'),
('sections.49025173-23bf-4e27-ac2d-d883e2360e7d.previewTargets.0.__assoc__.0.0','\"label\"'),
('sections.49025173-23bf-4e27-ac2d-d883e2360e7d.previewTargets.0.__assoc__.0.1','\"Primary entry page\"'),
('sections.49025173-23bf-4e27-ac2d-d883e2360e7d.previewTargets.0.__assoc__.1.0','\"urlFormat\"'),
('sections.49025173-23bf-4e27-ac2d-d883e2360e7d.previewTargets.0.__assoc__.1.1','\"{url}\"'),
('sections.49025173-23bf-4e27-ac2d-d883e2360e7d.previewTargets.0.__assoc__.2.0','\"refresh\"'),
('sections.49025173-23bf-4e27-ac2d-d883e2360e7d.previewTargets.0.__assoc__.2.1','\"1\"'),
('sections.49025173-23bf-4e27-ac2d-d883e2360e7d.propagationMethod','\"all\"'),
('sections.49025173-23bf-4e27-ac2d-d883e2360e7d.siteSettings.73134061-c1fd-408b-b8f6-0e2f3a7980ac.enabledByDefault','true'),
('sections.49025173-23bf-4e27-ac2d-d883e2360e7d.siteSettings.73134061-c1fd-408b-b8f6-0e2f3a7980ac.hasUrls','true'),
('sections.49025173-23bf-4e27-ac2d-d883e2360e7d.siteSettings.73134061-c1fd-408b-b8f6-0e2f3a7980ac.template','\"_toty/_winners\"'),
('sections.49025173-23bf-4e27-ac2d-d883e2360e7d.siteSettings.73134061-c1fd-408b-b8f6-0e2f3a7980ac.uriFormat','\"winners\"'),
('sections.49025173-23bf-4e27-ac2d-d883e2360e7d.type','\"single\"'),
('sections.95a1adc1-9754-4084-81e0-4b06b036aa65.defaultPlacement','\"end\"'),
('sections.95a1adc1-9754-4084-81e0-4b06b036aa65.enableVersioning','true'),
('sections.95a1adc1-9754-4084-81e0-4b06b036aa65.entryTypes.0','\"b12124a6-c5cf-4e55-af81-549991ec358b\"'),
('sections.95a1adc1-9754-4084-81e0-4b06b036aa65.handle','\"totyhome\"'),
('sections.95a1adc1-9754-4084-81e0-4b06b036aa65.maxAuthors','1'),
('sections.95a1adc1-9754-4084-81e0-4b06b036aa65.name','\"Home\"'),
('sections.95a1adc1-9754-4084-81e0-4b06b036aa65.previewTargets.0.__assoc__.0.0','\"label\"'),
('sections.95a1adc1-9754-4084-81e0-4b06b036aa65.previewTargets.0.__assoc__.0.1','\"Primary entry page\"'),
('sections.95a1adc1-9754-4084-81e0-4b06b036aa65.previewTargets.0.__assoc__.1.0','\"urlFormat\"'),
('sections.95a1adc1-9754-4084-81e0-4b06b036aa65.previewTargets.0.__assoc__.1.1','\"{url}\"'),
('sections.95a1adc1-9754-4084-81e0-4b06b036aa65.previewTargets.0.__assoc__.2.0','\"refresh\"'),
('sections.95a1adc1-9754-4084-81e0-4b06b036aa65.previewTargets.0.__assoc__.2.1','\"1\"'),
('sections.95a1adc1-9754-4084-81e0-4b06b036aa65.propagationMethod','\"all\"'),
('sections.95a1adc1-9754-4084-81e0-4b06b036aa65.siteSettings.73134061-c1fd-408b-b8f6-0e2f3a7980ac.enabledByDefault','true'),
('sections.95a1adc1-9754-4084-81e0-4b06b036aa65.siteSettings.73134061-c1fd-408b-b8f6-0e2f3a7980ac.hasUrls','true'),
('sections.95a1adc1-9754-4084-81e0-4b06b036aa65.siteSettings.73134061-c1fd-408b-b8f6-0e2f3a7980ac.template','\"index\"'),
('sections.95a1adc1-9754-4084-81e0-4b06b036aa65.siteSettings.73134061-c1fd-408b-b8f6-0e2f3a7980ac.uriFormat','\"__home__\"'),
('sections.95a1adc1-9754-4084-81e0-4b06b036aa65.type','\"single\"'),
('siteGroups.fe74c286-c747-44a7-80fd-5c0e0514bad5.name','\"Alliance Group\"'),
('sites.73134061-c1fd-408b-b8f6-0e2f3a7980ac.baseUrl','\"https://www.technicianoftheyear.com\"'),
('sites.73134061-c1fd-408b-b8f6-0e2f3a7980ac.enabled','true'),
('sites.73134061-c1fd-408b-b8f6-0e2f3a7980ac.handle','\"default\"'),
('sites.73134061-c1fd-408b-b8f6-0e2f3a7980ac.hasUrls','true'),
('sites.73134061-c1fd-408b-b8f6-0e2f3a7980ac.language','\"en-US\"'),
('sites.73134061-c1fd-408b-b8f6-0e2f3a7980ac.name','\"Technician of the Year\"'),
('sites.73134061-c1fd-408b-b8f6-0e2f3a7980ac.primary','true'),
('sites.73134061-c1fd-408b-b8f6-0e2f3a7980ac.siteGroup','\"fe74c286-c747-44a7-80fd-5c0e0514bad5\"'),
('sites.73134061-c1fd-408b-b8f6-0e2f3a7980ac.sortOrder','1'),
('sites.b5b3e019-569e-4193-8e86-a2611d84816a.baseUrl','\"https://test.alliance.site\"'),
('sites.b5b3e019-569e-4193-8e86-a2611d84816a.enabled','\"1\"'),
('sites.b5b3e019-569e-4193-8e86-a2611d84816a.handle','\"test\"'),
('sites.b5b3e019-569e-4193-8e86-a2611d84816a.hasUrls','true'),
('sites.b5b3e019-569e-4193-8e86-a2611d84816a.language','\"en-US\"'),
('sites.b5b3e019-569e-4193-8e86-a2611d84816a.name','\"Test\"'),
('sites.b5b3e019-569e-4193-8e86-a2611d84816a.primary','false'),
('sites.b5b3e019-569e-4193-8e86-a2611d84816a.siteGroup','\"fe74c286-c747-44a7-80fd-5c0e0514bad5\"'),
('sites.b5b3e019-569e-4193-8e86-a2611d84816a.sortOrder','2'),
('system.edition','\"solo\"'),
('system.live','true'),
('system.name','\"Alliance Group\"'),
('system.retryDuration','null'),
('system.schemaVersion','\"5.5.0.0\"'),
('system.timeZone','\"America/Los_Angeles\"'),
('users.allowPublicRegistration','false'),
('users.defaultGroup','null'),
('users.photoSubpath','null'),
('users.photoVolumeUid','null'),
('users.require2fa','false'),
('users.requireEmailVerification','true'),
('volumes.6a4f30dc-6d98-4a51-abbb-2d34ce013074.altTranslationKeyFormat','null'),
('volumes.6a4f30dc-6d98-4a51-abbb-2d34ce013074.altTranslationMethod','\"none\"'),
('volumes.6a4f30dc-6d98-4a51-abbb-2d34ce013074.fieldLayouts.d0306a82-8a8f-4ade-a6bf-e1ad80c2717a.tabs.0.elementCondition','null'),
('volumes.6a4f30dc-6d98-4a51-abbb-2d34ce013074.fieldLayouts.d0306a82-8a8f-4ade-a6bf-e1ad80c2717a.tabs.0.elements.0.autocapitalize','true'),
('volumes.6a4f30dc-6d98-4a51-abbb-2d34ce013074.fieldLayouts.d0306a82-8a8f-4ade-a6bf-e1ad80c2717a.tabs.0.elements.0.autocomplete','false'),
('volumes.6a4f30dc-6d98-4a51-abbb-2d34ce013074.fieldLayouts.d0306a82-8a8f-4ade-a6bf-e1ad80c2717a.tabs.0.elements.0.autocorrect','true'),
('volumes.6a4f30dc-6d98-4a51-abbb-2d34ce013074.fieldLayouts.d0306a82-8a8f-4ade-a6bf-e1ad80c2717a.tabs.0.elements.0.class','null'),
('volumes.6a4f30dc-6d98-4a51-abbb-2d34ce013074.fieldLayouts.d0306a82-8a8f-4ade-a6bf-e1ad80c2717a.tabs.0.elements.0.disabled','false'),
('volumes.6a4f30dc-6d98-4a51-abbb-2d34ce013074.fieldLayouts.d0306a82-8a8f-4ade-a6bf-e1ad80c2717a.tabs.0.elements.0.elementCondition','null'),
('volumes.6a4f30dc-6d98-4a51-abbb-2d34ce013074.fieldLayouts.d0306a82-8a8f-4ade-a6bf-e1ad80c2717a.tabs.0.elements.0.id','null'),
('volumes.6a4f30dc-6d98-4a51-abbb-2d34ce013074.fieldLayouts.d0306a82-8a8f-4ade-a6bf-e1ad80c2717a.tabs.0.elements.0.includeInCards','false'),
('volumes.6a4f30dc-6d98-4a51-abbb-2d34ce013074.fieldLayouts.d0306a82-8a8f-4ade-a6bf-e1ad80c2717a.tabs.0.elements.0.inputType','null'),
('volumes.6a4f30dc-6d98-4a51-abbb-2d34ce013074.fieldLayouts.d0306a82-8a8f-4ade-a6bf-e1ad80c2717a.tabs.0.elements.0.instructions','null'),
('volumes.6a4f30dc-6d98-4a51-abbb-2d34ce013074.fieldLayouts.d0306a82-8a8f-4ade-a6bf-e1ad80c2717a.tabs.0.elements.0.label','null'),
('volumes.6a4f30dc-6d98-4a51-abbb-2d34ce013074.fieldLayouts.d0306a82-8a8f-4ade-a6bf-e1ad80c2717a.tabs.0.elements.0.max','null'),
('volumes.6a4f30dc-6d98-4a51-abbb-2d34ce013074.fieldLayouts.d0306a82-8a8f-4ade-a6bf-e1ad80c2717a.tabs.0.elements.0.min','null'),
('volumes.6a4f30dc-6d98-4a51-abbb-2d34ce013074.fieldLayouts.d0306a82-8a8f-4ade-a6bf-e1ad80c2717a.tabs.0.elements.0.name','null'),
('volumes.6a4f30dc-6d98-4a51-abbb-2d34ce013074.fieldLayouts.d0306a82-8a8f-4ade-a6bf-e1ad80c2717a.tabs.0.elements.0.orientation','null'),
('volumes.6a4f30dc-6d98-4a51-abbb-2d34ce013074.fieldLayouts.d0306a82-8a8f-4ade-a6bf-e1ad80c2717a.tabs.0.elements.0.placeholder','null'),
('volumes.6a4f30dc-6d98-4a51-abbb-2d34ce013074.fieldLayouts.d0306a82-8a8f-4ade-a6bf-e1ad80c2717a.tabs.0.elements.0.providesThumbs','false'),
('volumes.6a4f30dc-6d98-4a51-abbb-2d34ce013074.fieldLayouts.d0306a82-8a8f-4ade-a6bf-e1ad80c2717a.tabs.0.elements.0.readonly','false'),
('volumes.6a4f30dc-6d98-4a51-abbb-2d34ce013074.fieldLayouts.d0306a82-8a8f-4ade-a6bf-e1ad80c2717a.tabs.0.elements.0.requirable','false'),
('volumes.6a4f30dc-6d98-4a51-abbb-2d34ce013074.fieldLayouts.d0306a82-8a8f-4ade-a6bf-e1ad80c2717a.tabs.0.elements.0.size','null'),
('volumes.6a4f30dc-6d98-4a51-abbb-2d34ce013074.fieldLayouts.d0306a82-8a8f-4ade-a6bf-e1ad80c2717a.tabs.0.elements.0.step','null'),
('volumes.6a4f30dc-6d98-4a51-abbb-2d34ce013074.fieldLayouts.d0306a82-8a8f-4ade-a6bf-e1ad80c2717a.tabs.0.elements.0.tip','null'),
('volumes.6a4f30dc-6d98-4a51-abbb-2d34ce013074.fieldLayouts.d0306a82-8a8f-4ade-a6bf-e1ad80c2717a.tabs.0.elements.0.title','null'),
('volumes.6a4f30dc-6d98-4a51-abbb-2d34ce013074.fieldLayouts.d0306a82-8a8f-4ade-a6bf-e1ad80c2717a.tabs.0.elements.0.type','\"craft\\\\fieldlayoutelements\\\\assets\\\\AssetTitleField\"'),
('volumes.6a4f30dc-6d98-4a51-abbb-2d34ce013074.fieldLayouts.d0306a82-8a8f-4ade-a6bf-e1ad80c2717a.tabs.0.elements.0.uid','\"ed3db2e1-e3aa-4695-9951-9b9884704f5d\"'),
('volumes.6a4f30dc-6d98-4a51-abbb-2d34ce013074.fieldLayouts.d0306a82-8a8f-4ade-a6bf-e1ad80c2717a.tabs.0.elements.0.userCondition','null'),
('volumes.6a4f30dc-6d98-4a51-abbb-2d34ce013074.fieldLayouts.d0306a82-8a8f-4ade-a6bf-e1ad80c2717a.tabs.0.elements.0.warning','null'),
('volumes.6a4f30dc-6d98-4a51-abbb-2d34ce013074.fieldLayouts.d0306a82-8a8f-4ade-a6bf-e1ad80c2717a.tabs.0.elements.0.width','100'),
('volumes.6a4f30dc-6d98-4a51-abbb-2d34ce013074.fieldLayouts.d0306a82-8a8f-4ade-a6bf-e1ad80c2717a.tabs.0.name','\"Content\"'),
('volumes.6a4f30dc-6d98-4a51-abbb-2d34ce013074.fieldLayouts.d0306a82-8a8f-4ade-a6bf-e1ad80c2717a.tabs.0.uid','\"75678582-1c9d-468a-95fc-ba54620741fd\"'),
('volumes.6a4f30dc-6d98-4a51-abbb-2d34ce013074.fieldLayouts.d0306a82-8a8f-4ade-a6bf-e1ad80c2717a.tabs.0.userCondition','null'),
('volumes.6a4f30dc-6d98-4a51-abbb-2d34ce013074.fs','\"toty\"'),
('volumes.6a4f30dc-6d98-4a51-abbb-2d34ce013074.handle','\"companyLogos\"'),
('volumes.6a4f30dc-6d98-4a51-abbb-2d34ce013074.name','\"Company Logos\"'),
('volumes.6a4f30dc-6d98-4a51-abbb-2d34ce013074.sortOrder','1'),
('volumes.6a4f30dc-6d98-4a51-abbb-2d34ce013074.subpath','\"logos\"'),
('volumes.6a4f30dc-6d98-4a51-abbb-2d34ce013074.titleTranslationKeyFormat','null'),
('volumes.6a4f30dc-6d98-4a51-abbb-2d34ce013074.titleTranslationMethod','\"site\"'),
('volumes.6a4f30dc-6d98-4a51-abbb-2d34ce013074.transformFs','\"toty\"'),
('volumes.6a4f30dc-6d98-4a51-abbb-2d34ce013074.transformSubpath','\"/logos-transformed\"'),
('volumes.aff98301-f901-451b-9ae8-e947b8486f72.altTranslationKeyFormat','null'),
('volumes.aff98301-f901-451b-9ae8-e947b8486f72.altTranslationMethod','\"none\"'),
('volumes.aff98301-f901-451b-9ae8-e947b8486f72.fieldLayouts.e0821d72-dd66-4965-8c3f-fb60cb9d4fba.tabs.0.elementCondition','null'),
('volumes.aff98301-f901-451b-9ae8-e947b8486f72.fieldLayouts.e0821d72-dd66-4965-8c3f-fb60cb9d4fba.tabs.0.elements.0.autocapitalize','true'),
('volumes.aff98301-f901-451b-9ae8-e947b8486f72.fieldLayouts.e0821d72-dd66-4965-8c3f-fb60cb9d4fba.tabs.0.elements.0.autocomplete','false'),
('volumes.aff98301-f901-451b-9ae8-e947b8486f72.fieldLayouts.e0821d72-dd66-4965-8c3f-fb60cb9d4fba.tabs.0.elements.0.autocorrect','true'),
('volumes.aff98301-f901-451b-9ae8-e947b8486f72.fieldLayouts.e0821d72-dd66-4965-8c3f-fb60cb9d4fba.tabs.0.elements.0.class','null'),
('volumes.aff98301-f901-451b-9ae8-e947b8486f72.fieldLayouts.e0821d72-dd66-4965-8c3f-fb60cb9d4fba.tabs.0.elements.0.dateAdded','\"2025-03-14T16:22:07+00:00\"'),
('volumes.aff98301-f901-451b-9ae8-e947b8486f72.fieldLayouts.e0821d72-dd66-4965-8c3f-fb60cb9d4fba.tabs.0.elements.0.disabled','false'),
('volumes.aff98301-f901-451b-9ae8-e947b8486f72.fieldLayouts.e0821d72-dd66-4965-8c3f-fb60cb9d4fba.tabs.0.elements.0.elementCondition','null'),
('volumes.aff98301-f901-451b-9ae8-e947b8486f72.fieldLayouts.e0821d72-dd66-4965-8c3f-fb60cb9d4fba.tabs.0.elements.0.id','null'),
('volumes.aff98301-f901-451b-9ae8-e947b8486f72.fieldLayouts.e0821d72-dd66-4965-8c3f-fb60cb9d4fba.tabs.0.elements.0.includeInCards','false'),
('volumes.aff98301-f901-451b-9ae8-e947b8486f72.fieldLayouts.e0821d72-dd66-4965-8c3f-fb60cb9d4fba.tabs.0.elements.0.inputType','null'),
('volumes.aff98301-f901-451b-9ae8-e947b8486f72.fieldLayouts.e0821d72-dd66-4965-8c3f-fb60cb9d4fba.tabs.0.elements.0.instructions','null'),
('volumes.aff98301-f901-451b-9ae8-e947b8486f72.fieldLayouts.e0821d72-dd66-4965-8c3f-fb60cb9d4fba.tabs.0.elements.0.label','null'),
('volumes.aff98301-f901-451b-9ae8-e947b8486f72.fieldLayouts.e0821d72-dd66-4965-8c3f-fb60cb9d4fba.tabs.0.elements.0.max','null'),
('volumes.aff98301-f901-451b-9ae8-e947b8486f72.fieldLayouts.e0821d72-dd66-4965-8c3f-fb60cb9d4fba.tabs.0.elements.0.min','null'),
('volumes.aff98301-f901-451b-9ae8-e947b8486f72.fieldLayouts.e0821d72-dd66-4965-8c3f-fb60cb9d4fba.tabs.0.elements.0.name','null'),
('volumes.aff98301-f901-451b-9ae8-e947b8486f72.fieldLayouts.e0821d72-dd66-4965-8c3f-fb60cb9d4fba.tabs.0.elements.0.orientation','null'),
('volumes.aff98301-f901-451b-9ae8-e947b8486f72.fieldLayouts.e0821d72-dd66-4965-8c3f-fb60cb9d4fba.tabs.0.elements.0.placeholder','null'),
('volumes.aff98301-f901-451b-9ae8-e947b8486f72.fieldLayouts.e0821d72-dd66-4965-8c3f-fb60cb9d4fba.tabs.0.elements.0.providesThumbs','false'),
('volumes.aff98301-f901-451b-9ae8-e947b8486f72.fieldLayouts.e0821d72-dd66-4965-8c3f-fb60cb9d4fba.tabs.0.elements.0.readonly','false'),
('volumes.aff98301-f901-451b-9ae8-e947b8486f72.fieldLayouts.e0821d72-dd66-4965-8c3f-fb60cb9d4fba.tabs.0.elements.0.requirable','false'),
('volumes.aff98301-f901-451b-9ae8-e947b8486f72.fieldLayouts.e0821d72-dd66-4965-8c3f-fb60cb9d4fba.tabs.0.elements.0.size','null'),
('volumes.aff98301-f901-451b-9ae8-e947b8486f72.fieldLayouts.e0821d72-dd66-4965-8c3f-fb60cb9d4fba.tabs.0.elements.0.step','null'),
('volumes.aff98301-f901-451b-9ae8-e947b8486f72.fieldLayouts.e0821d72-dd66-4965-8c3f-fb60cb9d4fba.tabs.0.elements.0.tip','null'),
('volumes.aff98301-f901-451b-9ae8-e947b8486f72.fieldLayouts.e0821d72-dd66-4965-8c3f-fb60cb9d4fba.tabs.0.elements.0.title','null'),
('volumes.aff98301-f901-451b-9ae8-e947b8486f72.fieldLayouts.e0821d72-dd66-4965-8c3f-fb60cb9d4fba.tabs.0.elements.0.type','\"craft\\\\fieldlayoutelements\\\\assets\\\\AssetTitleField\"'),
('volumes.aff98301-f901-451b-9ae8-e947b8486f72.fieldLayouts.e0821d72-dd66-4965-8c3f-fb60cb9d4fba.tabs.0.elements.0.uid','\"0bc6f648-0f6f-497d-ba7d-e32683115d6f\"'),
('volumes.aff98301-f901-451b-9ae8-e947b8486f72.fieldLayouts.e0821d72-dd66-4965-8c3f-fb60cb9d4fba.tabs.0.elements.0.userCondition','null'),
('volumes.aff98301-f901-451b-9ae8-e947b8486f72.fieldLayouts.e0821d72-dd66-4965-8c3f-fb60cb9d4fba.tabs.0.elements.0.warning','null'),
('volumes.aff98301-f901-451b-9ae8-e947b8486f72.fieldLayouts.e0821d72-dd66-4965-8c3f-fb60cb9d4fba.tabs.0.elements.0.width','100'),
('volumes.aff98301-f901-451b-9ae8-e947b8486f72.fieldLayouts.e0821d72-dd66-4965-8c3f-fb60cb9d4fba.tabs.0.name','\"Content\"'),
('volumes.aff98301-f901-451b-9ae8-e947b8486f72.fieldLayouts.e0821d72-dd66-4965-8c3f-fb60cb9d4fba.tabs.0.uid','\"f9f95545-bc4a-4ba8-b797-dd7d964d7c7a\"'),
('volumes.aff98301-f901-451b-9ae8-e947b8486f72.fieldLayouts.e0821d72-dd66-4965-8c3f-fb60cb9d4fba.tabs.0.userCondition','null'),
('volumes.aff98301-f901-451b-9ae8-e947b8486f72.fs','\"toty\"'),
('volumes.aff98301-f901-451b-9ae8-e947b8486f72.handle','\"eventImages\"'),
('volumes.aff98301-f901-451b-9ae8-e947b8486f72.name','\"Event Images\"'),
('volumes.aff98301-f901-451b-9ae8-e947b8486f72.sortOrder','2'),
('volumes.aff98301-f901-451b-9ae8-e947b8486f72.subpath','\"eventimages\"'),
('volumes.aff98301-f901-451b-9ae8-e947b8486f72.titleTranslationKeyFormat','null'),
('volumes.aff98301-f901-451b-9ae8-e947b8486f72.titleTranslationMethod','\"site\"'),
('volumes.aff98301-f901-451b-9ae8-e947b8486f72.transformFs','\"\"'),
('volumes.aff98301-f901-451b-9ae8-e947b8486f72.transformSubpath','\"\"');
commit;

--
-- Dumping data for table `queue`
--

set autocommit=0;
commit;

--
-- Dumping data for table `recoverycodes`
--

set autocommit=0;
commit;

--
-- Dumping data for table `relations`
--

set autocommit=0;
INSERT INTO `relations` VALUES
(1,6,12,NULL,13,1,'2024-05-13 14:56:27','2024-05-13 14:56:27','2e2df289-f44d-42c9-8579-f135637fa0f6'),
(2,6,20,NULL,14,1,'2024-05-13 14:57:32','2024-05-13 14:57:32','24a4e151-5394-4f35-9dfd-ece98b8cf0a9'),
(3,6,21,NULL,15,1,'2024-05-13 14:57:59','2024-05-13 14:57:59','58027476-b37b-4108-a7ae-07b9c64aeaa4'),
(4,6,22,NULL,17,1,'2024-05-13 14:58:28','2024-05-13 14:58:28','ade6a8ea-afe1-4005-99cf-c6e1decd9035'),
(5,6,23,NULL,16,1,'2024-05-13 14:58:54','2024-05-13 14:58:54','5e2c2a13-3360-4a8b-b772-e925d536830c'),
(6,6,24,NULL,18,1,'2024-05-13 14:59:16','2024-05-13 14:59:16','bf75fe7b-15fb-4d48-92f4-0c82a63c05a7'),
(7,6,25,NULL,19,1,'2024-05-13 14:59:40','2024-05-13 14:59:40','e92e8919-539a-488d-afe1-50e8d00b5283'),
(42,9,4,NULL,61,1,'2025-03-14 17:06:57','2025-03-14 17:06:57','34363f95-c652-47d0-b60d-ad534eb1503c'),
(43,9,4,NULL,66,2,'2025-03-14 17:06:57','2025-03-14 17:06:57','35a6acef-f040-4127-979a-f9925f1776b2'),
(44,9,4,NULL,62,3,'2025-03-14 17:06:57','2025-03-14 17:06:57','3118fd60-a0e7-441d-bc98-7832fa8fbf9a'),
(45,9,4,NULL,63,4,'2025-03-14 17:06:57','2025-03-14 17:06:57','c0c025c4-b6f8-42f0-b3a3-465f693d0ea7'),
(46,9,4,NULL,64,5,'2025-03-14 17:06:57','2025-03-14 17:06:57','e2cbde68-9da5-489d-a0dd-89adf1354250'),
(47,9,4,NULL,65,6,'2025-03-14 17:06:57','2025-03-14 17:06:57','1c664973-dde6-4d3f-b747-69dbfba4d763'),
(48,9,4,NULL,94,7,'2025-03-14 17:06:57','2025-03-14 17:06:57','5eedc5f4-6386-4b5a-bac6-64fd05aafe34'),
(49,9,4,NULL,93,8,'2025-03-14 17:06:57','2025-03-14 17:06:57','12f04f57-30cb-4a56-99be-87a7c8dc5354'),
(51,9,4,NULL,91,9,'2025-03-14 17:06:57','2025-03-14 17:09:37','f250ad6b-a619-4f74-a205-fc213832ac34'),
(52,9,4,NULL,89,10,'2025-03-14 17:06:57','2025-03-14 17:09:37','ae276e71-79d9-45e7-a098-be938af09c56'),
(53,9,4,NULL,90,11,'2025-03-14 17:06:57','2025-03-14 17:09:37','20779492-ecdd-471c-95e1-af93785deed2'),
(54,9,4,NULL,88,12,'2025-03-14 17:06:57','2025-03-14 17:09:37','f279992b-268c-48fc-8c92-83c5907e0efe'),
(55,9,4,NULL,86,13,'2025-03-14 17:06:57','2025-03-14 17:09:37','fbe81e09-ee57-44ba-9c55-6c2e77ab60a7'),
(56,9,4,NULL,87,14,'2025-03-14 17:06:57','2025-03-14 17:09:37','89ead066-c237-422c-8809-09f391d30aaf'),
(57,9,4,NULL,84,15,'2025-03-14 17:06:57','2025-03-14 17:09:37','653b8346-4a8c-44f5-b16d-595b3fe8a173'),
(58,9,4,NULL,85,16,'2025-03-14 17:06:57','2025-03-14 17:09:37','aa7e4d94-2c3b-411b-8aef-6f9bd5478fa5'),
(59,9,4,NULL,83,17,'2025-03-14 17:06:57','2025-03-14 17:09:37','aeb1db00-6955-40ff-992e-9eef95efa1e8'),
(60,9,4,NULL,81,18,'2025-03-14 17:06:57','2025-03-14 17:09:37','3d667f8b-f9fd-4db3-b7f6-4e963185a13c'),
(61,9,4,NULL,82,19,'2025-03-14 17:06:57','2025-03-14 17:09:37','11c6b115-c644-4524-8bb9-b17c4648b2a8'),
(62,9,4,NULL,80,20,'2025-03-14 17:06:57','2025-03-14 17:09:37','c578ba14-74a2-4206-8652-3dcf1015ddb6'),
(63,9,4,NULL,79,21,'2025-03-14 17:06:57','2025-03-14 17:09:37','fb2a17b6-9819-43c5-a007-1b0fadece78d'),
(64,9,4,NULL,78,22,'2025-03-14 17:06:57','2025-03-14 17:09:37','964bf227-2d5b-44c7-a0c1-94ab24d28155'),
(65,9,4,NULL,77,23,'2025-03-14 17:06:57','2025-03-14 17:09:37','a73a1e1b-1cc9-4024-a9c6-641cb8fc01c9'),
(66,9,4,NULL,76,24,'2025-03-14 17:06:57','2025-03-14 17:09:37','a7dc2e1c-6a1e-429e-9cc1-7d4c215ad2e9'),
(67,9,4,NULL,75,25,'2025-03-14 17:06:57','2025-03-14 17:09:37','a814b17f-9be7-4ce7-ba9a-599940e933cb'),
(68,9,4,NULL,74,26,'2025-03-14 17:06:57','2025-03-14 17:09:37','740d5615-dd78-48c5-8417-79dcbe584e18'),
(69,9,4,NULL,73,27,'2025-03-14 17:06:57','2025-03-14 17:09:37','51e52fc3-fc10-4e66-a739-e30044c28d22'),
(70,9,4,NULL,72,28,'2025-03-14 17:06:57','2025-03-14 17:09:37','6bf4ce9f-7009-4c85-a932-cf44f20f4ed2'),
(71,9,4,NULL,71,29,'2025-03-14 17:06:57','2025-03-14 17:09:37','4888c853-5f1a-4606-bd11-d5a23458f5f8'),
(72,9,4,NULL,70,30,'2025-03-14 17:06:57','2025-03-14 17:09:37','15c23afe-dfd3-4e21-8fcc-56c717b8ac87'),
(73,9,4,NULL,69,31,'2025-03-14 17:06:57','2025-03-14 17:09:37','28c335e3-0fde-43d4-b3b9-d17c2f9b304f'),
(74,9,4,NULL,68,32,'2025-03-14 17:06:57','2025-03-14 17:09:37','9fef93d9-f099-43fb-af75-ae4ac29e8713'),
(75,9,4,NULL,67,33,'2025-03-14 17:06:57','2025-03-14 17:09:37','a4f823ba-a58b-475a-a51e-b59716998fbe'),
(76,9,96,NULL,61,1,'2025-03-14 17:06:57','2025-03-14 17:06:57','dfb26ec1-c7d5-4a6f-9008-345f415f80d1'),
(77,9,96,NULL,66,2,'2025-03-14 17:06:57','2025-03-14 17:06:57','6e459fdb-9175-4417-b97c-2b8c72f3b766'),
(78,9,96,NULL,62,3,'2025-03-14 17:06:57','2025-03-14 17:06:57','8fd6485a-3f08-4aaa-96d0-a5dd6709d9d4'),
(79,9,96,NULL,63,4,'2025-03-14 17:06:57','2025-03-14 17:06:57','f83d90bc-d416-4970-b28f-a41eea5f101a'),
(80,9,96,NULL,64,5,'2025-03-14 17:06:57','2025-03-14 17:06:57','3283d27a-d097-45c6-8387-9b9d8cb18e4e'),
(81,9,96,NULL,65,6,'2025-03-14 17:06:57','2025-03-14 17:06:57','4ed0b4ce-91f2-4ddc-895d-2928ab1a2065'),
(82,9,96,NULL,94,7,'2025-03-14 17:06:57','2025-03-14 17:06:57','68597bf6-3e6e-450d-a87a-0abfde9c1114'),
(83,9,96,NULL,93,8,'2025-03-14 17:06:57','2025-03-14 17:06:57','4e2fdac5-94f4-48ee-88b7-274c320faab4'),
(84,9,96,NULL,92,9,'2025-03-14 17:06:57','2025-03-14 17:06:57','cd1c401c-6a87-43d8-b858-ce8119890525'),
(85,9,96,NULL,91,10,'2025-03-14 17:06:57','2025-03-14 17:06:57','4048d925-9667-48b4-9f07-9199d38b373d'),
(86,9,96,NULL,89,11,'2025-03-14 17:06:57','2025-03-14 17:06:57','015c7eab-8010-4dd2-8239-88002c5cbfbd'),
(87,9,96,NULL,90,12,'2025-03-14 17:06:57','2025-03-14 17:06:57','9336fd2d-caa9-46a9-9473-c2649a80df74'),
(88,9,96,NULL,88,13,'2025-03-14 17:06:57','2025-03-14 17:06:57','0bca41db-8744-4dad-b23e-b6360485fa97'),
(89,9,96,NULL,86,14,'2025-03-14 17:06:57','2025-03-14 17:06:57','1f58f939-544e-4ca0-8699-0cb8bc9ea832'),
(90,9,96,NULL,87,15,'2025-03-14 17:06:57','2025-03-14 17:06:57','ffaf327c-9650-4a7a-9f94-86381d1e3a5b'),
(91,9,96,NULL,84,16,'2025-03-14 17:06:57','2025-03-14 17:06:57','8fbb7d70-5f4e-4b7d-85e2-d877cdd51b59'),
(92,9,96,NULL,85,17,'2025-03-14 17:06:57','2025-03-14 17:06:57','61a40c24-333f-4139-be42-396996014086'),
(93,9,96,NULL,83,18,'2025-03-14 17:06:57','2025-03-14 17:06:57','6796b60f-fc14-4d26-9c9e-5590dfeff4c5'),
(94,9,96,NULL,81,19,'2025-03-14 17:06:57','2025-03-14 17:06:57','2f608f6c-7cb3-478f-86e7-602f1248c3e9'),
(95,9,96,NULL,82,20,'2025-03-14 17:06:57','2025-03-14 17:06:57','3b185c35-fa67-4c58-b72d-273d97e00f5a'),
(96,9,96,NULL,80,21,'2025-03-14 17:06:57','2025-03-14 17:06:57','22f3cc80-55dc-46a6-9faa-9a481bddbb94'),
(97,9,96,NULL,79,22,'2025-03-14 17:06:57','2025-03-14 17:06:57','9db77193-e8e3-4e6e-98d9-feef33cc8b56'),
(98,9,96,NULL,78,23,'2025-03-14 17:06:57','2025-03-14 17:06:57','5efac811-9638-4289-8b1b-0dd4f3333dbe'),
(99,9,96,NULL,77,24,'2025-03-14 17:06:57','2025-03-14 17:06:57','c06a5008-eac6-4ab7-b5be-f32764f68792'),
(100,9,96,NULL,76,25,'2025-03-14 17:06:57','2025-03-14 17:06:57','586159ce-3df6-4b46-8dad-4aa0b68f6e80'),
(101,9,96,NULL,75,26,'2025-03-14 17:06:57','2025-03-14 17:06:57','d1cbbd5a-f370-44b3-9874-3a5ad7bb1a52'),
(102,9,96,NULL,74,27,'2025-03-14 17:06:57','2025-03-14 17:06:57','129bad96-fe4b-4959-81af-b6d9c2b758df'),
(103,9,96,NULL,73,28,'2025-03-14 17:06:57','2025-03-14 17:06:57','1575a011-0309-4aad-80f6-4202c5615ff4'),
(104,9,96,NULL,72,29,'2025-03-14 17:06:57','2025-03-14 17:06:57','b4607f3a-f3ac-47f0-8ebb-4b11aa5ba467'),
(105,9,96,NULL,71,30,'2025-03-14 17:06:57','2025-03-14 17:06:57','eb2daca7-138c-4eb4-97c4-1338f9bc4518'),
(106,9,96,NULL,70,31,'2025-03-14 17:06:57','2025-03-14 17:06:57','0d80acac-1ac9-4480-baa1-81703085bae8'),
(107,9,96,NULL,69,32,'2025-03-14 17:06:57','2025-03-14 17:06:57','8d1566a4-27f6-4a13-9597-3a74dee287f3'),
(108,9,96,NULL,68,33,'2025-03-14 17:06:57','2025-03-14 17:06:57','3c3a418f-5d8e-42ff-9c20-abedcafb04b8'),
(109,9,96,NULL,67,34,'2025-03-14 17:06:57','2025-03-14 17:06:57','02a0df5b-b8c0-4d8b-b76e-d27781ef6833'),
(144,9,98,NULL,61,1,'2025-03-14 17:09:37','2025-03-14 17:09:37','437a90a5-7c50-4512-8c2c-353a2b57d11e'),
(145,9,98,NULL,66,2,'2025-03-14 17:09:37','2025-03-14 17:09:37','43f1f487-1f49-4fc4-98e1-694523a6b589'),
(146,9,98,NULL,62,3,'2025-03-14 17:09:37','2025-03-14 17:09:37','82ff0d4a-7609-44df-bd20-247419c85dae'),
(147,9,98,NULL,63,4,'2025-03-14 17:09:37','2025-03-14 17:09:37','139af0bf-28d2-4f7d-b850-84b6606909f0'),
(148,9,98,NULL,64,5,'2025-03-14 17:09:37','2025-03-14 17:09:37','1e7f16e6-9ba5-42a0-997d-9b7b429b5f76'),
(149,9,98,NULL,65,6,'2025-03-14 17:09:37','2025-03-14 17:09:37','e38c514d-e6f3-4fa2-9d9d-63bc36869735'),
(150,9,98,NULL,94,7,'2025-03-14 17:09:37','2025-03-14 17:09:37','7f0762c2-3a7b-46ae-bcdd-6984f3fe470e'),
(151,9,98,NULL,93,8,'2025-03-14 17:09:37','2025-03-14 17:09:37','ec7c79bf-a574-4636-8313-abd7c313aa29'),
(152,9,98,NULL,91,9,'2025-03-14 17:09:37','2025-03-14 17:09:37','c069c6ee-38b0-4b3c-b5ad-b43b9af52707'),
(153,9,98,NULL,89,10,'2025-03-14 17:09:37','2025-03-14 17:09:37','72ae3799-318c-4463-aedc-06314f358751'),
(154,9,98,NULL,90,11,'2025-03-14 17:09:37','2025-03-14 17:09:37','9f532b3e-f3f0-40da-bf46-4bbb3503f05d'),
(155,9,98,NULL,88,12,'2025-03-14 17:09:37','2025-03-14 17:09:37','7b9d0e49-202c-44c6-bba5-5497d279cd8d'),
(156,9,98,NULL,86,13,'2025-03-14 17:09:37','2025-03-14 17:09:37','6eba58c2-9e30-4e2b-bc47-58aaf6b85bd9'),
(157,9,98,NULL,87,14,'2025-03-14 17:09:37','2025-03-14 17:09:37','059e914e-a270-4863-8080-27d918a2a8fe'),
(158,9,98,NULL,84,15,'2025-03-14 17:09:37','2025-03-14 17:09:37','cc5410af-1471-4cde-b384-075329c88267'),
(159,9,98,NULL,85,16,'2025-03-14 17:09:37','2025-03-14 17:09:37','0cdbb5aa-805f-4aa9-ad42-dc2446ef919a'),
(160,9,98,NULL,83,17,'2025-03-14 17:09:37','2025-03-14 17:09:37','306097b2-ebe5-48d2-a00a-7b25acdcd1da'),
(161,9,98,NULL,81,18,'2025-03-14 17:09:37','2025-03-14 17:09:37','155038c0-d958-4cc7-8d95-2a44c7576be2'),
(162,9,98,NULL,82,19,'2025-03-14 17:09:37','2025-03-14 17:09:37','3cc2e98e-8349-4a31-91f3-a9e6661f2a2c'),
(163,9,98,NULL,80,20,'2025-03-14 17:09:37','2025-03-14 17:09:37','6dc867ef-423e-4b16-975f-9ba3f35e83e0'),
(164,9,98,NULL,79,21,'2025-03-14 17:09:37','2025-03-14 17:09:37','0a245187-6b9a-4230-9e8e-8764a8d5db12'),
(165,9,98,NULL,78,22,'2025-03-14 17:09:37','2025-03-14 17:09:37','758ffee3-f7fa-4a74-928d-6f843192dfdb'),
(166,9,98,NULL,77,23,'2025-03-14 17:09:37','2025-03-14 17:09:37','dfda1995-d707-4088-9422-e16fb5fd1ea3'),
(167,9,98,NULL,76,24,'2025-03-14 17:09:37','2025-03-14 17:09:37','0aafd38d-ccf8-4fab-93f4-82086b777935'),
(168,9,98,NULL,75,25,'2025-03-14 17:09:37','2025-03-14 17:09:37','d8e5016f-4399-4055-ba60-2b555554c643'),
(169,9,98,NULL,74,26,'2025-03-14 17:09:37','2025-03-14 17:09:37','3c36c375-c32b-45d2-ace1-bae7d63e3f11'),
(170,9,98,NULL,73,27,'2025-03-14 17:09:37','2025-03-14 17:09:37','3ec8a535-7d8a-4fdf-ba9a-cfdfc1c0dd6d'),
(171,9,98,NULL,72,28,'2025-03-14 17:09:37','2025-03-14 17:09:37','cf332526-0b02-4877-8fc0-5b620905b015'),
(172,9,98,NULL,71,29,'2025-03-14 17:09:37','2025-03-14 17:09:37','48262e7d-93ee-4ada-af3e-9d8511e93f92'),
(173,9,98,NULL,70,30,'2025-03-14 17:09:37','2025-03-14 17:09:37','7e92aed2-68c0-42b2-a73c-15c9413bc896'),
(174,9,98,NULL,69,31,'2025-03-14 17:09:37','2025-03-14 17:09:37','e911fee8-8906-4407-89d7-7759934aa5c2'),
(175,9,98,NULL,68,32,'2025-03-14 17:09:37','2025-03-14 17:09:37','0095231b-85be-445c-bf98-fbd89bd0dc35'),
(176,9,98,NULL,67,33,'2025-03-14 17:09:37','2025-03-14 17:09:37','ad026264-d85b-4076-b2c9-06a5258deb22'),
(210,9,100,NULL,61,1,'2025-03-16 20:02:23','2025-03-16 20:02:23','3fb1b8b2-9e5c-49c4-bcab-c3d640f89427'),
(211,9,100,NULL,66,2,'2025-03-16 20:02:23','2025-03-16 20:02:23','4d01113c-05bf-4345-9dbd-21b9787a4920'),
(212,9,100,NULL,62,3,'2025-03-16 20:02:23','2025-03-16 20:02:23','5850efff-8254-4f2a-bb03-15083ebb1c1e'),
(213,9,100,NULL,63,4,'2025-03-16 20:02:23','2025-03-16 20:02:23','3726da86-32df-453e-b983-0e905465fb76'),
(214,9,100,NULL,64,5,'2025-03-16 20:02:23','2025-03-16 20:02:23','f0346a43-644a-4b87-b97f-079267cd0fb6'),
(215,9,100,NULL,65,6,'2025-03-16 20:02:23','2025-03-16 20:02:23','52a7df2d-4aac-4f43-ab24-f7df7e9e16ef'),
(216,9,100,NULL,94,7,'2025-03-16 20:02:23','2025-03-16 20:02:23','0cfbc895-424b-4d4b-ba5f-d9ae6c58586c'),
(217,9,100,NULL,93,8,'2025-03-16 20:02:23','2025-03-16 20:02:23','5208d38b-591f-4c0f-8a98-c7ed70a5d370'),
(218,9,100,NULL,91,9,'2025-03-16 20:02:23','2025-03-16 20:02:23','d3746ca9-9eb5-4c25-a859-a1230e6a7b58'),
(219,9,100,NULL,89,10,'2025-03-16 20:02:23','2025-03-16 20:02:23','3d46c8dc-ebc3-4840-8d38-d2b50ba27e43'),
(220,9,100,NULL,90,11,'2025-03-16 20:02:23','2025-03-16 20:02:23','1aa09882-fa8a-49c0-90e8-28ae0c90aca7'),
(221,9,100,NULL,88,12,'2025-03-16 20:02:23','2025-03-16 20:02:23','57890b80-31ee-43b9-812c-fa51e2d5067a'),
(222,9,100,NULL,86,13,'2025-03-16 20:02:23','2025-03-16 20:02:23','1be36f21-4054-43fe-ba82-c6e07a1d1c37'),
(223,9,100,NULL,87,14,'2025-03-16 20:02:23','2025-03-16 20:02:23','066721db-388f-4f72-ae51-a102ae51bc7b'),
(224,9,100,NULL,84,15,'2025-03-16 20:02:23','2025-03-16 20:02:23','c36bec1d-6a13-490c-b68b-946f5a5b804a'),
(225,9,100,NULL,85,16,'2025-03-16 20:02:23','2025-03-16 20:02:23','79717133-8066-47ba-961b-42900a08c400'),
(226,9,100,NULL,83,17,'2025-03-16 20:02:23','2025-03-16 20:02:23','9462a945-6caf-4646-882d-abf4f32d9e1a'),
(227,9,100,NULL,81,18,'2025-03-16 20:02:23','2025-03-16 20:02:23','7fd8efad-9975-424e-a2c6-a06419bf8068'),
(228,9,100,NULL,82,19,'2025-03-16 20:02:23','2025-03-16 20:02:23','dfcd5a04-540b-415c-a362-6232d0bdbbb2'),
(229,9,100,NULL,80,20,'2025-03-16 20:02:23','2025-03-16 20:02:23','6fdbd3f7-aa0e-47a0-b38c-9422bbbae900'),
(230,9,100,NULL,79,21,'2025-03-16 20:02:23','2025-03-16 20:02:23','5676f0a4-ad18-4146-adfe-19e045f87453'),
(231,9,100,NULL,78,22,'2025-03-16 20:02:23','2025-03-16 20:02:23','f019969f-12de-4dd9-8f78-993d38d07e4e'),
(232,9,100,NULL,77,23,'2025-03-16 20:02:23','2025-03-16 20:02:23','60c5b80e-6dad-4cfb-abf6-4bb84d562b16'),
(233,9,100,NULL,76,24,'2025-03-16 20:02:23','2025-03-16 20:02:23','fd48f780-df9b-4c50-98d6-0eff336a0d0b'),
(234,9,100,NULL,75,25,'2025-03-16 20:02:23','2025-03-16 20:02:23','f58272cd-cdb6-4c01-a069-00350d7baf03'),
(235,9,100,NULL,74,26,'2025-03-16 20:02:23','2025-03-16 20:02:23','30ba688b-57ab-4653-bcaf-162e15719990'),
(236,9,100,NULL,73,27,'2025-03-16 20:02:23','2025-03-16 20:02:23','a3aa6604-1c53-424b-8f32-f48f36a35d0e'),
(237,9,100,NULL,72,28,'2025-03-16 20:02:23','2025-03-16 20:02:23','7cd1fba0-22ff-4542-9c0a-584f13f3efa6'),
(238,9,100,NULL,71,29,'2025-03-16 20:02:23','2025-03-16 20:02:23','17303cf2-489a-4245-9d11-16137ba01193'),
(239,9,100,NULL,70,30,'2025-03-16 20:02:23','2025-03-16 20:02:23','65e6621b-03d4-4028-9527-8666fb428043'),
(240,9,100,NULL,69,31,'2025-03-16 20:02:23','2025-03-16 20:02:23','247d6840-534a-4ca7-b26c-c85eb9bc2745'),
(241,9,100,NULL,68,32,'2025-03-16 20:02:23','2025-03-16 20:02:23','82a48295-b35a-4084-b37d-12e1c80a5a6b'),
(242,9,100,NULL,67,33,'2025-03-16 20:02:23','2025-03-16 20:02:23','a07c044f-6992-49a4-b405-045e66f9c500'),
(243,9,101,NULL,61,1,'2025-03-16 20:02:55','2025-03-16 20:02:55','3197ac4e-1e44-4a6c-875f-c0db89cce2d4'),
(244,9,101,NULL,66,2,'2025-03-16 20:02:55','2025-03-16 20:02:55','38b1c5b6-c417-4437-8a4d-1727d4429311'),
(245,9,101,NULL,62,3,'2025-03-16 20:02:55','2025-03-16 20:02:55','0e5a6831-1f04-4523-8b76-d96d114f26b5'),
(246,9,101,NULL,63,4,'2025-03-16 20:02:55','2025-03-16 20:02:55','92c743d6-36cc-4a60-9f30-dfb76e8c4a0d'),
(247,9,101,NULL,64,5,'2025-03-16 20:02:55','2025-03-16 20:02:55','fe58f2c2-ec16-40cb-bbbd-859c7d0b5465'),
(248,9,101,NULL,65,6,'2025-03-16 20:02:55','2025-03-16 20:02:55','5e1182d4-968b-4313-99c4-228155aae905'),
(249,9,101,NULL,94,7,'2025-03-16 20:02:55','2025-03-16 20:02:55','7e8eb1d5-0737-4565-b3a6-11b4a68c1e97'),
(250,9,101,NULL,93,8,'2025-03-16 20:02:55','2025-03-16 20:02:55','804abe28-81ba-4fc0-bda0-4134a3f4d011'),
(251,9,101,NULL,91,9,'2025-03-16 20:02:55','2025-03-16 20:02:55','1147d11c-a2dd-42db-80b1-848541d6e4b9'),
(252,9,101,NULL,89,10,'2025-03-16 20:02:55','2025-03-16 20:02:55','da113390-d52e-4c9c-a029-8d22b771fe31'),
(253,9,101,NULL,90,11,'2025-03-16 20:02:55','2025-03-16 20:02:55','2db66169-f2ca-4a6a-a089-c769d7d9d29d'),
(254,9,101,NULL,88,12,'2025-03-16 20:02:55','2025-03-16 20:02:55','8a94ea8c-dc06-444e-89df-208c069acc17'),
(255,9,101,NULL,86,13,'2025-03-16 20:02:55','2025-03-16 20:02:55','06039096-261b-496e-9bd0-824fb09da9f3'),
(256,9,101,NULL,87,14,'2025-03-16 20:02:55','2025-03-16 20:02:55','7459c3ed-fc08-4d80-b99b-560a87278d5e'),
(257,9,101,NULL,84,15,'2025-03-16 20:02:55','2025-03-16 20:02:55','e0a1eee4-a79b-41e5-b5ea-1a24a91dca83'),
(258,9,101,NULL,85,16,'2025-03-16 20:02:55','2025-03-16 20:02:55','c0665d68-b6e5-4ae1-8f19-6fbe0eebf6bd'),
(259,9,101,NULL,83,17,'2025-03-16 20:02:55','2025-03-16 20:02:55','f4689a45-971a-4f01-8358-b22aed6330ed'),
(260,9,101,NULL,81,18,'2025-03-16 20:02:55','2025-03-16 20:02:55','d805fbb2-f5c5-4760-a4e5-45d4f55eec25'),
(261,9,101,NULL,82,19,'2025-03-16 20:02:55','2025-03-16 20:02:55','8b0b222c-abfd-4b59-b64b-128f00de232c'),
(262,9,101,NULL,80,20,'2025-03-16 20:02:55','2025-03-16 20:02:55','58186df9-237c-47e4-8333-fb06e73f2b36'),
(263,9,101,NULL,79,21,'2025-03-16 20:02:55','2025-03-16 20:02:55','7f9a1f58-706e-4106-88bf-6b60fd0af037'),
(264,9,101,NULL,78,22,'2025-03-16 20:02:55','2025-03-16 20:02:55','c78a26cc-9fc9-4061-8564-2350483680c7'),
(265,9,101,NULL,77,23,'2025-03-16 20:02:55','2025-03-16 20:02:55','16075aa7-342b-4058-9169-cc4539fd12f5'),
(266,9,101,NULL,76,24,'2025-03-16 20:02:55','2025-03-16 20:02:55','e14ecbd3-afd0-4b44-88d2-877ff6415e4f'),
(267,9,101,NULL,75,25,'2025-03-16 20:02:55','2025-03-16 20:02:55','ad5ddcba-f60d-40a7-83e2-ca2393940272'),
(268,9,101,NULL,74,26,'2025-03-16 20:02:55','2025-03-16 20:02:55','b35ac157-b9dd-4182-9c51-b0cbfc9b7ddf'),
(269,9,101,NULL,73,27,'2025-03-16 20:02:55','2025-03-16 20:02:55','864aa578-65fa-498b-8c38-54d30bec77bc'),
(270,9,101,NULL,72,28,'2025-03-16 20:02:55','2025-03-16 20:02:55','a56a7841-778b-4b74-a91f-4e1a338581f6'),
(271,9,101,NULL,71,29,'2025-03-16 20:02:55','2025-03-16 20:02:55','e08859b2-9ee2-4f4c-bca1-d3bd9c7b1825'),
(272,9,101,NULL,70,30,'2025-03-16 20:02:55','2025-03-16 20:02:55','f5386c92-ea81-4c80-a1ea-3b8045dbf085'),
(273,9,101,NULL,69,31,'2025-03-16 20:02:55','2025-03-16 20:02:55','c5f395c4-4f72-4a9b-9cd8-8aab1ecd0277'),
(274,9,101,NULL,68,32,'2025-03-16 20:02:55','2025-03-16 20:02:55','a6ba93aa-6225-4db4-912f-bbd662cc6edc'),
(275,9,101,NULL,67,33,'2025-03-16 20:02:55','2025-03-16 20:02:55','92e3b5d5-dacb-4399-a6be-eb5b7c02596e'),
(276,9,102,NULL,61,1,'2025-03-16 20:05:54','2025-03-16 20:05:54','6d2cebed-7df8-42ef-9bc3-c11336eb4c89'),
(277,9,102,NULL,66,2,'2025-03-16 20:05:54','2025-03-16 20:05:54','3cde0c97-0d75-4983-af5e-c2170134dbf4'),
(278,9,102,NULL,62,3,'2025-03-16 20:05:54','2025-03-16 20:05:54','11ee077d-0884-4540-a1cb-73c474ecaa83'),
(279,9,102,NULL,63,4,'2025-03-16 20:05:54','2025-03-16 20:05:54','b93f2488-3e56-481b-9eaf-1cf0bde4825e'),
(280,9,102,NULL,64,5,'2025-03-16 20:05:54','2025-03-16 20:05:54','1d613bba-8657-47aa-8905-d0f351843e00'),
(281,9,102,NULL,65,6,'2025-03-16 20:05:54','2025-03-16 20:05:54','30becb5b-a005-4267-8047-fc75b2474d5a'),
(282,9,102,NULL,94,7,'2025-03-16 20:05:54','2025-03-16 20:05:54','7d16f509-4a2c-4075-83f4-963d36fe811f'),
(283,9,102,NULL,93,8,'2025-03-16 20:05:54','2025-03-16 20:05:54','6ea1ade1-ebbc-4428-af65-da5e07ca2624'),
(284,9,102,NULL,91,9,'2025-03-16 20:05:54','2025-03-16 20:05:54','4a21463e-e8e7-4b75-b3d8-f1a5606b4ce6'),
(285,9,102,NULL,89,10,'2025-03-16 20:05:54','2025-03-16 20:05:54','7cdcd498-833f-4f9d-af78-ab59dcc701d4'),
(286,9,102,NULL,90,11,'2025-03-16 20:05:54','2025-03-16 20:05:54','1f6d4421-8656-4405-8413-9f8035c764b6'),
(287,9,102,NULL,88,12,'2025-03-16 20:05:54','2025-03-16 20:05:54','c8dd318f-3e0a-4456-9deb-2e038f35a38c'),
(288,9,102,NULL,86,13,'2025-03-16 20:05:54','2025-03-16 20:05:54','a8ed131e-2461-4e09-9d71-74f874c0d0a8'),
(289,9,102,NULL,87,14,'2025-03-16 20:05:54','2025-03-16 20:05:54','4d217d12-0398-41e8-93cb-5e3d5f62c098'),
(290,9,102,NULL,84,15,'2025-03-16 20:05:54','2025-03-16 20:05:54','8e8184bb-9c8f-4bea-914e-1606e2df5f8d'),
(291,9,102,NULL,85,16,'2025-03-16 20:05:54','2025-03-16 20:05:54','477b9e1b-401c-4e72-9b95-e9d2a8886849'),
(292,9,102,NULL,83,17,'2025-03-16 20:05:54','2025-03-16 20:05:54','b3a171f6-184d-44bf-b18d-dadd49bd0cad'),
(293,9,102,NULL,81,18,'2025-03-16 20:05:54','2025-03-16 20:05:54','02ce8a62-ac38-4301-a099-355e839120be'),
(294,9,102,NULL,82,19,'2025-03-16 20:05:54','2025-03-16 20:05:54','40e0ffd0-14ad-45d5-b631-1e8c01cc1e63'),
(295,9,102,NULL,80,20,'2025-03-16 20:05:54','2025-03-16 20:05:54','4b006116-1b3c-47e3-aa38-a69384a76210'),
(296,9,102,NULL,79,21,'2025-03-16 20:05:54','2025-03-16 20:05:54','a55a8cb4-7832-40ee-8c00-672844c0e6de'),
(297,9,102,NULL,78,22,'2025-03-16 20:05:54','2025-03-16 20:05:54','6c14f4ad-72b1-4a3a-abc5-7f2e3b34c0a9'),
(298,9,102,NULL,77,23,'2025-03-16 20:05:54','2025-03-16 20:05:54','c0c2ccce-1bee-47ab-bf99-37db14ccaf3a'),
(299,9,102,NULL,76,24,'2025-03-16 20:05:54','2025-03-16 20:05:54','38e6fa2d-bc82-4f82-bfb4-4a3364391726'),
(300,9,102,NULL,75,25,'2025-03-16 20:05:54','2025-03-16 20:05:54','f63bc477-6e6f-4120-931b-79d03af5b1d3'),
(301,9,102,NULL,74,26,'2025-03-16 20:05:54','2025-03-16 20:05:54','4b25d0c6-2b06-4247-92b6-772a6298f657'),
(302,9,102,NULL,73,27,'2025-03-16 20:05:54','2025-03-16 20:05:54','6fd8fd71-0cd0-4986-a419-c48f1cfeb7a9'),
(303,9,102,NULL,72,28,'2025-03-16 20:05:54','2025-03-16 20:05:54','91bfabb0-5b9d-4e1b-a875-55976b099b78'),
(305,9,102,NULL,70,29,'2025-03-16 20:05:54','2025-03-16 20:05:54','9f6393f1-09ea-41f0-892d-1959b805afd9'),
(306,9,102,NULL,69,30,'2025-03-16 20:05:54','2025-03-16 20:05:54','dabb16f6-13df-4295-a1b3-017d47861bbe'),
(307,9,102,NULL,68,31,'2025-03-16 20:05:54','2025-03-16 20:05:54','0e97dd6f-e52f-4a03-a4ae-9cd05920cafd'),
(308,9,102,NULL,67,32,'2025-03-16 20:05:54','2025-03-16 20:05:54','40b6a431-c44e-41f8-9f8c-58de84408ff1');
commit;

--
-- Dumping data for table `revisions`
--

set autocommit=0;
INSERT INTO `revisions` VALUES
(1,2,NULL,1,NULL),
(2,4,NULL,1,NULL),
(3,6,NULL,1,NULL),
(4,2,NULL,2,NULL),
(5,10,9,1,''),
(6,10,9,2,'Applied “Draft 1”'),
(7,10,9,3,'Applied “Draft 1”'),
(8,10,9,4,''),
(9,31,9,1,''),
(10,31,9,2,'Applied “Draft 1”'),
(11,31,9,3,'Applied “Draft 1”'),
(12,10,9,5,'Applied “Draft 1”'),
(13,39,9,1,''),
(14,39,9,2,''),
(15,39,9,3,''),
(16,39,9,4,'Applied “Draft 1”'),
(17,4,9,2,'Applied “Draft 1”'),
(18,6,9,2,'Applied “Draft 1”'),
(19,6,9,3,''),
(20,2,9,3,'Applied “Draft 1”'),
(21,4,9,3,''),
(22,6,9,4,''),
(23,4,9,4,'Applied “Draft 1”'),
(24,4,9,5,'Applied “Draft 1”'),
(25,4,9,6,''),
(26,4,9,7,''),
(27,4,9,8,''),
(28,4,9,9,'Applied “Draft 1”'),
(29,4,9,10,'Applied “Draft 1”'),
(30,4,9,11,'Applied “Draft 1”'),
(31,4,9,12,'');
commit;

--
-- Dumping data for table `searchindex`
--

set autocommit=0;
INSERT INTO `searchindex` VALUES
(1,'slug',0,1,''),
(1,'slug',0,2,''),
(2,'slug',0,2,' technician of the year winners '),
(2,'title',0,2,' technician of the year winners '),
(4,'slug',0,2,' home '),
(4,'title',0,2,' technician of the year home '),
(6,'slug',0,2,' technician of the year news '),
(6,'title',0,2,' technician of the year news '),
(9,'email',0,2,' ray raywiggins com '),
(9,'firstname',0,2,''),
(9,'fullname',0,2,''),
(9,'lastname',0,2,''),
(9,'slug',0,2,''),
(9,'username',0,2,' admin '),
(10,'slug',0,2,' news article 1 '),
(10,'title',0,2,' auto value and bumper to bumper declare 2023 technician of the year winner '),
(12,'slug',0,1,' champion '),
(12,'slug',0,2,' champion '),
(12,'title',0,1,' champion '),
(12,'title',0,2,' champion '),
(13,'alt',0,1,''),
(13,'alt',0,2,''),
(13,'extension',0,1,' svg '),
(13,'extension',0,2,' svg '),
(13,'filename',0,1,' logo champion svg '),
(13,'filename',0,2,' logo champion svg '),
(13,'kind',0,1,' image '),
(13,'kind',0,2,' image '),
(13,'slug',0,1,''),
(13,'slug',0,2,''),
(13,'title',0,1,' logo champion '),
(13,'title',0,2,' logo champion '),
(14,'alt',0,1,''),
(14,'alt',0,2,''),
(14,'extension',0,1,' svg '),
(14,'extension',0,2,' svg '),
(14,'filename',0,1,' logo fel pro svg '),
(14,'filename',0,2,' logo fel pro svg '),
(14,'kind',0,1,' image '),
(14,'kind',0,2,' image '),
(14,'slug',0,1,''),
(14,'slug',0,2,''),
(14,'title',0,1,' logo fel pro '),
(14,'title',0,2,' logo fel pro '),
(15,'alt',0,1,''),
(15,'alt',0,2,''),
(15,'extension',0,1,' svg '),
(15,'extension',0,2,' svg '),
(15,'filename',0,1,' logo garage gurus svg '),
(15,'filename',0,2,' logo garage gurus svg '),
(15,'kind',0,1,' image '),
(15,'kind',0,2,' image '),
(15,'slug',0,1,''),
(15,'slug',0,2,''),
(15,'title',0,1,' logo garage gurus '),
(15,'title',0,2,' logo garage gurus '),
(16,'alt',0,1,''),
(16,'alt',0,2,''),
(16,'extension',0,1,' svg '),
(16,'extension',0,2,' svg '),
(16,'filename',0,1,' logo monroe svg '),
(16,'filename',0,2,' logo monroe svg '),
(16,'kind',0,1,' image '),
(16,'kind',0,2,' image '),
(16,'slug',0,1,''),
(16,'slug',0,2,''),
(16,'title',0,1,' logo monroe '),
(16,'title',0,2,' logo monroe '),
(17,'alt',0,1,''),
(17,'alt',0,2,''),
(17,'extension',0,1,' svg '),
(17,'extension',0,2,' svg '),
(17,'filename',0,1,' logo moog svg '),
(17,'filename',0,2,' logo moog svg '),
(17,'kind',0,1,' image '),
(17,'kind',0,2,' image '),
(17,'slug',0,1,''),
(17,'slug',0,2,''),
(17,'title',0,1,' logo moog '),
(17,'title',0,2,' logo moog '),
(18,'alt',0,1,''),
(18,'alt',0,2,''),
(18,'extension',0,1,' svg '),
(18,'extension',0,2,' svg '),
(18,'filename',0,1,' logo wagner svg '),
(18,'filename',0,2,' logo wagner svg '),
(18,'kind',0,1,' image '),
(18,'kind',0,2,' image '),
(18,'slug',0,1,''),
(18,'slug',0,2,''),
(18,'title',0,1,' logo wagner '),
(18,'title',0,2,' logo wagner '),
(19,'alt',0,1,''),
(19,'alt',0,2,''),
(19,'extension',0,1,' svg '),
(19,'extension',0,2,' svg '),
(19,'filename',0,1,' logo walker svg '),
(19,'filename',0,2,' logo walker svg '),
(19,'kind',0,1,' image '),
(19,'kind',0,2,' image '),
(19,'slug',0,1,''),
(19,'slug',0,2,''),
(19,'title',0,1,' logo walker '),
(19,'title',0,2,' logo walker '),
(20,'slug',0,1,' fel pro '),
(20,'slug',0,2,' fel pro '),
(20,'title',0,1,' fel pro '),
(20,'title',0,2,' fel pro '),
(21,'slug',0,1,' garage gurus '),
(21,'slug',0,2,' garage gurus '),
(21,'title',0,1,' garage gurus '),
(21,'title',0,2,' garage gurus '),
(22,'slug',0,1,' moog '),
(22,'slug',0,2,' moog '),
(22,'title',0,1,' moog '),
(22,'title',0,2,' moog '),
(23,'slug',0,1,' monroe '),
(23,'slug',0,2,' monroe '),
(23,'title',0,1,' monroe '),
(23,'title',0,2,' monroe '),
(24,'slug',0,1,' wagner '),
(24,'slug',0,2,' wagner '),
(24,'title',0,1,' wagner '),
(24,'title',0,2,' wagner '),
(25,'slug',0,1,' walker '),
(25,'slug',0,2,' walker '),
(25,'title',0,1,' walker '),
(25,'title',0,2,' walker '),
(31,'slug',0,2,' auto value and bumper to bumper name jeff weller the 2021 technician of the year '),
(31,'title',0,2,' auto value and bumper to bumper name jeff weller the 2021 technician of the year '),
(39,'slug',0,2,' auto value and bumper to bumper name 2020 technician of the year '),
(39,'title',0,2,' auto value and bumper to bumper name 2020 technician of the year '),
(61,'alt',0,1,''),
(61,'alt',0,2,''),
(61,'extension',0,1,' jpg '),
(61,'extension',0,2,' jpg '),
(61,'filename',0,1,' 20240709 181445620 ios jpg '),
(61,'filename',0,2,' 20240709 181445620 ios jpg '),
(61,'kind',0,1,' image '),
(61,'kind',0,2,' image '),
(61,'slug',0,1,''),
(61,'slug',0,2,''),
(61,'title',0,1,' 20240709 181445620 i os '),
(61,'title',0,2,' 20240709 181445620 i os '),
(62,'alt',0,1,''),
(62,'alt',0,2,''),
(62,'extension',0,1,' jpg '),
(62,'extension',0,2,' jpg '),
(62,'filename',0,1,' 20240709 181811710 ios jpg '),
(62,'filename',0,2,' 20240709 181811710 ios jpg '),
(62,'kind',0,1,' image '),
(62,'kind',0,2,' image '),
(62,'slug',0,1,''),
(62,'slug',0,2,''),
(62,'title',0,1,' 20240709 181811710 i os '),
(62,'title',0,2,' 20240709 181811710 i os '),
(63,'alt',0,1,''),
(63,'alt',0,2,''),
(63,'extension',0,1,' jpg '),
(63,'extension',0,2,' jpg '),
(63,'filename',0,1,' 20240709 181952120 ios jpg '),
(63,'filename',0,2,' 20240709 181952120 ios jpg '),
(63,'kind',0,1,' image '),
(63,'kind',0,2,' image '),
(63,'slug',0,1,''),
(63,'slug',0,2,''),
(63,'title',0,1,' 20240709 181952120 i os '),
(63,'title',0,2,' 20240709 181952120 i os '),
(64,'alt',0,1,''),
(64,'alt',0,2,''),
(64,'extension',0,1,' jpg '),
(64,'extension',0,2,' jpg '),
(64,'filename',0,1,' 20240709 183143050 ios jpg '),
(64,'filename',0,2,' 20240709 183143050 ios jpg '),
(64,'kind',0,1,' image '),
(64,'kind',0,2,' image '),
(64,'slug',0,1,''),
(64,'slug',0,2,''),
(64,'title',0,1,' 20240709 183143050 i os '),
(64,'title',0,2,' 20240709 183143050 i os '),
(65,'alt',0,1,''),
(65,'alt',0,2,''),
(65,'extension',0,1,' jpg '),
(65,'extension',0,2,' jpg '),
(65,'filename',0,1,' 20240709 183337410 ios jpg '),
(65,'filename',0,2,' 20240709 183337410 ios jpg '),
(65,'kind',0,1,' image '),
(65,'kind',0,2,' image '),
(65,'slug',0,1,''),
(65,'slug',0,2,''),
(65,'title',0,1,' 20240709 183337410 i os '),
(65,'title',0,2,' 20240709 183337410 i os '),
(66,'alt',0,1,''),
(66,'alt',0,2,''),
(66,'extension',0,1,' jpg '),
(66,'extension',0,2,' jpg '),
(66,'filename',0,1,' 20240709 191153800 ios jpg '),
(66,'filename',0,2,' 20240709 191153800 ios jpg '),
(66,'kind',0,1,' image '),
(66,'kind',0,2,' image '),
(66,'slug',0,1,''),
(66,'slug',0,2,''),
(66,'title',0,1,' 20240709 191153800 i os '),
(66,'title',0,2,' 20240709 191153800 i os '),
(67,'alt',0,1,''),
(67,'alt',0,2,''),
(67,'extension',0,1,' jpg '),
(67,'extension',0,2,' jpg '),
(67,'filename',0,1,' bumper2 jpg '),
(67,'filename',0,2,' bumper2 jpg '),
(67,'kind',0,1,' image '),
(67,'kind',0,2,' image '),
(67,'slug',0,1,''),
(67,'slug',0,2,''),
(67,'title',0,1,' bumper2 '),
(67,'title',0,2,' bumper2 '),
(68,'alt',0,1,''),
(68,'alt',0,2,''),
(68,'extension',0,1,' jpg '),
(68,'extension',0,2,' jpg '),
(68,'filename',0,1,' bumper6 jpg '),
(68,'filename',0,2,' bumper6 jpg '),
(68,'kind',0,1,' image '),
(68,'kind',0,2,' image '),
(68,'slug',0,1,''),
(68,'slug',0,2,''),
(68,'title',0,1,' bumper6 '),
(68,'title',0,2,' bumper6 '),
(69,'alt',0,1,''),
(69,'alt',0,2,''),
(69,'extension',0,1,' jpg '),
(69,'extension',0,2,' jpg '),
(69,'filename',0,1,' bumper69 jpg '),
(69,'filename',0,2,' bumper69 jpg '),
(69,'kind',0,1,' image '),
(69,'kind',0,2,' image '),
(69,'slug',0,1,''),
(69,'slug',0,2,''),
(69,'title',0,1,' bumper69 '),
(69,'title',0,2,' bumper69 '),
(70,'alt',0,1,''),
(70,'alt',0,2,''),
(70,'extension',0,1,' jpg '),
(70,'extension',0,2,' jpg '),
(70,'filename',0,1,' bumper79 jpg '),
(70,'filename',0,2,' bumper79 jpg '),
(70,'kind',0,1,' image '),
(70,'kind',0,2,' image '),
(70,'slug',0,1,''),
(70,'slug',0,2,''),
(70,'title',0,1,' bumper79 '),
(70,'title',0,2,' bumper79 '),
(71,'alt',0,1,''),
(71,'alt',0,2,''),
(71,'extension',0,1,' jpg '),
(71,'extension',0,2,' jpg '),
(71,'filename',0,1,' bumper120 jpg '),
(71,'filename',0,2,' bumper120 jpg '),
(71,'kind',0,1,' image '),
(71,'kind',0,2,' image '),
(71,'slug',0,1,''),
(71,'slug',0,2,''),
(71,'title',0,1,' bumper120 '),
(71,'title',0,2,' bumper120 '),
(72,'alt',0,1,''),
(72,'alt',0,2,''),
(72,'extension',0,1,' jpg '),
(72,'extension',0,2,' jpg '),
(72,'filename',0,1,' bumper122 jpg '),
(72,'filename',0,2,' bumper122 jpg '),
(72,'kind',0,1,' image '),
(72,'kind',0,2,' image '),
(72,'slug',0,1,''),
(72,'slug',0,2,''),
(72,'title',0,1,' bumper122 '),
(72,'title',0,2,' bumper122 '),
(73,'alt',0,1,''),
(73,'alt',0,2,''),
(73,'extension',0,1,' jpg '),
(73,'extension',0,2,' jpg '),
(73,'filename',0,1,' bumper125 jpg '),
(73,'filename',0,2,' bumper125 jpg '),
(73,'kind',0,1,' image '),
(73,'kind',0,2,' image '),
(73,'slug',0,1,''),
(73,'slug',0,2,''),
(73,'title',0,1,' bumper125 '),
(73,'title',0,2,' bumper125 '),
(74,'alt',0,1,''),
(74,'alt',0,2,''),
(74,'extension',0,1,' jpg '),
(74,'extension',0,2,' jpg '),
(74,'filename',0,1,' bumper130 jpg '),
(74,'filename',0,2,' bumper130 jpg '),
(74,'kind',0,1,' image '),
(74,'kind',0,2,' image '),
(74,'slug',0,1,''),
(74,'slug',0,2,''),
(74,'title',0,1,' bumper130 '),
(74,'title',0,2,' bumper130 '),
(75,'alt',0,1,''),
(75,'alt',0,2,''),
(75,'extension',0,1,' jpg '),
(75,'extension',0,2,' jpg '),
(75,'filename',0,1,' bumper176 jpg '),
(75,'filename',0,2,' bumper176 jpg '),
(75,'kind',0,1,' image '),
(75,'kind',0,2,' image '),
(75,'slug',0,1,''),
(75,'slug',0,2,''),
(75,'title',0,1,' bumper176 '),
(75,'title',0,2,' bumper176 '),
(76,'alt',0,1,''),
(76,'alt',0,2,''),
(76,'extension',0,1,' jpg '),
(76,'extension',0,2,' jpg '),
(76,'filename',0,1,' bumper189 jpg '),
(76,'filename',0,2,' bumper189 jpg '),
(76,'kind',0,1,' image '),
(76,'kind',0,2,' image '),
(76,'slug',0,1,''),
(76,'slug',0,2,''),
(76,'title',0,1,' bumper189 '),
(76,'title',0,2,' bumper189 '),
(77,'alt',0,1,''),
(77,'alt',0,2,''),
(77,'extension',0,1,' jpg '),
(77,'extension',0,2,' jpg '),
(77,'filename',0,1,' bumper191 jpg '),
(77,'filename',0,2,' bumper191 jpg '),
(77,'kind',0,1,' image '),
(77,'kind',0,2,' image '),
(77,'slug',0,1,''),
(77,'slug',0,2,''),
(77,'title',0,1,' bumper191 '),
(77,'title',0,2,' bumper191 '),
(78,'alt',0,1,''),
(78,'alt',0,2,''),
(78,'extension',0,1,' jpg '),
(78,'extension',0,2,' jpg '),
(78,'filename',0,1,' bumper211 jpg '),
(78,'filename',0,2,' bumper211 jpg '),
(78,'kind',0,1,' image '),
(78,'kind',0,2,' image '),
(78,'slug',0,1,''),
(78,'slug',0,2,''),
(78,'title',0,1,' bumper211 '),
(78,'title',0,2,' bumper211 '),
(79,'alt',0,1,''),
(79,'alt',0,2,''),
(79,'extension',0,1,' jpg '),
(79,'extension',0,2,' jpg '),
(79,'filename',0,1,' bumper220 jpg '),
(79,'filename',0,2,' bumper220 jpg '),
(79,'kind',0,1,' image '),
(79,'kind',0,2,' image '),
(79,'slug',0,1,''),
(79,'slug',0,2,''),
(79,'title',0,1,' bumper220 '),
(79,'title',0,2,' bumper220 '),
(80,'alt',0,1,''),
(80,'alt',0,2,''),
(80,'extension',0,1,' jpeg '),
(80,'extension',0,2,' jpeg '),
(80,'filename',0,1,' img 8384 jpeg '),
(80,'filename',0,2,' img 8384 jpeg '),
(80,'kind',0,1,' image '),
(80,'kind',0,2,' image '),
(80,'slug',0,1,''),
(80,'slug',0,2,''),
(80,'title',0,1,' img 8384 '),
(80,'title',0,2,' img 8384 '),
(81,'alt',0,1,''),
(81,'alt',0,2,''),
(81,'extension',0,1,' jpeg '),
(81,'extension',0,2,' jpeg '),
(81,'filename',0,1,' img 8390 jpeg '),
(81,'filename',0,2,' img 8390 jpeg '),
(81,'kind',0,1,' image '),
(81,'kind',0,2,' image '),
(81,'slug',0,1,''),
(81,'slug',0,2,''),
(81,'title',0,1,' img 8390 '),
(81,'title',0,2,' img 8390 '),
(82,'alt',0,1,''),
(82,'alt',0,2,''),
(82,'extension',0,1,' jpeg '),
(82,'extension',0,2,' jpeg '),
(82,'filename',0,1,' img 8393 jpeg '),
(82,'filename',0,2,' img 8393 jpeg '),
(82,'kind',0,1,' image '),
(82,'kind',0,2,' image '),
(82,'slug',0,1,''),
(82,'slug',0,2,''),
(82,'title',0,1,' img 8393 '),
(82,'title',0,2,' img 8393 '),
(83,'alt',0,1,''),
(83,'alt',0,2,''),
(83,'extension',0,1,' jpeg '),
(83,'extension',0,2,' jpeg '),
(83,'filename',0,1,' img 8395 jpeg '),
(83,'filename',0,2,' img 8395 jpeg '),
(83,'kind',0,1,' image '),
(83,'kind',0,2,' image '),
(83,'slug',0,1,''),
(83,'slug',0,2,''),
(83,'title',0,1,' img 8395 '),
(83,'title',0,2,' img 8395 '),
(84,'alt',0,1,''),
(84,'alt',0,2,''),
(84,'extension',0,1,' jpeg '),
(84,'extension',0,2,' jpeg '),
(84,'filename',0,1,' img 8399 jpeg '),
(84,'filename',0,2,' img 8399 jpeg '),
(84,'kind',0,1,' image '),
(84,'kind',0,2,' image '),
(84,'slug',0,1,''),
(84,'slug',0,2,''),
(84,'title',0,1,' img 8399 '),
(84,'title',0,2,' img 8399 '),
(85,'alt',0,1,''),
(85,'alt',0,2,''),
(85,'extension',0,1,' jpg '),
(85,'extension',0,2,' jpg '),
(85,'filename',0,1,' photo 10 07 23 17 49 28 jpg '),
(85,'filename',0,2,' photo 10 07 23 17 49 28 jpg '),
(85,'kind',0,1,' image '),
(85,'kind',0,2,' image '),
(85,'slug',0,1,''),
(85,'slug',0,2,''),
(85,'title',0,1,' photo 10 07 23 17 49 28 '),
(85,'title',0,2,' photo 10 07 23 17 49 28 '),
(86,'alt',0,1,''),
(86,'alt',0,2,''),
(86,'extension',0,1,' jpg '),
(86,'extension',0,2,' jpg '),
(86,'filename',0,1,' photo 10 07 23 21 41 26 jpg '),
(86,'filename',0,2,' photo 10 07 23 21 41 26 jpg '),
(86,'kind',0,1,' image '),
(86,'kind',0,2,' image '),
(86,'slug',0,1,''),
(86,'slug',0,2,''),
(86,'title',0,1,' photo 10 07 23 21 41 26 '),
(86,'title',0,2,' photo 10 07 23 21 41 26 '),
(87,'alt',0,1,''),
(87,'alt',0,2,''),
(87,'extension',0,1,' jpg '),
(87,'extension',0,2,' jpg '),
(87,'filename',0,1,' photo 11 07 23 9 15 28 jpg '),
(87,'filename',0,2,' photo 11 07 23 9 15 28 jpg '),
(87,'kind',0,1,' image '),
(87,'kind',0,2,' image '),
(87,'slug',0,1,''),
(87,'slug',0,2,''),
(87,'title',0,1,' photo 11 07 23 9 15 28 '),
(87,'title',0,2,' photo 11 07 23 9 15 28 '),
(88,'alt',0,1,''),
(88,'alt',0,2,''),
(88,'extension',0,1,' jpg '),
(88,'extension',0,2,' jpg '),
(88,'filename',0,1,' photo 11 07 23 10 34 37 jpg '),
(88,'filename',0,2,' photo 11 07 23 10 34 37 jpg '),
(88,'kind',0,1,' image '),
(88,'kind',0,2,' image '),
(88,'slug',0,1,''),
(88,'slug',0,2,''),
(88,'title',0,1,' photo 11 07 23 10 34 37 '),
(88,'title',0,2,' photo 11 07 23 10 34 37 '),
(89,'alt',0,1,''),
(89,'alt',0,2,''),
(89,'extension',0,1,' jpg '),
(89,'extension',0,2,' jpg '),
(89,'filename',0,1,' photo 11 07 23 10 46 17 jpg '),
(89,'filename',0,2,' photo 11 07 23 10 46 17 jpg '),
(89,'kind',0,1,' image '),
(89,'kind',0,2,' image '),
(89,'slug',0,1,''),
(89,'slug',0,2,''),
(89,'title',0,1,' photo 11 07 23 10 46 17 '),
(89,'title',0,2,' photo 11 07 23 10 46 17 '),
(90,'alt',0,1,''),
(90,'alt',0,2,''),
(90,'extension',0,1,' jpg '),
(90,'extension',0,2,' jpg '),
(90,'filename',0,1,' photo 11 07 23 11 29 13 jpg '),
(90,'filename',0,2,' photo 11 07 23 11 29 13 jpg '),
(90,'kind',0,1,' image '),
(90,'kind',0,2,' image '),
(90,'slug',0,1,''),
(90,'slug',0,2,''),
(90,'title',0,1,' photo 11 07 23 11 29 13 '),
(90,'title',0,2,' photo 11 07 23 11 29 13 '),
(91,'alt',0,1,''),
(91,'alt',0,2,''),
(91,'extension',0,1,' jpg '),
(91,'extension',0,2,' jpg '),
(91,'filename',0,1,' photo 11 07 23 11 29 28 jpg '),
(91,'filename',0,2,' photo 11 07 23 11 29 28 jpg '),
(91,'kind',0,1,' image '),
(91,'kind',0,2,' image '),
(91,'slug',0,1,''),
(91,'slug',0,2,''),
(91,'title',0,1,' photo 11 07 23 11 29 28 '),
(91,'title',0,2,' photo 11 07 23 11 29 28 '),
(92,'alt',0,1,''),
(92,'alt',0,2,''),
(92,'extension',0,1,' jpg '),
(92,'extension',0,2,' jpg '),
(92,'filename',0,1,' photo jul 10 2024 10 28 22 pm jpg '),
(92,'filename',0,2,' photo jul 10 2024 10 28 22 pm jpg '),
(92,'kind',0,1,' image '),
(92,'kind',0,2,' image '),
(92,'slug',0,1,''),
(92,'slug',0,2,''),
(92,'title',0,1,' photo jul 10 2024 10 28 22 pm '),
(92,'title',0,2,' photo jul 10 2024 10 28 22 pm '),
(93,'alt',0,1,''),
(93,'alt',0,2,''),
(93,'extension',0,1,' jpg '),
(93,'extension',0,2,' jpg '),
(93,'filename',0,1,' photo jul 11 2023 3 11 24 pm 1 jpg '),
(93,'filename',0,2,' photo jul 11 2023 3 11 24 pm 1 jpg '),
(93,'kind',0,1,' image '),
(93,'kind',0,2,' image '),
(93,'slug',0,1,''),
(93,'slug',0,2,''),
(93,'title',0,1,' photo jul 11 2023 3 11 24 pm 1 '),
(93,'title',0,2,' photo jul 11 2023 3 11 24 pm 1 '),
(94,'alt',0,1,''),
(94,'alt',0,2,''),
(94,'extension',0,1,' jpg '),
(94,'extension',0,2,' jpg '),
(94,'filename',0,1,' photo jul 12 2023 9 16 40 pm jpg '),
(94,'filename',0,2,' photo jul 12 2023 9 16 40 pm jpg '),
(94,'kind',0,1,' image '),
(94,'kind',0,2,' image '),
(94,'slug',0,1,''),
(94,'slug',0,2,''),
(94,'title',0,1,' photo jul 12 2023 9 16 40 pm '),
(94,'title',0,2,' photo jul 12 2023 9 16 40 pm '),
(102,'slug',0,2,' home '),
(102,'title',0,2,' technician of the year home ');
commit;

--
-- Dumping data for table `sections`
--

set autocommit=0;
INSERT INTO `sections` VALUES
(1,NULL,'Technician of the Year Winners','technicianOfTheYearWinners','single',1,1,'all','end','[{\"label\": \"Primary entry page\", \"refresh\": \"1\", \"urlFormat\": \"{url}\"}]','2024-05-13 14:27:05','2024-05-13 14:27:05',NULL,'49025173-23bf-4e27-ac2d-d883e2360e7d'),
(2,NULL,'TOTY-News','totyNews','channel',1,1,'all','end','[{\"label\": \"Primary entry page\", \"refresh\": \"1\", \"urlFormat\": \"{url}\"}]','2024-05-13 14:27:05','2024-05-13 14:27:05',NULL,'443bf834-ed35-4584-aacb-b6e821d638cf'),
(3,NULL,'Home','totyhome','single',1,1,'all','end','[{\"label\": \"Primary entry page\", \"refresh\": \"1\", \"urlFormat\": \"{url}\"}]','2024-05-13 14:27:05','2024-05-13 14:27:05',NULL,'95a1adc1-9754-4084-81e0-4b06b036aa65'),
(4,NULL,'Technician of the Year News','technicianOfTheYearNews','single',1,1,'all','end','[{\"label\": \"Primary entry page\", \"refresh\": \"1\", \"urlFormat\": \"{url}\"}]','2024-05-13 14:27:06','2024-05-13 14:27:06',NULL,'291b1495-43b4-4e8f-a840-a0185f71065d');
commit;

--
-- Dumping data for table `sections_entrytypes`
--

set autocommit=0;
INSERT INTO `sections_entrytypes` VALUES
(1,3,1),
(2,4,1),
(3,2,1),
(4,5,1);
commit;

--
-- Dumping data for table `sections_sites`
--

set autocommit=0;
INSERT INTO `sections_sites` VALUES
(1,1,2,1,'winners','_toty/_winners',1,'2024-05-13 14:27:05','2024-05-13 14:27:05','e075f6e1-ef12-4f8d-bad4-3c5cb4a7b5f5'),
(2,2,2,1,'news/{slug}','_toty/_newsArticle.twig',1,'2024-05-13 14:27:05','2024-05-13 14:27:05','223d4d72-e052-4a5f-8d0d-d2f229ba14cc'),
(3,3,2,1,'__home__','index',1,'2024-05-13 14:27:05','2024-05-13 14:27:05','37139985-7863-4172-bfb3-163c8309fb1b'),
(4,4,2,1,'news','_toty/_news.twig',1,'2024-05-13 14:27:06','2024-05-13 14:27:06','f43a0499-e5e4-495c-a853-4c7634a837bf');
commit;

--
-- Dumping data for table `sequences`
--

set autocommit=0;
commit;

--
-- Dumping data for table `shunnedmessages`
--

set autocommit=0;
commit;

--
-- Dumping data for table `sitegroups`
--

set autocommit=0;
INSERT INTO `sitegroups` VALUES
(1,'Alliance Group','2024-05-13 14:27:04','2024-05-13 14:27:04',NULL,'fe74c286-c747-44a7-80fd-5c0e0514bad5');
commit;

--
-- Dumping data for table `sites`
--

set autocommit=0;
INSERT INTO `sites` VALUES
(1,1,0,'1','Test','test','en-US',1,'https://test.alliance.site',2,'2024-05-13 14:27:04','2024-05-13 14:27:04',NULL,'b5b3e019-569e-4193-8e86-a2611d84816a'),
(2,1,1,'1','Technician of the Year','default','en-US',1,'https://www.technicianoftheyear.com',1,'2024-05-13 14:27:04','2025-04-04 21:47:20',NULL,'73134061-c1fd-408b-b8f6-0e2f3a7980ac');
commit;

--
-- Dumping data for table `sso_identities`
--

set autocommit=0;
commit;

--
-- Dumping data for table `structureelements`
--

set autocommit=0;
commit;

--
-- Dumping data for table `structures`
--

set autocommit=0;
INSERT INTO `structures` VALUES
(1,NULL,'2024-05-13 14:27:05','2024-05-13 14:27:05',NULL,'52b1e531-86c3-4cae-8ee4-1478f80437ed'),
(2,NULL,'2024-05-13 14:27:05','2024-05-13 14:27:05',NULL,'5ad5ad6d-8126-4864-905e-3c415d7ebf9f');
commit;

--
-- Dumping data for table `systemmessages`
--

set autocommit=0;
commit;

--
-- Dumping data for table `taggroups`
--

set autocommit=0;
commit;

--
-- Dumping data for table `tags`
--

set autocommit=0;
commit;

--
-- Dumping data for table `tokens`
--

set autocommit=0;
commit;

--
-- Dumping data for table `usergroups`
--

set autocommit=0;
commit;

--
-- Dumping data for table `usergroups_users`
--

set autocommit=0;
commit;

--
-- Dumping data for table `userpermissions`
--

set autocommit=0;
commit;

--
-- Dumping data for table `userpermissions_usergroups`
--

set autocommit=0;
commit;

--
-- Dumping data for table `userpermissions_users`
--

set autocommit=0;
commit;

--
-- Dumping data for table `userpreferences`
--

set autocommit=0;
INSERT INTO `userpreferences` VALUES
(9,'{\"language\": \"en-US\"}');
commit;
set autocommit=0;
commit;

--
-- Dumping data for table `volumefolders`
--

set autocommit=0;
INSERT INTO `volumefolders` VALUES
(1,NULL,1,'Company Logos',NULL,'2024-05-13 14:27:05','2024-05-13 14:27:05','159a3277-f4b0-44c5-9357-72f048522fba'),
(2,NULL,NULL,'Temporary Uploads',NULL,'2024-05-13 14:27:28','2024-05-13 14:27:28','e67faf69-ca31-49fc-9806-42917a20a66a'),
(4,NULL,2,'Event Images','','2025-03-14 16:23:36','2025-03-14 16:23:36','1982c175-a766-4266-bdcb-0533bcc3dba5'),
(5,2,NULL,'user_9','user_9/','2025-04-04 22:01:24','2025-04-04 22:01:24','54a22fff-e691-4cad-b6d1-4453778ba997');
commit;

--
-- Dumping data for table `volumes`
--

set autocommit=0;
INSERT INTO `volumes` VALUES
(1,9,'Company Logos','companyLogos','toty','logos','toty','/logos-transformed','site',NULL,'none',NULL,1,'2024-05-13 14:27:05','2024-05-13 14:27:05',NULL,'6a4f30dc-6d98-4a51-abbb-2d34ce013074'),
(2,10,'Event Images','eventImages','toty','eventimages','','','site',NULL,'none',NULL,2,'2025-03-14 16:23:36','2025-03-14 16:23:36',NULL,'aff98301-f901-451b-9ae8-e947b8486f72');
commit;

--
-- Dumping data for table `webauthn`
--

set autocommit=0;
commit;

--
-- Dumping data for table `widgets`
--

set autocommit=0;
INSERT INTO `widgets` VALUES
(1,9,'craft\\widgets\\RecentEntries',1,NULL,'{\"limit\": 10, \"siteId\": 2, \"section\": \"*\"}',1,'2024-05-13 14:27:08','2024-05-13 14:27:08','0d1b5a39-3ae3-4d0f-8534-2db71ff42739'),
(2,9,'craft\\widgets\\CraftSupport',2,NULL,'[]',1,'2024-05-13 14:27:08','2024-05-13 14:27:08','f4d2fb4e-a0ac-44de-818b-638863671032'),
(3,9,'craft\\widgets\\Updates',3,NULL,'[]',1,'2024-05-13 14:27:08','2024-05-13 14:27:08','8cd8547a-9325-4b89-b088-988defe642be'),
(4,9,'craft\\widgets\\Feed',4,NULL,'{\"url\": \"https://craftcms.com/news.rss\", \"limit\": 5, \"title\": \"Craft News\"}',1,'2024-05-13 14:27:08','2024-05-13 14:27:08','c6ef9b76-7ef5-4725-95b2-2b3ccc982790');
commit;

--
-- Dumping routines for database 'alliance'
--


